[Sun Jan 28 14:48:33.358304 2024] [cgi:error] [pid 4964:tid 972] [client 103.241.128.221:33104] AH02811: script not found or unable to stat: C:/Apache24/cgi-bin/mt-xmlrpc.cgi
[Sun Jan 28 14:48:43.387827 2024] [cgi:error] [pid 4964:tid 972] [client 103.241.128.221:34462] AH02811: script not found or unable to stat: C:/Apache24/cgi-bin/mt-xmlrpc.cgi
[Sun Jan 28 14:48:53.430398 2024] [cgi:error] [pid 4964:tid 972] [client 103.241.128.221:36318] AH02811: script not found or unable to stat: C:/Apache24/cgi-bin/mt-xmlrpc.cgi
[Sun Jan 28 14:49:03.471958 2024] [cgi:error] [pid 4964:tid 972] [client 103.241.128.221:38084] AH02811: script not found or unable to stat: C:/Apache24/cgi-bin/mt-xmlrpc.cgi
[Sun Jan 28 14:49:13.514519 2024] [cgi:error] [pid 4964:tid 972] [client 103.241.128.221:40136] AH02811: script not found or unable to stat: C:/Apache24/cgi-bin/mt-xmlrpc.cgi
[Sun Jan 28 14:49:23.560075 2024] [cgi:error] [pid 4964:tid 848] [client 103.241.128.221:41864] AH02811: script not found or unable to stat: C:/Apache24/cgi-bin/index2.php
[Sun Jan 28 14:49:53.657727 2024] [cgi:error] [pid 4964:tid 972] [client 103.241.128.221:47228] AH02811: script not found or unable to stat: C:/Apache24/cgi-bin/index2.php.cgi
[Sun Jan 28 14:50:03.688305 2024] [cgi:error] [pid 4964:tid 972] [client 103.241.128.221:49154] AH02809: Options ExecCGI is off in this directory: C:/Apache24/index2.php.cgi
[Sun Jan 28 14:50:13.719838 2024] [core:error] [pid 4964:tid 972] [client 103.241.128.221:50840] AH00126: Invalid URI in request POST /../cgi-bin/mt-xmlrpc.cgi HTTP/1.1
[Sun Jan 28 14:50:23.752399 2024] [core:error] [pid 4964:tid 848] [client 103.241.128.221:52580] AH00126: Invalid URI in request POST /../cgi-bin/mt-xmlrpc.cgi HTTP/1.1
[Sun Jan 28 14:50:33.782918 2024] [core:error] [pid 4964:tid 972] [client 103.241.128.221:54430] AH00126: Invalid URI in request POST /../cgi-bin/mt-xmlrpc.cgi HTTP/1.1
[Sun Jan 28 14:50:43.816544 2024] [core:error] [pid 4964:tid 972] [client 103.241.128.221:56150] AH00126: Invalid URI in request POST /../cgi-bin/mt-xmlrpc.cgi HTTP/1.1
[Sun Jan 28 14:50:53.847072 2024] [core:error] [pid 4964:tid 848] [client 103.241.128.221:57820] AH00126: Invalid URI in request POST /../cgi-bin/mt-xmlrpc.cgi HTTP/1.1
[Sun Jan 28 14:51:03.875623 2024] [core:error] [pid 4964:tid 848] [client 103.241.128.221:59478] AH00126: Invalid URI in request POST /../cgi-bin/mt-xmlrpc.cgi HTTP/1.1
[Sun Jan 28 14:51:13.906161 2024] [core:error] [pid 4964:tid 848] [client 103.241.128.221:32788] AH00126: Invalid URI in request POST /../cgi-bin/mt-xmlrpc.cgi HTTP/1.1
[Sun Jan 28 14:51:23.935752 2024] [core:error] [pid 4964:tid 972] [client 103.241.128.221:34336] AH00126: Invalid URI in request GET /../cgi-bin/index2.php?info HTTP/1.1
[Sun Jan 28 14:51:33.967313 2024] [core:error] [pid 4964:tid 972] [client 103.241.128.221:36282] AH00126: Invalid URI in request GET /../cgi-bin../../index2.php?info HTTP/1.1
[Sun Jan 28 14:51:54.027462 2024] [core:error] [pid 4964:tid 972] [client 103.241.128.221:40264] AH00126: Invalid URI in request GET /../cgi-bin/index2.php.cgi?info HTTP/1.1
[Sun Jan 28 14:52:04.060008 2024] [core:error] [pid 4964:tid 828] [client 103.241.128.221:42648] AH00126: Invalid URI in request GET /../cgi-bin../../index2.php.cgi?info HTTP/1.1
[Sun Jan 28 14:52:14.089535 2024] [core:error] [pid 4964:tid 828] [client 103.241.128.221:45126] AH00126: Invalid URI in request POST /../../cgi-bin/mt-xmlrpc.cgi HTTP/1.1
[Sun Jan 28 14:52:24.121129 2024] [core:error] [pid 4964:tid 828] [client 103.241.128.221:48176] AH00126: Invalid URI in request POST /../../cgi-bin/mt-xmlrpc.cgi HTTP/1.1
[Sun Jan 28 14:52:34.153665 2024] [core:error] [pid 4964:tid 972] [client 103.241.128.221:50242] AH00126: Invalid URI in request POST /../../cgi-bin/mt-xmlrpc.cgi HTTP/1.1
[Sun Jan 28 14:52:44.185223 2024] [core:error] [pid 4964:tid 972] [client 103.241.128.221:51682] AH00126: Invalid URI in request POST /../../cgi-bin/mt-xmlrpc.cgi HTTP/1.1
[Sun Jan 28 14:52:54.216785 2024] [core:error] [pid 4964:tid 828] [client 103.241.128.221:53232] AH00126: Invalid URI in request POST /../../cgi-bin/mt-xmlrpc.cgi HTTP/1.1
[Sun Jan 28 14:53:04.244336 2024] [core:error] [pid 4964:tid 972] [client 103.241.128.221:54944] AH00126: Invalid URI in request POST /../../cgi-bin/mt-xmlrpc.cgi HTTP/1.1
[Sun Jan 28 14:53:14.275921 2024] [core:error] [pid 4964:tid 972] [client 103.241.128.221:57220] AH00126: Invalid URI in request POST /../../cgi-bin/mt-xmlrpc.cgi HTTP/1.1
[Sun Jan 28 14:53:24.307454 2024] [core:error] [pid 4964:tid 828] [client 103.241.128.221:59176] AH00126: Invalid URI in request GET /../../cgi-bin/index2.php?info HTTP/1.1
[Sun Jan 28 14:53:34.338040 2024] [core:error] [pid 4964:tid 972] [client 103.241.128.221:33124] AH00126: Invalid URI in request GET /../../cgi-bin../../index2.php?info HTTP/1.1
[Sun Jan 28 14:53:54.404134 2024] [core:error] [pid 4964:tid 972] [client 103.241.128.221:36450] AH00126: Invalid URI in request GET /../../cgi-bin/index2.php.cgi?info HTTP/1.1
[Sun Jan 28 14:54:04.435693 2024] [core:error] [pid 4964:tid 972] [client 103.241.128.221:38406] AH00126: Invalid URI in request GET /../../cgi-bin../../index2.php.cgi?info HTTP/1.1
[Sun Jan 28 14:54:14.467256 2024] [cgi:error] [pid 4964:tid 972] [client 103.241.128.221:40092] AH02811: script not found or unable to stat: C:/Apache24/cgi-bin/mt
[Sun Jan 28 14:54:24.497800 2024] [cgi:error] [pid 4964:tid 972] [client 103.241.128.221:42020] AH02811: script not found or unable to stat: C:/Apache24/cgi-bin/mt
[Sun Jan 28 14:54:34.527366 2024] [cgi:error] [pid 4964:tid 972] [client 103.241.128.221:43604] AH02811: script not found or unable to stat: C:/Apache24/cgi-bin/mt
[Sun Jan 28 14:54:44.559926 2024] [cgi:error] [pid 4964:tid 972] [client 103.241.128.221:45584] AH02811: script not found or unable to stat: C:/Apache24/cgi-bin/mt
[Sun Jan 28 14:54:54.604453 2024] [cgi:error] [pid 4964:tid 972] [client 103.241.128.221:47098] AH02811: script not found or unable to stat: C:/Apache24/cgi-bin/mt
[Sun Jan 28 14:55:04.649040 2024] [cgi:error] [pid 4964:tid 972] [client 103.241.128.221:49338] AH02811: script not found or unable to stat: C:/Apache24/cgi-bin/mt
[Sun Jan 28 14:55:14.694573 2024] [cgi:error] [pid 4964:tid 972] [client 103.241.128.221:51310] AH02811: script not found or unable to stat: C:/Apache24/cgi-bin/mt
[Sun Jan 28 14:55:24.740132 2024] [cgi:error] [pid 4964:tid 972] [client 103.241.128.221:52550] AH02811: script not found or unable to stat: C:/Apache24/cgi-bin/mt
[Sun Jan 28 14:55:34.771690 2024] [cgi:error] [pid 4964:tid 972] [client 103.241.128.221:54036] AH02811: script not found or unable to stat: C:/Apache24/cgi-bin/index2.php
[Sun Jan 28 14:55:54.834806 2024] [cgi:error] [pid 4964:tid 848] [client 103.241.128.221:58236] AH02811: script not found or unable to stat: C:/Apache24/cgi-bin/mt
[Sun Jan 28 14:56:04.867371 2024] [cgi:error] [pid 4964:tid 848] [client 103.241.128.221:59762] AH02811: script not found or unable to stat: C:/Apache24/cgi-bin/index2.php.cgi
[Sun Jan 28 14:56:14.950934 2024] [cgi:error] [pid 4964:tid 848] [client 103.241.128.221:33622] AH02811: script not found or unable to stat: C:/Apache24/cgi-bin/mt-xmlrpc.cgi
[Sun Jan 28 14:56:24.983481 2024] [cgi:error] [pid 4964:tid 972] [client 103.241.128.221:35778] AH02811: script not found or unable to stat: C:/Apache24/cgi-bin/mt-xmlrpc.cgi
[Sun Jan 28 14:56:35.015040 2024] [cgi:error] [pid 4964:tid 972] [client 103.241.128.221:37684] AH02811: script not found or unable to stat: C:/Apache24/cgi-bin/mt-xmlrpc.cgi
[Sun Jan 28 14:56:45.044579 2024] [cgi:error] [pid 4964:tid 972] [client 103.241.128.221:39314] AH02811: script not found or unable to stat: C:/Apache24/cgi-bin/mt-xmlrpc.cgi
[Sun Jan 28 14:56:55.086146 2024] [cgi:error] [pid 4964:tid 848] [client 103.241.128.221:41478] AH02811: script not found or unable to stat: C:/Apache24/cgi-bin/mt-xmlrpc.cgi
[Sun Jan 28 14:57:05.131365 2024] [cgi:error] [pid 4964:tid 848] [client 103.241.128.221:43352] AH02811: script not found or unable to stat: C:/Apache24/cgi-bin/mt-xmlrpc.cgi
[Sun Jan 28 14:57:15.176957 2024] [cgi:error] [pid 4964:tid 848] [client 103.241.128.221:45408] AH02811: script not found or unable to stat: C:/Apache24/cgi-bin/mt-xmlrpc.cgi
[Sun Jan 28 14:57:25.225522 2024] [cgi:error] [pid 4964:tid 972] [client 103.241.128.221:46820] AH02811: script not found or unable to stat: C:/Apache24/cgi-bin/index2.php
[Sun Jan 28 14:57:55.317164 2024] [cgi:error] [pid 4964:tid 972] [client 103.241.128.221:52554] AH02811: script not found or unable to stat: C:/Apache24/cgi-bin/index2.php.cgi
[Sun Jan 28 14:58:05.348768 2024] [cgi:error] [pid 4964:tid 972] [client 103.241.128.221:54778] AH02809: Options ExecCGI is off in this directory: C:/Apache24/index2.php.cgi
[Sun Jan 28 14:58:15.378327 2024] [core:error] [pid 4964:tid 972] [client 103.241.128.221:56510] AH00126: Invalid URI in request POST /../../../cgi-bin/mt-xmlrpc.cgi HTTP/1.1
[Sun Jan 28 14:58:25.407891 2024] [core:error] [pid 4964:tid 848] [client 103.241.128.221:57860] AH00126: Invalid URI in request POST /../../../cgi-bin/mt-xmlrpc.cgi HTTP/1.1
[Sun Jan 28 14:58:35.437456 2024] [core:error] [pid 4964:tid 972] [client 103.241.128.221:59414] AH00126: Invalid URI in request POST /../../../cgi-bin/mt-xmlrpc.cgi HTTP/1.1
[Sun Jan 28 14:58:45.469013 2024] [core:error] [pid 4964:tid 972] [client 103.241.128.221:32790] AH00126: Invalid URI in request POST /../../../cgi-bin/mt-xmlrpc.cgi HTTP/1.1
[Sun Jan 28 14:58:55.502607 2024] [core:error] [pid 4964:tid 848] [client 103.241.128.221:34876] AH00126: Invalid URI in request POST /../../../cgi-bin/mt-xmlrpc.cgi HTTP/1.1
[Sun Jan 28 14:59:05.534086 2024] [core:error] [pid 4964:tid 848] [client 103.241.128.221:36428] AH00126: Invalid URI in request POST /../../../cgi-bin/mt-xmlrpc.cgi HTTP/1.1
[Sun Jan 28 14:59:15.561694 2024] [core:error] [pid 4964:tid 848] [client 103.241.128.221:37884] AH00126: Invalid URI in request POST /../../../cgi-bin/mt-xmlrpc.cgi HTTP/1.1
[Sun Jan 28 14:59:25.588284 2024] [core:error] [pid 4964:tid 848] [client 103.241.128.221:39562] AH00126: Invalid URI in request GET /../../../cgi-bin/index2.php?info HTTP/1.1
[Sun Jan 28 14:59:35.619815 2024] [core:error] [pid 4964:tid 972] [client 103.241.128.221:41070] AH00126: Invalid URI in request GET /../../../cgi-bin../../index2.php?info HTTP/1.1
[Sun Jan 28 14:59:55.680908 2024] [core:error] [pid 4964:tid 972] [client 103.241.128.221:44934] AH00126: Invalid URI in request GET /../../../cgi-bin/index2.php.cgi?info HTTP/1.1
[Sun Jan 28 15:00:05.710473 2024] [core:error] [pid 4964:tid 972] [client 103.241.128.221:46544] AH00126: Invalid URI in request GET /../../../cgi-bin../../index2.php.cgi?info HTTP/1.1
[Sun Jan 28 15:04:06.574937 2024] [cgi:error] [pid 4964:tid 972] [client 103.241.128.221:36886] AH02809: Options ExecCGI is off in this directory: C:/Apache24/logs/index2.php.cgi
[Sun Jan 28 15:04:16.606508 2024] [cgi:error] [pid 4964:tid 972] [client 103.241.128.221:39580] AH02811: script not found or unable to stat: C:/Apache24/cgi-bin/mt
[Sun Jan 28 15:04:26.638060 2024] [cgi:error] [pid 4964:tid 972] [client 103.241.128.221:41928] AH02811: script not found or unable to stat: C:/Apache24/cgi-bin/mt
[Sun Jan 28 15:04:36.670628 2024] [cgi:error] [pid 4964:tid 972] [client 103.241.128.221:43424] AH02811: script not found or unable to stat: C:/Apache24/cgi-bin/mt
[Sun Jan 28 15:04:46.698155 2024] [cgi:error] [pid 4964:tid 972] [client 103.241.128.221:45456] AH02811: script not found or unable to stat: C:/Apache24/cgi-bin/mt
[Sun Jan 28 15:04:56.740701 2024] [cgi:error] [pid 4964:tid 972] [client 103.241.128.221:47262] AH02811: script not found or unable to stat: C:/Apache24/cgi-bin/mt
[Sun Jan 28 15:05:06.786283 2024] [cgi:error] [pid 4964:tid 972] [client 103.241.128.221:49428] AH02811: script not found or unable to stat: C:/Apache24/cgi-bin/mt
[Sun Jan 28 15:05:16.828797 2024] [cgi:error] [pid 4964:tid 972] [client 103.241.128.221:51826] AH02811: script not found or unable to stat: C:/Apache24/cgi-bin/mt
[Sun Jan 28 15:05:26.870399 2024] [cgi:error] [pid 4964:tid 848] [client 103.241.128.221:53818] AH02811: script not found or unable to stat: C:/Apache24/cgi-bin/mt
[Sun Jan 28 15:05:36.897959 2024] [cgi:error] [pid 4964:tid 848] [client 103.241.128.221:55692] AH02811: script not found or unable to stat: C:/Apache24/cgi-bin/index2.php
[Sun Jan 28 15:05:56.944082 2024] [cgi:error] [pid 4964:tid 848] [client 103.241.128.221:59484] AH02811: script not found or unable to stat: C:/Apache24/cgi-bin/mt
[Sun Jan 28 15:06:06.974647 2024] [cgi:error] [pid 4964:tid 848] [client 103.241.128.221:33010] AH02811: script not found or unable to stat: C:/Apache24/cgi-bin/index2.php.cgi
[Sun Jan 28 15:06:17.056206 2024] [core:error] [pid 4964:tid 848] [client 103.241.128.221:35126] AH00126: Invalid URI in request POST /logs/../../cgi-bin/mt/mt-xmlrpc.cgi HTTP/1.1
[Sun Jan 28 15:06:27.085764 2024] [core:error] [pid 4964:tid 848] [client 103.241.128.221:36638] AH00126: Invalid URI in request POST /logs/../../cgi-bin/mt/mt-xmlrpc.cgi HTTP/1.1
[Sun Jan 28 15:06:37.118324 2024] [core:error] [pid 4964:tid 848] [client 103.241.128.221:38154] AH00126: Invalid URI in request POST /logs/../../cgi-bin/mt/mt-xmlrpc.cgi HTTP/1.1
[Sun Jan 28 15:06:47.148893 2024] [core:error] [pid 4964:tid 848] [client 103.241.128.221:39692] AH00126: Invalid URI in request POST /logs/../../cgi-bin/mt/mt-xmlrpc.cgi HTTP/1.1
[Sun Jan 28 15:06:57.179444 2024] [core:error] [pid 4964:tid 972] [client 103.241.128.221:41168] AH00126: Invalid URI in request POST /logs/../../cgi-bin/mt/mt-xmlrpc.cgi HTTP/1.1
[Sun Jan 28 15:07:07.212015 2024] [core:error] [pid 4964:tid 972] [client 103.241.128.221:43208] AH00126: Invalid URI in request POST /logs/../../cgi-bin/mt/mt-xmlrpc.cgi HTTP/1.1
[Sun Jan 28 15:07:17.245545 2024] [core:error] [pid 4964:tid 972] [client 103.241.128.221:46686] AH00126: Invalid URI in request POST /logs/../../cgi-bin/mt/mt-xmlrpc.cgi HTTP/1.1
[Sun Jan 28 15:07:27.274172 2024] [core:error] [pid 4964:tid 972] [client 103.241.128.221:48080] AH00126: Invalid URI in request GET /logs/../../cgi-bin/mt/index2.php?info HTTP/1.1
[Sun Jan 28 15:07:37.306692 2024] [core:error] [pid 4964:tid 972] [client 103.241.128.221:49660] AH00126: Invalid URI in request GET /logs/../../cgi-bin/mt../../index2.php?info HTTP/1.1
[Sun Jan 28 15:07:57.365787 2024] [core:error] [pid 4964:tid 972] [client 103.241.128.221:53486] AH00126: Invalid URI in request GET /logs/../../cgi-bin/mt/index2.php.cgi?info HTTP/1.1
[Sun Jan 28 15:08:07.395380 2024] [core:error] [pid 4964:tid 972] [client 103.241.128.221:55620] AH00126: Invalid URI in request GET /logs/../../cgi-bin/mt../../index2.php.cgi?info HTTP/1.1
[Sun Jan 28 15:08:17.428939 2024] [cgi:error] [pid 4964:tid 972] [client 103.241.128.221:57734] AH02809: Options ExecCGI is off in this directory: C:/Apache24/logs/mt-xmlrpc.cgi
[Sun Jan 28 15:08:27.457450 2024] [cgi:error] [pid 4964:tid 972] [client 103.241.128.221:59930] AH02809: Options ExecCGI is off in this directory: C:/Apache24/logs/mt-xmlrpc.cgi
[Sun Jan 28 15:08:37.487061 2024] [cgi:error] [pid 4964:tid 972] [client 103.241.128.221:34396] AH02809: Options ExecCGI is off in this directory: C:/Apache24/logs/mt-xmlrpc.cgi
[Sun Jan 28 15:08:47.516588 2024] [cgi:error] [pid 4964:tid 972] [client 103.241.128.221:36166] AH02809: Options ExecCGI is off in this directory: C:/Apache24/logs/mt-xmlrpc.cgi
[Sun Jan 28 15:08:57.560106 2024] [cgi:error] [pid 4964:tid 972] [client 103.241.128.221:37804] AH02809: Options ExecCGI is off in this directory: C:/Apache24/logs/mt-xmlrpc.cgi
[Sun Jan 28 15:09:07.606629 2024] [cgi:error] [pid 4964:tid 972] [client 103.241.128.221:39492] AH02809: Options ExecCGI is off in this directory: C:/Apache24/logs/mt-xmlrpc.cgi
[Sun Jan 28 15:09:17.654146 2024] [cgi:error] [pid 4964:tid 972] [client 103.241.128.221:41960] AH02809: Options ExecCGI is off in this directory: C:/Apache24/logs/mt-xmlrpc.cgi
[Sun Jan 28 15:09:37.727170 2024] [core:error] [pid 4964:tid 972] [client 103.241.128.221:45478] AH00126: Invalid URI in request GET /logs/../../index2.php?info HTTP/1.1
[Sun Jan 28 15:09:57.792201 2024] [cgi:error] [pid 4964:tid 848] [client 103.241.128.221:49154] AH02809: Options ExecCGI is off in this directory: C:/Apache24/logs/index2.php.cgi
[Sun Jan 28 15:10:07.822715 2024] [core:error] [pid 4964:tid 848] [client 103.241.128.221:50946] AH00126: Invalid URI in request GET /logs/../../index2.php.cgi?info HTTP/1.1
[Sun Jan 28 15:10:17.855234 2024] [core:error] [pid 4964:tid 848] [client 103.241.128.221:52696] AH00126: Invalid URI in request POST /logs/../../../cgi-bin/mt-xmlrpc.cgi HTTP/1.1
[Sun Jan 28 15:10:27.888756 2024] [core:error] [pid 4964:tid 848] [client 103.241.128.221:54424] AH00126: Invalid URI in request POST /logs/../../../cgi-bin/mt-xmlrpc.cgi HTTP/1.1
[Sun Jan 28 15:10:37.922298 2024] [core:error] [pid 4964:tid 848] [client 103.241.128.221:56598] AH00126: Invalid URI in request POST /logs/../../../cgi-bin/mt-xmlrpc.cgi HTTP/1.1
[Sun Jan 28 15:10:47.952799 2024] [core:error] [pid 4964:tid 848] [client 103.241.128.221:59238] AH00126: Invalid URI in request POST /logs/../../../cgi-bin/mt-xmlrpc.cgi HTTP/1.1
[Sun Jan 28 15:10:57.985305 2024] [core:error] [pid 4964:tid 972] [client 103.241.128.221:60988] AH00126: Invalid URI in request POST /logs/../../../cgi-bin/mt-xmlrpc.cgi HTTP/1.1
[Sun Jan 28 15:11:08.016847 2024] [core:error] [pid 4964:tid 972] [client 103.241.128.221:34562] AH00126: Invalid URI in request POST /logs/../../../cgi-bin/mt-xmlrpc.cgi HTTP/1.1
[Sun Jan 28 15:11:18.044377 2024] [core:error] [pid 4964:tid 972] [client 103.241.128.221:36728] AH00126: Invalid URI in request POST /logs/../../../cgi-bin/mt-xmlrpc.cgi HTTP/1.1
[Sun Jan 28 15:11:28.074828 2024] [core:error] [pid 4964:tid 848] [client 103.241.128.221:38692] AH00126: Invalid URI in request GET /logs/../../../cgi-bin/index2.php?info HTTP/1.1
[Sun Jan 28 15:11:38.106396 2024] [core:error] [pid 4964:tid 848] [client 103.241.128.221:40310] AH00126: Invalid URI in request GET /logs/../../../cgi-bin../../index2.php?info HTTP/1.1
[Sun Jan 28 15:11:58.172462 2024] [core:error] [pid 4964:tid 972] [client 103.241.128.221:44126] AH00126: Invalid URI in request GET /logs/../../../cgi-bin/index2.php.cgi?info HTTP/1.1
[Sun Jan 28 15:12:08.201974 2024] [core:error] [pid 4964:tid 972] [client 103.241.128.221:45888] AH00126: Invalid URI in request GET /logs/../../../cgi-bin../../index2.php.cgi?info HTTP/1.1
[Sun Jan 28 15:14:08.658189 2024] [cgi:error] [pid 4964:tid 848] [client 103.241.128.221:40356] AH02809: Options ExecCGI is off in this directory: C:/Apache24/logs/index2.php.cgi
[Sun Jan 28 15:14:18.691658 2024] [cgi:error] [pid 4964:tid 848] [client 103.241.128.221:41730] AH02811: script not found or unable to stat: C:/Apache24/cgi-bin/mt-xmlrpc.cgi
[Sun Jan 28 15:14:28.723226 2024] [cgi:error] [pid 4964:tid 848] [client 103.241.128.221:44012] AH02811: script not found or unable to stat: C:/Apache24/cgi-bin/mt-xmlrpc.cgi
[Sun Jan 28 15:14:38.753697 2024] [cgi:error] [pid 4964:tid 848] [client 103.241.128.221:45818] AH02811: script not found or unable to stat: C:/Apache24/cgi-bin/mt-xmlrpc.cgi
[Sun Jan 28 15:14:48.784236 2024] [cgi:error] [pid 4964:tid 972] [client 103.241.128.221:47300] AH02811: script not found or unable to stat: C:/Apache24/cgi-bin/mt-xmlrpc.cgi
[Sun Jan 28 15:14:58.829731 2024] [cgi:error] [pid 4964:tid 848] [client 103.241.128.221:49266] AH02811: script not found or unable to stat: C:/Apache24/cgi-bin/mt-xmlrpc.cgi
[Sun Jan 28 15:15:08.873271 2024] [cgi:error] [pid 4964:tid 848] [client 103.241.128.221:50986] AH02811: script not found or unable to stat: C:/Apache24/cgi-bin/mt-xmlrpc.cgi
[Sun Jan 28 15:15:18.917797 2024] [cgi:error] [pid 4964:tid 972] [client 103.241.128.221:52998] AH02811: script not found or unable to stat: C:/Apache24/cgi-bin/mt-xmlrpc.cgi
[Sun Jan 28 15:15:28.961340 2024] [cgi:error] [pid 4964:tid 972] [client 103.241.128.221:54674] AH02811: script not found or unable to stat: C:/Apache24/cgi-bin/index2.php
[Sun Jan 28 15:15:59.051827 2024] [cgi:error] [pid 4964:tid 972] [client 103.241.128.221:59238] AH02811: script not found or unable to stat: C:/Apache24/cgi-bin/index2.php.cgi
[Sun Jan 28 15:16:09.085391 2024] [cgi:error] [pid 4964:tid 972] [client 103.241.128.221:32852] AH02809: Options ExecCGI is off in this directory: C:/Apache24/index2.php.cgi
[Sun Jan 28 15:16:19.162909 2024] [core:error] [pid 4964:tid 848] [client 103.241.128.221:34716] AH00126: Invalid URI in request POST /logs/../../cgi-bin/mt-xmlrpc.cgi HTTP/1.1
[Sun Jan 28 15:16:29.193451 2024] [core:error] [pid 4964:tid 972] [client 103.241.128.221:36810] AH00126: Invalid URI in request POST /logs/../../cgi-bin/mt-xmlrpc.cgi HTTP/1.1
[Sun Jan 28 15:16:39.223003 2024] [core:error] [pid 4964:tid 972] [client 103.241.128.221:39042] AH00126: Invalid URI in request POST /logs/../../cgi-bin/mt-xmlrpc.cgi HTTP/1.1
[Sun Jan 28 15:16:49.255530 2024] [core:error] [pid 4964:tid 848] [client 103.241.128.221:40954] AH00126: Invalid URI in request POST /logs/../../cgi-bin/mt-xmlrpc.cgi HTTP/1.1
[Sun Jan 28 15:16:59.288118 2024] [core:error] [pid 4964:tid 972] [client 103.241.128.221:42956] AH00126: Invalid URI in request POST /logs/../../cgi-bin/mt-xmlrpc.cgi HTTP/1.1
[Sun Jan 28 15:17:09.320698 2024] [core:error] [pid 4964:tid 972] [client 103.241.128.221:44288] AH00126: Invalid URI in request POST /logs/../../cgi-bin/mt-xmlrpc.cgi HTTP/1.1
[Sun Jan 28 15:17:19.353221 2024] [core:error] [pid 4964:tid 972] [client 103.241.128.221:46056] AH00126: Invalid URI in request POST /logs/../../cgi-bin/mt-xmlrpc.cgi HTTP/1.1
[Sun Jan 28 15:17:29.383837 2024] [core:error] [pid 4964:tid 848] [client 103.241.128.221:48298] AH00126: Invalid URI in request GET /logs/../../cgi-bin/index2.php?info HTTP/1.1
[Sun Jan 28 15:17:39.414368 2024] [core:error] [pid 4964:tid 848] [client 103.241.128.221:50280] AH00126: Invalid URI in request GET /logs/../../cgi-bin../../index2.php?info HTTP/1.1
[Sun Jan 28 15:17:59.476487 2024] [core:error] [pid 4964:tid 848] [client 103.241.128.221:53916] AH00126: Invalid URI in request GET /logs/../../cgi-bin/index2.php.cgi?info HTTP/1.1
[Sun Jan 28 15:18:09.507072 2024] [core:error] [pid 4964:tid 848] [client 103.241.128.221:56328] AH00126: Invalid URI in request GET /logs/../../cgi-bin../../index2.php.cgi?info HTTP/1.1
[Sun Jan 28 15:18:19.540606 2024] [cgi:error] [pid 4964:tid 972] [client 103.241.128.221:58604] AH02811: script not found or unable to stat: C:/Apache24/cgi-bin/mt
[Sun Jan 28 15:18:29.572166 2024] [cgi:error] [pid 4964:tid 972] [client 103.241.128.221:60226] AH02811: script not found or unable to stat: C:/Apache24/cgi-bin/mt
[Sun Jan 28 15:18:39.601724 2024] [cgi:error] [pid 4964:tid 972] [client 103.241.128.221:33350] AH02811: script not found or unable to stat: C:/Apache24/cgi-bin/mt
[Sun Jan 28 15:18:49.634285 2024] [cgi:error] [pid 4964:tid 972] [client 103.241.128.221:34954] AH02811: script not found or unable to stat: C:/Apache24/cgi-bin/mt
[Sun Jan 28 15:18:59.681846 2024] [cgi:error] [pid 4964:tid 972] [client 103.241.128.221:36396] AH02811: script not found or unable to stat: C:/Apache24/cgi-bin/mt
[Sun Jan 28 15:19:09.729407 2024] [cgi:error] [pid 4964:tid 972] [client 103.241.128.221:38288] AH02811: script not found or unable to stat: C:/Apache24/cgi-bin/mt
[Sun Jan 28 15:19:19.770891 2024] [cgi:error] [pid 4964:tid 972] [client 103.241.128.221:40006] AH02811: script not found or unable to stat: C:/Apache24/cgi-bin/mt
[Sun Jan 28 15:19:29.815500 2024] [cgi:error] [pid 4964:tid 972] [client 103.241.128.221:41386] AH02811: script not found or unable to stat: C:/Apache24/cgi-bin/mt
[Sun Jan 28 15:19:39.844063 2024] [cgi:error] [pid 4964:tid 972] [client 103.241.128.221:43486] AH02811: script not found or unable to stat: C:/Apache24/cgi-bin/index2.php
[Sun Jan 28 15:19:59.905184 2024] [cgi:error] [pid 4964:tid 972] [client 103.241.128.221:47872] AH02811: script not found or unable to stat: C:/Apache24/cgi-bin/mt
[Sun Jan 28 15:20:09.937741 2024] [cgi:error] [pid 4964:tid 972] [client 103.241.128.221:49282] AH02811: script not found or unable to stat: C:/Apache24/cgi-bin/index2.php.cgi
[Sun Jan 28 15:20:19.966304 2024] [cgi:error] [pid 4964:tid 972] [client 103.241.128.221:51568] AH02811: script not found or unable to stat: C:/Apache24/cgi-bin/mt-xmlrpc.cgi
[Sun Jan 28 15:20:29.998863 2024] [cgi:error] [pid 4964:tid 972] [client 103.241.128.221:53374] AH02811: script not found or unable to stat: C:/Apache24/cgi-bin/mt-xmlrpc.cgi
[Sun Jan 28 15:20:40.026430 2024] [cgi:error] [pid 4964:tid 972] [client 103.241.128.221:55334] AH02811: script not found or unable to stat: C:/Apache24/cgi-bin/mt-xmlrpc.cgi
[Sun Jan 28 15:20:50.058987 2024] [cgi:error] [pid 4964:tid 920] [client 103.241.128.221:56964] AH02811: script not found or unable to stat: C:/Apache24/cgi-bin/mt-xmlrpc.cgi
[Sun Jan 28 15:21:00.100542 2024] [cgi:error] [pid 4964:tid 972] [client 103.241.128.221:59782] AH02811: script not found or unable to stat: C:/Apache24/cgi-bin/mt-xmlrpc.cgi
[Sun Jan 28 15:21:10.148101 2024] [cgi:error] [pid 4964:tid 972] [client 103.241.128.221:33178] AH02811: script not found or unable to stat: C:/Apache24/cgi-bin/mt-xmlrpc.cgi
[Sun Jan 28 15:21:20.197631 2024] [cgi:error] [pid 4964:tid 972] [client 103.241.128.221:35032] AH02811: script not found or unable to stat: C:/Apache24/cgi-bin/mt-xmlrpc.cgi
[Sun Jan 28 15:21:30.246204 2024] [cgi:error] [pid 4964:tid 920] [client 103.241.128.221:36478] AH02811: script not found or unable to stat: C:/Apache24/cgi-bin/index2.php
[Sun Jan 28 15:22:00.336903 2024] [cgi:error] [pid 4964:tid 972] [client 103.241.128.221:43452] AH02811: script not found or unable to stat: C:/Apache24/cgi-bin/index2.php.cgi
[Sun Jan 28 15:22:10.368463 2024] [cgi:error] [pid 4964:tid 972] [client 103.241.128.221:45918] AH02809: Options ExecCGI is off in this directory: C:/Apache24/index2.php.cgi
[Sun Jan 28 15:22:20.400027 2024] [core:error] [pid 4964:tid 920] [client 103.241.128.221:47814] AH00126: Invalid URI in request POST /logs/../../../cgi-bin/mt-xmlrpc.cgi HTTP/1.1
[Sun Jan 28 15:22:30.428621 2024] [core:error] [pid 4964:tid 920] [client 103.241.128.221:50068] AH00126: Invalid URI in request POST /logs/../../../cgi-bin/mt-xmlrpc.cgi HTTP/1.1
[Sun Jan 28 15:22:40.460147 2024] [core:error] [pid 4964:tid 920] [client 103.241.128.221:52530] AH00126: Invalid URI in request POST /logs/../../../cgi-bin/mt-xmlrpc.cgi HTTP/1.1
[Sun Jan 28 15:22:50.487712 2024] [core:error] [pid 4964:tid 920] [client 103.241.128.221:54226] AH00126: Invalid URI in request POST /logs/../../../cgi-bin/mt-xmlrpc.cgi HTTP/1.1
[Sun Jan 28 15:23:00.518267 2024] [core:error] [pid 4964:tid 920] [client 103.241.128.221:56436] AH00126: Invalid URI in request POST /logs/../../../cgi-bin/mt-xmlrpc.cgi HTTP/1.1
[Sun Jan 28 15:23:10.548827 2024] [core:error] [pid 4964:tid 920] [client 103.241.128.221:58702] AH00126: Invalid URI in request POST /logs/../../../cgi-bin/mt-xmlrpc.cgi HTTP/1.1
[Sun Jan 28 15:23:20.581363 2024] [core:error] [pid 4964:tid 972] [client 103.241.128.221:60788] AH00126: Invalid URI in request POST /logs/../../../cgi-bin/mt-xmlrpc.cgi HTTP/1.1
[Sun Jan 28 15:23:30.614956 2024] [core:error] [pid 4964:tid 920] [client 103.241.128.221:34750] AH00126: Invalid URI in request GET /logs/../../../cgi-bin/index2.php?info HTTP/1.1
[Sun Jan 28 15:23:40.646537 2024] [core:error] [pid 4964:tid 848] [client 103.241.128.221:36560] AH00126: Invalid URI in request GET /logs/../../../cgi-bin../../index2.php?info HTTP/1.1
[Sun Jan 28 15:24:00.709649 2024] [core:error] [pid 4964:tid 920] [client 103.241.128.221:40110] AH00126: Invalid URI in request GET /logs/../../../cgi-bin/index2.php.cgi?info HTTP/1.1
[Sun Jan 28 15:24:10.737153 2024] [core:error] [pid 4964:tid 920] [client 103.241.128.221:42504] AH00126: Invalid URI in request GET /logs/../../../cgi-bin../../index2.php.cgi?info HTTP/1.1
[Sun Jan 28 17:26:50.531763 2024] [cgi:error] [pid 4964:tid 888] [client 172.31.10.147:29882] AH02811: script not found or unable to stat: C:/Apache24/cgi-bin/cmn, referer: https://www.isi-apache.com/
[Sun Jan 28 18:05:31.335465 2024] [cgi:error] [pid 4964:tid 904] [client 172.31.43.68:52398] AH02811: script not found or unable to stat: C:/Apache24/cgi-bin/cmn, referer: https://www.isi-apache.com/
[Sun Jan 28 18:07:18.994790 2024] [cgi:error] [pid 4964:tid 828] [client 172.31.43.68:31422] AH02811: script not found or unable to stat: C:/Apache24/cgi-bin/cmn, referer: https://www.isi-apache.com/
[Sun Jan 28 18:07:45.154632 2024] [cgi:error] [pid 4964:tid 828] [client 172.31.43.68:41208] AH02811: script not found or unable to stat: C:/Apache24/cgi-bin/cmn, referer: https://www.isi-apache.com/
[Sun Jan 28 20:40:53.257374 2024] [cgi:error] [pid 4964:tid 864] [client 34.140.248.32:60870] AH02812: attempt to invoke directory as script: C:/Apache24/cgi-bin/
[Sun Jan 28 20:41:02.889007 2024] [cgi:error] [pid 4964:tid 864] [client 34.140.248.32:59524] AH02809: Options ExecCGI is off in this directory: C:/Apache24/bin/dbmmanage.pl
[Sun Jan 28 20:59:28.147815 2024] [cgi:error] [pid 4964:tid 984] [client 172.31.10.147:60102] AH02812: attempt to invoke directory as script: C:/Apache24/cgi-bin/
[Sun Jan 28 20:59:38.819346 2024] [cgi:error] [pid 4964:tid 1056] [client 172.31.10.147:60928] AH02809: Options ExecCGI is off in this directory: C:/Apache24/bin/dbmmanage.pl
[Sun Jan 28 21:58:52.287515 2024] [core:error] [pid 4964:tid 812] (20024)The given path is misformatted or contained invalid characters: [client 47.128.123.47:29114] AH00127: Cannot map GET /error/%3C%20%20%20!-- HTTP/1.1 to file
[Sun Jan 28 22:24:02.237452 2024] [cgi:error] [pid 4964:tid 812] [client 172.31.43.68:56100] AH02811: script not found or unable to stat: C:/Apache24/cgi-bin/cmn, referer: https://www.isi-apache.com/
[Sun Jan 28 22:24:25.215431 2024] [cgi:error] [pid 4964:tid 812] [client 172.31.43.68:37796] AH02811: script not found or unable to stat: C:/Apache24/cgi-bin/cmn, referer: https://www.isi-apache.com/
[Sun Jan 28 22:43:52.005951 2024] [cgi:error] [pid 4964:tid 812] [client 45.155.91.135:51164] AH02811: script not found or unable to stat: C:/Apache24/cgi-bin/luci
[Sun Jan 28 22:43:52.006938 2024] [cgi:error] [pid 4964:tid 812] [client 45.155.91.135:51164] AH02811: script not found or unable to stat: C:/Apache24/cgi-bin/luci
[Mon Jan 29 05:33:14.789881 2024] [cgi:error] [pid 4964:tid 984] [client 45.156.129.12:50174] AH02811: script not found or unable to stat: C:/Apache24/cgi-bin/config.exp
[Mon Jan 29 05:34:55.441574 2024] [core:error] [pid 4964:tid 984] [client 45.156.129.12:36000] AH00126: Invalid URI in request HEAD /icons/.%2e/%2e%2e/apache2/icons/sphere1.png HTTP/1.1
[Mon Jan 29 05:34:57.995388 2024] [cgi:error] [pid 4964:tid 828] [client 45.156.129.12:37514] AH02811: script not found or unable to stat: C:/Apache24/cgi-bin/authLogin.cgi
[Mon Jan 29 08:49:42.039041 2024] [cgi:error] [pid 4964:tid 812] [client 172.31.43.68:2304] AH02811: script not found or unable to stat: C:/Apache24/cgi-bin/cmn, referer: https://www.isi-apache.com/
[Mon Jan 29 10:25:55.469039 2024] [cgi:error] [pid 4964:tid 812] [client 172.31.10.147:25670] AH02811: script not found or unable to stat: C:/Apache24/cgi-bin/cmn, referer: https://www.isi-apache.com/cgi-bin/topics_CS2172/topics.cgi
[Mon Jan 29 11:44:45.500478 2024] [cgi:error] [pid 4964:tid 936] [client 172.31.43.68:13930] AH02811: script not found or unable to stat: C:/Apache24/cgi-bin/cmn, referer: https://www.isi-apache.com/cgi-bin/topics_CS1963/topics.cgi
[Mon Jan 29 11:59:20.136280 2024] [cgi:error] [pid 4964:tid 920] [client 172.31.10.147:48474] AH02811: script not found or unable to stat: C:/Apache24/cgi-bin/login.cgi
[Mon Jan 29 12:04:06.608852 2024] [cgi:error] [pid 4964:tid 928] [client 172.31.10.147:12290] AH02811: script not found or unable to stat: C:/Apache24/cgi-bin/login.cgi
[Mon Jan 29 12:36:21.423019 2024] [cgi:error] [pid 4964:tid 948] [client 172.31.10.147:9506] AH02811: script not found or unable to stat: C:/Apache24/cgi-bin/cmn, referer: https://www.isi-apache.com/cgi-bin/topics_CS1963/topics.cgi
[Mon Jan 29 13:15:37.005286 2024] [cgi:error] [pid 4964:tid 888] [client 172.31.43.68:26758] AH02811: script not found or unable to stat: C:/Apache24/cgi-bin/cmn, referer: https://www.isi-apache.com/cgi-bin/topics_CS1963/topics.cgi
[Mon Jan 29 13:17:29.029918 2024] [cgi:error] [pid 4964:tid 1048] [client 172.31.43.68:31526] AH02811: script not found or unable to stat: C:/Apache24/cgi-bin/cmn, referer: https://www.isi-apache.com/cgi-bin/topics_CS1963/topics.cgi
[Mon Jan 29 13:19:32.822362 2024] [cgi:error] [pid 4964:tid 1048] [client 172.31.43.68:56610] AH02811: script not found or unable to stat: C:/Apache24/cgi-bin/cmn, referer: https://www.isi-apache.com/cgi-bin/topics_CS1963/topics.cgi
[Mon Jan 29 13:34:47.464767 2024] [cgi:error] [pid 4964:tid 904] [client 172.31.10.147:13206] AH02811: script not found or unable to stat: C:/Apache24/cgi-bin/cmn, referer: https://www.isi-apache.com/cgi-bin/topics_CS1963/topics.cgi
[Mon Jan 29 13:35:00.474155 2024] [cgi:error] [pid 4964:tid 984] [client 172.31.10.147:17252] AH02811: script not found or unable to stat: C:/Apache24/cgi-bin/cmn, referer: https://www.isi-apache.com/cgi-bin/topics_CS1963/topics.cgi
[Mon Jan 29 13:35:50.676994 2024] [cgi:error] [pid 4964:tid 984] [client 172.31.10.147:11406] AH02811: script not found or unable to stat: C:/Apache24/cgi-bin/cmn, referer: https://www.isi-apache.com/cgi-bin/topics_CS1963/topics.cgi
[Mon Jan 29 13:36:41.926791 2024] [cgi:error] [pid 4964:tid 984] [client 172.31.43.68:18060] AH02811: script not found or unable to stat: C:/Apache24/cgi-bin/cmn, referer: https://www.isi-apache.com/cgi-bin/topics_CS1963/topics.cgi
[Mon Jan 29 13:37:18.064232 2024] [cgi:error] [pid 4964:tid 984] [client 172.31.43.68:30312] AH02811: script not found or unable to stat: C:/Apache24/cgi-bin/cmn, referer: https://www.isi-apache.com/cgi-bin/topics_CS1963/topics.cgi
[Mon Jan 29 13:38:01.502391 2024] [cgi:error] [pid 4964:tid 920] [client 172.31.10.147:8938] AH02811: script not found or unable to stat: C:/Apache24/cgi-bin/cmn, referer: https://www.isi-apache.com/cgi-bin/topics_CS1963/topics.cgi
[Mon Jan 29 15:18:22.730752 2024] [cgi:error] [pid 4964:tid 864] [client 172.31.43.68:19498] AH02811: script not found or unable to stat: C:/Apache24/cgi-bin/cmn, referer: https://www.isi-apache.com/
[Mon Jan 29 16:05:22.493581 2024] [cgi:error] [pid 4964:tid 896] [client 172.31.10.147:37122] AH02811: script not found or unable to stat: C:/Apache24/cgi-bin/cmn, referer: https://www.isi-apache.com/cgi-bin/topics_CS2172/topics.cgi
[Mon Jan 29 19:02:30.300451 2024] [cgi:error] [pid 4964:tid 972] [client 172.31.10.147:15646] AH02811: script not found or unable to stat: C:/Apache24/cgi-bin/cmn, referer: https://www.isi-apache.com/
[Mon Jan 29 19:11:26.622240 2024] [cgi:error] [pid 4964:tid 928] [client 172.31.43.68:42504] AH02811: script not found or unable to stat: C:/Apache24/cgi-bin/login.cgi
[Mon Jan 29 19:16:45.961028 2024] [cgi:error] [pid 4964:tid 888] [client 172.31.43.68:31726] AH02811: script not found or unable to stat: C:/Apache24/cgi-bin/login.cgi
[Mon Jan 29 19:19:41.559718 2024] [cgi:error] [pid 4964:tid 928] [client 172.31.10.147:17226] AH02811: script not found or unable to stat: C:/Apache24/cgi-bin/config.exp
[Mon Jan 29 19:21:23.932124 2024] [cgi:error] [pid 4964:tid 896] [client 172.31.10.147:36174] AH02811: script not found or unable to stat: C:/Apache24/cgi-bin/authLogin.cgi
[Mon Jan 29 19:29:13.533634 2024] [ssl:error] [pid 4964:tid 948] [client 34.229.20.6:33382] AH02042: rejecting client initiated renegotiation
[Mon Jan 29 20:59:43.739237 2024] [cgi:error] [pid 4964:tid 888] [client 172.31.43.68:23618] AH02811: script not found or unable to stat: C:/Apache24/cgi-bin/cmn, referer: https://www.isi-apache.com/
[Tue Jan 30 06:07:31.702116 2024] [cgi:error] [pid 4964:tid 864] [client 172.31.43.68:24546] AH02811: script not found or unable to stat: C:/Apache24/cgi-bin/cmn, referer: https://www.isi-apache.com/cgi-bin/topics_CS1963/topics.cgi
[Tue Jan 30 08:38:36.815065 2024] [cgi:error] [pid 4964:tid 984] [client 172.31.10.147:47504] AH02811: script not found or unable to stat: C:/Apache24/cgi-bin/cmn, referer: https://www.isi-apache.com/
[Tue Jan 30 09:34:08.388030 2024] [cgi:error] [pid 4964:tid 888] [client 172.31.10.147:9092] AH02811: script not found or unable to stat: C:/Apache24/cgi-bin/cmn, referer: https://www.isi-apache.com/cgi-bin/topics_CS2172/topics.cgi
[Tue Jan 30 14:24:43.609378 2024] [cgi:error] [pid 4964:tid 888] [client 172.31.10.147:49830] AH02811: script not found or unable to stat: C:/Apache24/cgi-bin/cmn, referer: https://www.isi-apache.com/cgi-bin/topics_CS1963/topics.cgi
[Tue Jan 30 14:38:33.082731 2024] [cgi:error] [pid 4964:tid 928] [client 172.31.43.68:1488] AH02811: script not found or unable to stat: C:/Apache24/cgi-bin/cmn, referer: https://www.isi-apache.com/cgi-bin/topics_CS1963/topics.cgi
[Tue Jan 30 15:18:49.680319 2024] [cgi:error] [pid 4964:tid 948] [client 172.31.43.68:11282] AH02811: script not found or unable to stat: C:/Apache24/cgi-bin/cmn, referer: https://www.isi-apache.com/
[Tue Jan 30 15:18:53.463152 2024] [cgi:error] [pid 4964:tid 864] [client 172.31.43.68:11280] AH02811: script not found or unable to stat: C:/Apache24/cgi-bin/cmn, referer: https://www.isi-apache.com/
[Tue Jan 30 16:42:48.311130 2024] [win32:error] [pid 4964:tid 912] [client 172.31.10.147:7826] AH02102: C:/Apache24/cgi-bin/topics_CS2711_03/img/6-1.tif is not executable; ensure interpreted scripts have "#!" or "'!" first line
[Tue Jan 30 16:42:48.311130 2024] [cgi:error] [pid 4964:tid 912] (9)Bad file descriptor: [client 172.31.10.147:7826] AH01222: don't know how to spawn child process: C:/Apache24/cgi-bin/topics_CS2711_03/img/6-1.tif
[Tue Jan 30 20:05:05.842994 2024] [cgi:error] [pid 4964:tid 972] [client 172.31.10.147:62194] AH02811: script not found or unable to stat: C:/Apache24/cgi-bin/cmn, referer: https://www.isi-apache.com/cgi-bin/topics_CS2172/topics.cgi
[Tue Jan 30 20:06:41.948415 2024] [cgi:error] [pid 4964:tid 936] [client 172.31.43.68:24518] AH02812: attempt to invoke directory as script: C:/Apache24/cgi-bin/, referer: https://www.isi-apache.com/
[Tue Jan 30 21:57:28.749661 2024] [cgi:error] [pid 4964:tid 972] [client 172.31.43.68:63978] AH02811: script not found or unable to stat: C:/Apache24/cgi-bin/blog2
[Tue Jan 30 22:45:58.410881 2024] [cgi:error] [pid 4964:tid 812] [client 172.31.10.147:48574] AH02811: script not found or unable to stat: C:/Apache24/cgi-bin/cmn, referer: https://www.isi-apache.com/
[Tue Jan 30 22:46:36.040202 2024] [cgi:error] [pid 4964:tid 812] [client 172.31.10.147:14496] AH02811: script not found or unable to stat: C:/Apache24/cgi-bin/cmn, referer: https://www.isi-apache.com/
[Tue Jan 30 22:46:39.027096 2024] [cgi:error] [pid 4964:tid 876] [client 172.31.10.147:14492] AH02811: script not found or unable to stat: C:/Apache24/cgi-bin/cmn, referer: https://www.isi-apache.com/
[Tue Jan 30 23:03:07.570450 2024] [cgi:error] [pid 4964:tid 912] [client 172.31.10.147:12932] AH02811: script not found or unable to stat: C:/Apache24/cgi-bin/cmn, referer: https://www.isi-apache.com/
[Wed Jan 31 00:15:24.109648 2024] [cgi:error] [pid 4964:tid 812] [client 172.31.10.147:5208] AH02811: script not found or unable to stat: C:/Apache24/cgi-bin/blog
[Wed Jan 31 02:16:51.942716 2024] [core:error] [pid 4964:tid 984] [client 45.95.147.236:54516] AH00126: Invalid URI in request POST /cgi-bin/.%2e/.%2e/.%2e/.%2e/.%2e/.%2e/.%2e/.%2e/.%2e/.%2e/bin/sh HTTP/1.1
[Wed Jan 31 04:44:13.457574 2024] [cgi:error] [pid 4964:tid 928] [client 172.31.43.68:55334] AH02812: attempt to invoke directory as script: C:/Apache24/cgi-bin/
[Wed Jan 31 04:44:23.541094 2024] [cgi:error] [pid 4964:tid 912] [client 172.31.43.68:55336] AH02809: Options ExecCGI is off in this directory: C:/Apache24/bin/dbmmanage.pl
[Wed Jan 31 06:03:23.694913 2024] [cgi:error] [pid 4964:tid 928] [client 172.31.10.147:17776] AH02811: script not found or unable to stat: C:/Apache24/cgi-bin/cmn, referer: https://www.isi-apache.com/cgi-bin/topics_CS1963/topics.cgi
[Wed Jan 31 07:33:22.406991 2024] [cgi:error] [pid 4964:tid 928] [client 172.31.43.68:63688] AH02811: script not found or unable to stat: C:/Apache24/cgi-bin/cmn, referer: https://www.isi-apache.com/cgi-bin/topics_CS1963/topics.cgi
[Wed Jan 31 10:11:16.718423 2024] [cgi:error] [pid 4964:tid 828] [client 172.31.10.147:2200] AH02811: script not found or unable to stat: C:/Apache24/cgi-bin/cmn, referer: https://www.isi-apache.com/
[Wed Jan 31 10:12:56.695838 2024] [cgi:error] [pid 4964:tid 876] [client 172.31.10.147:18070] AH02811: script not found or unable to stat: C:/Apache24/cgi-bin/cmn, referer: https://www.isi-apache.com/cgi-bin/topics3_CS2172/topics.cgi
[Wed Jan 31 11:11:08.631288 2024] [cgi:error] [pid 4964:tid 1092] [client 172.31.43.68:5166] AH02811: script not found or unable to stat: C:/Apache24/cgi-bin/cmn, referer: https://www.isi-apache.com/cgi-bin/topics_CS1963/topics.cgi
[Wed Jan 31 11:11:09.608249 2024] [cgi:error] [pid 4964:tid 828] [client 172.31.43.68:5164] AH02811: script not found or unable to stat: C:/Apache24/cgi-bin/cmn, referer: https://www.isi-apache.com/cgi-bin/topics_CS1963/topics.cgi
[Wed Jan 31 11:57:01.383206 2024] [cgi:error] [pid 4964:tid 936] [client 172.31.43.68:64084] AH02811: script not found or unable to stat: C:/Apache24/cgi-bin/cmn, referer: https://www.isi-apache.com/cgi-bin/topics_CS2173_01/topics.cgi
[Wed Jan 31 12:53:45.705439 2024] [cgi:error] [pid 4964:tid 1056] [client 172.31.43.68:62510] AH02811: script not found or unable to stat: C:/Apache24/cgi-bin/cmn, referer: https://www.isi-apache.com/cgi-bin/topics_CS1963/topics.cgi
[Wed Jan 31 16:45:28.942240 2024] [cgi:error] [pid 4964:tid 912] [client 172.31.43.68:22318] AH02811: script not found or unable to stat: C:/Apache24/cgi-bin/cmn, referer: https://www.isi-apache.com/cgi-bin/topics_CS2173_02/topics.cgi
[Wed Jan 31 16:57:41.479973 2024] [cgi:error] [pid 4964:tid 828] [client 172.31.10.147:50906] AH02811: script not found or unable to stat: C:/Apache24/cgi-bin/cmn, referer: https://www.isi-apache.com/
[Wed Jan 31 17:19:28.644308 2024] [cgi:error] [pid 4964:tid 972] [client 172.31.43.68:27286] AH02811: script not found or unable to stat: C:/Apache24/cgi-bin/cmn, referer: https://www.isi-apache.com/
[Wed Jan 31 19:03:51.763825 2024] [cgi:error] [pid 4964:tid 936] [client 172.31.10.147:48960] AH02811: script not found or unable to stat: C:/Apache24/cgi-bin/cmn, referer: https://www.isi-apache.com/
[Wed Jan 31 19:08:12.322780 2024] [cgi:error] [pid 4964:tid 912] [client 172.31.43.68:59386] AH02811: script not found or unable to stat: C:/Apache24/cgi-bin/cmn, referer: https://www.isi-apache.com/
[Wed Jan 31 20:29:16.822537 2024] [cgi:error] [pid 4964:tid 948] [client 172.31.10.147:13466] AH02811: script not found or unable to stat: C:/Apache24/cgi-bin/cmn, referer: https://www.isi-apache.com/
[Wed Jan 31 20:47:23.233989 2024] [cgi:error] [pid 4964:tid 876] [client 172.31.10.147:48724] AH02811: script not found or unable to stat: C:/Apache24/cgi-bin/cmn, referer: https://www.isi-apache.com/cgi-bin/topics_CS2172/topics.cgi
[Thu Feb 01 03:44:47.713696 2024] [cgi:error] [pid 4964:tid 1048] [client 172.31.43.68:13548] AH02811: script not found or unable to stat: C:/Apache24/cgi-bin/cmn, referer: https://www.isi-apache.com/cgi-bin/topics_CS1963/topics.cgi
[Thu Feb 01 04:49:24.501998 2024] [core:error] [pid 4964:tid 948] [client 45.95.147.236:55230] AH00126: Invalid URI in request POST /cgi-bin/.%2e/.%2e/.%2e/.%2e/.%2e/.%2e/.%2e/.%2e/.%2e/.%2e/bin/sh HTTP/1.1
[Thu Feb 01 09:00:50.994447 2024] [core:error] [pid 4964:tid 1056] (20024)The given path is misformatted or contained invalid characters: [client 172.31.1.111:8404] AH00127: Cannot map GET /ews/%20/ HTTP/1.1 to file
[Thu Feb 01 09:38:21.736504 2024] [core:error] [pid 4964:tid 928] (20024)The given path is misformatted or contained invalid characters: [client 172.31.43.68:39566] AH00127: Cannot map GET /ews/%20/ HTTP/1.1 to file
[Thu Feb 01 10:10:46.602988 2024] [cgi:error] [pid 4964:tid 972] [client 172.31.43.68:2256] AH02811: script not found or unable to stat: C:/Apache24/cgi-bin/cmn, referer: https://www.isi-apache.com/cgi-bin/topics_CS1963/topics.cgi
[Thu Feb 01 11:01:37.663020 2024] [cgi:error] [pid 4964:tid 972] [client 172.31.10.147:53304] AH02811: script not found or unable to stat: C:/Apache24/cgi-bin/cmn, referer: https://www.isi-apache.com/cgi-bin/topics_CS1963/topics.cgi
[Thu Feb 01 11:01:38.317982 2024] [cgi:error] [pid 4964:tid 972] [client 172.31.10.147:53304] AH02811: script not found or unable to stat: C:/Apache24/cgi-bin/cmn, referer: https://www.isi-apache.com/cgi-bin/topics_CS1963/topics.cgi
[Thu Feb 01 11:58:26.057369 2024] [cgi:error] [pid 4964:tid 912] [client 172.31.43.68:61094] AH02811: script not found or unable to stat: C:/Apache24/cgi-bin/cmn, referer: https://www.isi-apache.com/
[Thu Feb 01 13:34:35.610976 2024] [cgi:error] [pid 4964:tid 948] [client 3.10.58.119:37606] AH02811: script not found or unable to stat: C:/Apache24/cgi-bin/login.cgi
[Thu Feb 01 13:58:13.404771 2024] [cgi:error] [pid 4964:tid 948] [client 172.31.10.147:19312] AH02811: script not found or unable to stat: C:/Apache24/cgi-bin/cmn, referer: https://www.isi-apache.com/
[Thu Feb 01 14:32:10.405370 2024] [cgi:error] [pid 4964:tid 828] [client 172.31.43.68:3842] AH02811: script not found or unable to stat: C:/Apache24/cgi-bin/cmn, referer: https://www.isi-apache.com/
[Thu Feb 01 15:11:45.201181 2024] [cgi:error] [pid 4964:tid 984] [client 172.31.43.68:64996] AH02811: script not found or unable to stat: C:/Apache24/cgi-bin/cmn, referer: https://www.isi-apache.com/cgi-bin/topics_CS1963/topics.cgi
[Thu Feb 01 16:51:55.042612 2024] [core:error] [pid 4964:tid 1048] (20024)The given path is misformatted or contained invalid characters: [client 206.189.57.162:57060] AH00127: Cannot map GET /ews/%20/ HTTP/1.1 to file
[Thu Feb 01 17:05:07.043044 2024] [cgi:error] [pid 4964:tid 848] [client 172.31.43.68:20878] AH02811: script not found or unable to stat: C:/Apache24/cgi-bin/cmn, referer: https://www.isi-apache.com/cgi-bin/topics_CS2172/topics.cgi
[Thu Feb 01 17:48:04.417691 2024] [core:error] [pid 4964:tid 948] (20024)The given path is misformatted or contained invalid characters: [client 172.31.41.144:63064] AH00127: Cannot map GET /ews/%20/ HTTP/1.1 to file
[Thu Feb 01 19:30:07.396436 2024] [core:error] [pid 4964:tid 984] (20024)The given path is misformatted or contained invalid characters: [client 172.31.10.147:62632] AH00127: Cannot map GET /ews/%20/ HTTP/1.1 to file
[Thu Feb 01 20:41:38.023207 2024] [core:error] [pid 4964:tid 1048] (20024)The given path is misformatted or contained invalid characters: [client 172.31.10.147:6400] AH00127: Cannot map GET /error/%3C!-- HTTP/1.1 to file
[Thu Feb 01 20:44:10.145009 2024] [cgi:error] [pid 4964:tid 848] [client 172.31.43.68:17082] AH02809: Options ExecCGI is off in this directory: C:/Apache24/bin/dbmmanage.pl
[Thu Feb 01 21:19:49.485089 2024] [cgi:error] [pid 4964:tid 1048] [client 172.31.10.147:45490] AH02811: script not found or unable to stat: C:/Apache24/cgi-bin/cmn, referer: https://www.isi-apache.com/cgi-bin/topics_CS1963/topics.cgi
[Thu Feb 01 21:19:55.966795 2024] [cgi:error] [pid 4964:tid 1048] [client 172.31.10.147:45510] AH02811: script not found or unable to stat: C:/Apache24/cgi-bin/cmn, referer: https://www.isi-apache.com/cgi-bin/topics_CS1963/topics.cgi
[Thu Feb 01 21:22:29.211395 2024] [cgi:error] [pid 4964:tid 984] [client 172.31.10.147:3462] AH02811: script not found or unable to stat: C:/Apache24/cgi-bin/cmn, referer: https://www.isi-apache.com/cgi-bin/topics_CS1963/topics.cgi
[Thu Feb 01 21:28:15.335473 2024] [cgi:error] [pid 4964:tid 912] [client 172.31.10.147:21544] AH02811: script not found or unable to stat: C:/Apache24/cgi-bin/login.cgi
[Thu Feb 01 21:32:22.017956 2024] [cgi:error] [pid 4964:tid 848] [client 172.31.10.147:47170] AH02811: script not found or unable to stat: C:/Apache24/cgi-bin/login.cgi
[Thu Feb 01 22:01:08.996225 2024] [cgi:error] [pid 4964:tid 1092] [client 172.31.43.68:57156] AH02811: script not found or unable to stat: C:/Apache24/cgi-bin/cmn, referer: https://www.isi-apache.com/
[Thu Feb 01 22:15:43.186101 2024] [cgi:error] [pid 4964:tid 876] [client 172.31.10.147:26058] AH02811: script not found or unable to stat: C:/Apache24/cgi-bin/cmn, referer: https://www.isi-apache.com/
[Fri Feb 02 00:05:48.086963 2024] [cgi:error] [pid 4964:tid 876] [client 172.31.43.68:19728] AH02811: script not found or unable to stat: C:/Apache24/cgi-bin/cmn, referer: https://www.isi-apache.com/cgi-bin/topics_CS2172/topics.cgi
[Fri Feb 02 01:14:25.888394 2024] [cgi:error] [pid 4964:tid 972] [client 172.31.43.68:18794] AH02811: script not found or unable to stat: C:/Apache24/cgi-bin/cmn, referer: https://www.isi-apache.com/cgi-bin/topics_CS2172/topics.cgi
[Fri Feb 02 01:22:42.853721 2024] [cgi:error] [pid 4964:tid 936] [client 172.31.43.68:13698] AH02811: script not found or unable to stat: C:/Apache24/cgi-bin/cmn, referer: https://www.isi-apache.com/cgi-bin/topics2_CS2172/topics.cgi
[Fri Feb 02 01:24:07.641039 2024] [cgi:error] [pid 4964:tid 812] [client 172.31.43.68:18672] AH02811: script not found or unable to stat: C:/Apache24/cgi-bin/cmn, referer: https://www.isi-apache.com/cgi-bin/topics3_CS2172/topics.cgi
[Fri Feb 02 02:26:11.682678 2024] [cgi:error] [pid 4964:tid 972] [client 172.31.10.147:9132] AH02811: script not found or unable to stat: C:/Apache24/cgi-bin/blog
[Fri Feb 02 09:01:50.826834 2024] [cgi:error] [pid 4964:tid 972] [client 172.31.43.68:26236] AH02811: script not found or unable to stat: C:/Apache24/cgi-bin/cmn, referer: https://www.isi-apache.com/
