[Wed Aug 21 17:39:16.533439 2024] [cgi:error] [pid 4964:tid 836] [client 172.31.45.236:54758] AH02811: script not found or unable to stat: C:/Apache24/cgi-bin/cmn, referer: https://www.isi-apache.com/
[Wed Aug 21 17:46:48.911835 2024] [cgi:error] [pid 4964:tid 672] [client 172.31.15.16:27314] AH02811: script not found or unable to stat: C:/Apache24/cgi-bin/cmn, referer: https://www.isi-apache.com/cgi-bin/topics_CS2172/topics.cgi
[Wed Aug 21 18:31:26.237887 2024] [cgi:error] [pid 4964:tid 592] [client 172.31.45.236:11258] AH02811: script not found or unable to stat: C:/Apache24/cgi-bin/cmn, referer: https://www.isi-apache.com/
[Wed Aug 21 19:05:14.588495 2024] [cgi:error] [pid 4964:tid 904] [client 172.31.15.16:46000] AH02811: script not found or unable to stat: C:/Apache24/cgi-bin/cmn, referer: https://www.isi-apache.com/cgi-bin/topics_CS2172/topics.cgi
[Wed Aug 21 19:41:40.045062 2024] [cgi:error] [pid 4964:tid 592] [client 172.31.15.16:45656] AH02812: attempt to invoke directory as script: C:/Apache24/cgi-bin/
[Wed Aug 21 20:28:43.876774 2024] [cgi:error] [pid 4964:tid 592] [client 172.31.15.16:61608] AH02809: Options ExecCGI is off in this directory: C:/Apache24/bin/dbmmanage.pl, referer: https://www.isi-apache.com/bin/
[Wed Aug 21 21:22:16.507986 2024] [cgi:error] [pid 4964:tid 712] [client 172.31.45.236:30698] AH02811: script not found or unable to stat: C:/Apache24/cgi-bin/cmn, referer: https://www.isi-apache.com/
[Wed Aug 21 22:56:07.483141 2024] [cgi:error] [pid 4964:tid 1092] [client 172.31.15.16:40956] AH02812: attempt to invoke directory as script: C:/Apache24/cgi-bin/
[Wed Aug 21 22:56:47.088376 2024] [cgi:error] [pid 4964:tid 820] [client 172.31.45.236:48436] AH02811: script not found or unable to stat: C:/Apache24/cgi-bin/cmn, referer: https://www.isi-apache.com/
[Wed Aug 21 22:57:22.127858 2024] [cgi:error] [pid 4964:tid 820] [client 172.31.45.236:19494] AH02811: script not found or unable to stat: C:/Apache24/cgi-bin/cmn, referer: https://www.isi-apache.com/
[Wed Aug 21 22:57:52.515415 2024] [cgi:error] [pid 4964:tid 820] [client 172.31.45.236:53218] AH02811: script not found or unable to stat: C:/Apache24/cgi-bin/cmn, referer: https://www.isi-apache.com/
[Wed Aug 21 22:58:10.021560 2024] [cgi:error] [pid 4964:tid 820] [client 172.31.45.236:47708] AH02811: script not found or unable to stat: C:/Apache24/cgi-bin/cmn, referer: https://www.isi-apache.com/
[Thu Aug 22 03:49:19.075543 2024] [cgi:error] [pid 4964:tid 864] [client 172.31.15.16:41810] AH02811: script not found or unable to stat: C:/Apache24/cgi-bin/cmn, referer: https://www.isi-apache.com/cgi-bin/topics_CS1963/topics.cgi
[Thu Aug 22 03:58:08.905045 2024] [cgi:error] [pid 4964:tid 1092] [client 172.31.45.236:57556] AH02811: script not found or unable to stat: C:/Apache24/cgi-bin/cmn, referer: https://www.isi-apache.com/
[Thu Aug 22 06:25:37.780121 2024] [cgi:error] [pid 4964:tid 1092] [client 165.154.32.235:35320] AH02812: attempt to invoke directory as script: C:/Apache24/cgi-bin/
[Thu Aug 22 07:18:03.143649 2024] [cgi:error] [pid 4964:tid 1092] [client 47.128.46.156:41068] AH02812: attempt to invoke directory as script: C:/Apache24/cgi-bin/
[Thu Aug 22 08:25:55.680251 2024] [core:error] [pid 4964:tid 1092] (20024)The given path is misformatted or contained invalid characters: [client 23.22.35.162:62803] AH00127: Cannot map GET /error/%3C!-- HTTP/1.1 to file
[Thu Aug 22 08:29:15.813626 2024] [cgi:error] [pid 4964:tid 712] [client 52.70.240.171:45989] AH02812: attempt to invoke directory as script: C:/Apache24/cgi-bin/
[Thu Aug 22 08:42:52.116017 2024] [cgi:error] [pid 4964:tid 944] [client 52.70.240.171:24930] AH02809: Options ExecCGI is off in this directory: C:/Apache24/bin/dbmmanage.pl
[Thu Aug 22 11:44:44.124454 2024] [cgi:error] [pid 4964:tid 904] [client 172.31.15.16:42558] AH02811: script not found or unable to stat: C:/Apache24/cgi-bin/cmn, referer: https://www.isi-apache.com/cgi-bin/topics_CS2172/topics.cgi
[Thu Aug 22 13:33:49.631474 2024] [cgi:error] [pid 4964:tid 928] [client 172.31.45.236:17322] AH02811: script not found or unable to stat: C:/Apache24/cgi-bin/cmn, referer: https://www.isi-apache.com/cgi-bin/topics_CS2172/topics.cgi
[Thu Aug 22 14:04:56.693194 2024] [cgi:error] [pid 4964:tid 944] [client 143.198.208.219:39476] AH02812: attempt to invoke directory as script: C:/Apache24/cgi-bin/
[Thu Aug 22 14:04:57.179182 2024] [cgi:error] [pid 4964:tid 712] [client 143.198.208.219:60914] AH02809: Options ExecCGI is off in this directory: C:/Apache24/bin/dbmmanage.pl
[Thu Aug 22 14:05:00.784012 2024] [core:error] [pid 4964:tid 712] (20024)The given path is misformatted or contained invalid characters: [client 143.198.208.219:60914] AH00127: Cannot map GET /error/%3C!-- HTTP/1.1 to file
[Thu Aug 22 14:17:58.739928 2024] [cgi:error] [pid 4964:tid 992] [client 117.245.24.172:58350] AH02809: Options ExecCGI is off in this directory: C:/Apache24/setup.cgi
[Thu Aug 22 16:46:14.906340 2024] [cgi:error] [pid 4964:tid 836] [client 154.213.185.140:49938] AH02811: script not found or unable to stat: C:/Apache24/cgi-bin/luci
[Thu Aug 22 21:37:48.094419 2024] [cgi:error] [pid 4964:tid 820] [client 143.198.208.219:38616] AH02809: Options ExecCGI is off in this directory: C:/Apache24/bin/dbmmanage.pl
[Thu Aug 22 21:37:48.169419 2024] [cgi:error] [pid 4964:tid 592] [client 143.198.208.219:38628] AH02812: attempt to invoke directory as script: C:/Apache24/cgi-bin/
[Thu Aug 22 21:37:50.947320 2024] [core:error] [pid 4964:tid 592] (20024)The given path is misformatted or contained invalid characters: [client 143.198.208.219:38966] AH00127: Cannot map GET /error/%3C%21-- HTTP/1.1 to file
[Thu Aug 22 21:55:07.554780 2024] [cgi:error] [pid 4964:tid 1092] [client 172.31.45.236:31212] AH02811: script not found or unable to stat: C:/Apache24/cgi-bin/cmn, referer: https://www.isi-apache.com/cgi-bin/topics_CS1963/topics.cgi
[Fri Aug 23 02:19:34.296763 2024] [cgi:error] [pid 4964:tid 696] [client 172.31.45.236:14736] AH02811: script not found or unable to stat: C:/Apache24/cgi-bin/cmn, referer: https://www.isi-apache.com/cgi-bin/topics_CS2172/topics.cgi
[Fri Aug 23 03:11:09.347704 2024] [cgi:error] [pid 4964:tid 984] [client 13.215.228.180:53146] AH02809: Options ExecCGI is off in this directory: C:/Apache24/bin/app.pl
[Fri Aug 23 03:11:44.096029 2024] [cgi:error] [pid 4964:tid 984] [client 13.215.228.180:37910] AH02809: Options ExecCGI is off in this directory: C:/Apache24/app.pl
[Fri Aug 23 04:42:34.738048 2024] [cgi:error] [pid 4964:tid 1056] [client 172.31.15.16:1856] AH02811: script not found or unable to stat: C:/Apache24/cgi-bin/cmn, referer: https://www.isi-apache.com/cgi-bin/topics_CS2172/topics.cgi
[Fri Aug 23 05:21:56.674713 2024] [cgi:error] [pid 4964:tid 680] [client 159.89.111.223:14894] AH02811: script not found or unable to stat: C:/Apache24/cgi-bin/authLogin.cgi
[Fri Aug 23 06:12:35.325569 2024] [cgi:error] [pid 4964:tid 680] [client 172.31.45.236:43558] AH02811: script not found or unable to stat: C:/Apache24/cgi-bin/cmn, referer: https://www.isi-apache.com/cgi-bin/topics_CS2172/topics.cgi
[Fri Aug 23 07:57:36.165591 2024] [cgi:error] [pid 4964:tid 1056] [client 172.31.15.16:22184] AH02811: script not found or unable to stat: C:/Apache24/cgi-bin/cmn, referer: https://www.isi-apache.com/
[Fri Aug 23 07:57:49.907922 2024] [cgi:error] [pid 4964:tid 712] [client 172.31.15.16:6458] AH02811: script not found or unable to stat: C:/Apache24/cgi-bin/cmn, referer: https://www.isi-apache.com/cgi-bin/topics3_CS2172/topics.cgi
[Fri Aug 23 09:26:31.494222 2024] [cgi:error] [pid 4964:tid 696] [client 172.31.15.16:15160] AH02811: script not found or unable to stat: C:/Apache24/cgi-bin/cmn, referer: https://www.isi-apache.com/cgi-bin/topics_CS1963/topics.cgi
[Fri Aug 23 09:32:17.945863 2024] [cgi:error] [pid 4964:tid 1084] [client 143.198.208.219:57090] AH02812: attempt to invoke directory as script: C:/Apache24/cgi-bin/
[Fri Aug 23 09:32:17.952867 2024] [cgi:error] [pid 4964:tid 1056] [client 143.198.208.219:57100] AH02812: attempt to invoke directory as script: C:/Apache24/cgi-bin/
[Fri Aug 23 09:32:17.969868 2024] [cgi:error] [pid 4964:tid 820] [client 143.198.208.219:57114] AH02811: script not found or unable to stat: C:/Apache24/cgi-bin/.aws
[Fri Aug 23 09:32:17.981868 2024] [cgi:error] [pid 4964:tid 1020] [client 143.198.208.219:57118] AH02811: script not found or unable to stat: C:/Apache24/cgi-bin/.aws
[Fri Aug 23 09:32:18.012868 2024] [cgi:error] [pid 4964:tid 680] [client 143.198.208.219:57128] AH02811: script not found or unable to stat: C:/Apache24/cgi-bin/.aws
[Fri Aug 23 09:32:18.048892 2024] [cgi:error] [pid 4964:tid 760] [client 143.198.208.219:57132] AH02811: script not found or unable to stat: C:/Apache24/cgi-bin/.aws
[Fri Aug 23 09:32:18.054865 2024] [cgi:error] [pid 4964:tid 864] [client 143.198.208.219:57142] AH02811: script not found or unable to stat: C:/Apache24/cgi-bin/.config.env
[Fri Aug 23 09:32:18.057864 2024] [cgi:error] [pid 4964:tid 696] [client 143.198.208.219:57144] AH02811: script not found or unable to stat: C:/Apache24/cgi-bin/.env.ci
[Fri Aug 23 09:32:18.123864 2024] [cgi:error] [pid 4964:tid 812] [client 143.198.208.219:57148] AH02811: script not found or unable to stat: C:/Apache24/cgi-bin/.env.development
[Fri Aug 23 09:32:18.140865 2024] [cgi:error] [pid 4964:tid 712] [client 143.198.208.219:57192] AH02811: script not found or unable to stat: C:/Apache24/cgi-bin/.env.local
[Fri Aug 23 09:32:18.140865 2024] [cgi:error] [pid 4964:tid 772] [client 143.198.208.219:57154] AH02811: script not found or unable to stat: C:/Apache24/cgi-bin/.env.docker
[Fri Aug 23 09:32:18.144863 2024] [cgi:error] [pid 4964:tid 672] [client 143.198.208.219:57168] AH02811: script not found or unable to stat: C:/Apache24/cgi-bin/.env.example
[Fri Aug 23 09:32:18.148864 2024] [cgi:error] [pid 4964:tid 1092] [client 143.198.208.219:57178] AH02811: script not found or unable to stat: C:/Apache24/cgi-bin/.env.integration
[Fri Aug 23 09:32:18.157863 2024] [cgi:error] [pid 4964:tid 1084] [client 143.198.208.219:57212] AH02811: script not found or unable to stat: C:/Apache24/cgi-bin/.env.qa
[Fri Aug 23 09:32:18.158864 2024] [cgi:error] [pid 4964:tid 796] [client 143.198.208.219:57206] AH02811: script not found or unable to stat: C:/Apache24/cgi-bin/.env.production
[Fri Aug 23 09:32:18.179862 2024] [cgi:error] [pid 4964:tid 1056] [client 143.198.208.219:57228] AH02811: script not found or unable to stat: C:/Apache24/cgi-bin/.env.save
[Fri Aug 23 09:32:18.182867 2024] [cgi:error] [pid 4964:tid 820] [client 143.198.208.219:57236] AH02811: script not found or unable to stat: C:/Apache24/cgi-bin/.env.sit
[Fri Aug 23 09:32:18.195863 2024] [cgi:error] [pid 4964:tid 1020] [client 143.198.208.219:57250] AH02811: script not found or unable to stat: C:/Apache24/cgi-bin/.env.staging
[Fri Aug 23 09:32:18.227836 2024] [cgi:error] [pid 4964:tid 680] [client 143.198.208.219:57252] AH02811: script not found or unable to stat: C:/Apache24/cgi-bin/.env.test
[Fri Aug 23 09:32:18.228864 2024] [cgi:error] [pid 4964:tid 544] [client 143.198.208.219:57266] AH02811: script not found or unable to stat: C:/Apache24/cgi-bin/.env.swp
[Fri Aug 23 09:32:18.249863 2024] [cgi:error] [pid 4964:tid 984] [client 143.198.208.219:57282] AH02811: script not found or unable to stat: C:/Apache24/cgi-bin/.env
[Fri Aug 23 10:08:04.342498 2024] [cgi:error] [pid 4964:tid 672] [client 185.224.128.83:53256] AH02811: script not found or unable to stat: C:/Apache24/cgi-bin/luci
[Fri Aug 23 15:18:52.324594 2024] [cgi:error] [pid 4964:tid 580] [client 172.31.45.236:6922] AH02811: script not found or unable to stat: C:/Apache24/cgi-bin/login.cgi
[Fri Aug 23 15:24:30.106907 2024] [cgi:error] [pid 4964:tid 864] [client 172.31.45.236:18252] AH02811: script not found or unable to stat: C:/Apache24/cgi-bin/login.cgi
[Fri Aug 23 15:47:29.379746 2024] [cgi:error] [pid 4964:tid 984] [client 172.31.45.236:28936] AH02811: script not found or unable to stat: C:/Apache24/cgi-bin/cmn, referer: https://www.isi-apache.com/cgi-bin/topics_CS1963/topics.cgi
[Fri Aug 23 15:49:17.368088 2024] [cgi:error] [pid 4964:tid 1056] [client 172.31.45.236:21810] AH02811: script not found or unable to stat: C:/Apache24/cgi-bin/cmn, referer: https://www.isi-apache.com/cgi-bin/topics_CS1963/topics.cgi
[Fri Aug 23 17:16:13.423013 2024] [cgi:error] [pid 4964:tid 812] [client 172.31.45.236:34458] AH02811: script not found or unable to stat: C:/Apache24/cgi-bin/cmn, referer: https://www.isi-apache.com/cgi-bin/topics_CS2172/topics.cgi
[Fri Aug 23 17:18:27.971573 2024] [cgi:error] [pid 4964:tid 812] [client 172.31.15.16:55938] AH02811: script not found or unable to stat: C:/Apache24/cgi-bin/cmn, referer: https://www.isi-apache.com/cgi-bin/topics2_CS2172/topics.cgi
[Fri Aug 23 17:39:42.446649 2024] [cgi:error] [pid 4964:tid 592] [client 172.31.45.236:57006] AH02811: script not found or unable to stat: C:/Apache24/cgi-bin/cmn, referer: https://www.isi-apache.com/cgi-bin/topics_CS2172/topics.cgi
[Fri Aug 23 18:02:44.878400 2024] [cgi:error] [pid 4964:tid 592] [client 185.224.128.83:49040] AH02811: script not found or unable to stat: C:/Apache24/cgi-bin/luci
[Fri Aug 23 19:21:31.055633 2024] [cgi:error] [pid 4964:tid 812] [client 172.31.45.236:15920] AH02811: script not found or unable to stat: C:/Apache24/cgi-bin/cmn, referer: https://www.isi-apache.com/cgi-bin/topics_CS2172/topics.cgi
[Fri Aug 23 19:57:01.634524 2024] [cgi:error] [pid 4964:tid 984] [client 34.253.55.27:59742] AH02809: Options ExecCGI is off in this directory: C:/Apache24/bin/dbmmanage.pl
[Fri Aug 23 19:57:07.359276 2024] [cgi:error] [pid 4964:tid 600] [client 34.253.55.27:34600] AH02812: attempt to invoke directory as script: C:/Apache24/cgi-bin/
[Fri Aug 23 22:09:07.497356 2024] [cgi:error] [pid 4964:tid 564] [client 172.31.15.16:30814] AH02811: script not found or unable to stat: C:/Apache24/cgi-bin/cmn, referer: https://www.isi-apache.com/cgi-bin/topics_CS1963/topics.cgi
[Fri Aug 23 22:09:14.619046 2024] [cgi:error] [pid 4964:tid 564] [client 172.31.15.16:38566] AH02811: script not found or unable to stat: C:/Apache24/cgi-bin/cmn, referer: https://www.isi-apache.com/cgi-bin/topics_CS1963/topics.cgi
[Fri Aug 23 22:10:22.340118 2024] [cgi:error] [pid 4964:tid 984] [client 172.31.15.16:22934] AH02811: script not found or unable to stat: C:/Apache24/cgi-bin/cmn, referer: https://www.isi-apache.com/cgi-bin/topics_CS1963/topics.cgi
[Fri Aug 23 22:10:37.668436 2024] [cgi:error] [pid 4964:tid 820] [client 172.31.15.16:46442] AH02811: script not found or unable to stat: C:/Apache24/cgi-bin/cmn, referer: https://www.isi-apache.com/cgi-bin/topics_CS1963/topics.cgi
[Fri Aug 23 22:25:23.473712 2024] [cgi:error] [pid 4964:tid 672] [client 172.31.15.16:11128] AH02811: script not found or unable to stat: C:/Apache24/cgi-bin/cmn, referer: https://www.isi-apache.com/cgi-bin/topics_CS2172/topics.cgi
[Sat Aug 24 00:29:51.084516 2024] [cgi:error] [pid 4964:tid 1056] [client 172.31.15.16:53972] AH02811: script not found or unable to stat: C:/Apache24/cgi-bin/cmn, referer: https://www.isi-apache.com/cgi-bin/topics_CS1963/topics.cgi
[Sat Aug 24 02:10:57.552840 2024] [cgi:error] [pid 4964:tid 812] [client 185.224.128.83:49914] AH02811: script not found or unable to stat: C:/Apache24/cgi-bin/luci
[Sat Aug 24 05:54:07.865095 2024] [cgi:error] [pid 4964:tid 680] [client 185.224.128.83:43712] AH02811: script not found or unable to stat: C:/Apache24/cgi-bin/luci
[Sat Aug 24 06:28:23.569064 2024] [cgi:error] [pid 4964:tid 680] [client 78.153.140.177:53352] AH02811: script not found or unable to stat: C:/Apache24/cgi-bin/.env
[Sat Aug 24 07:16:43.388950 2024] [core:error] [pid 4964:tid 564] (20024)The given path is misformatted or contained invalid characters: [client 172.31.15.16:59476] AH00127: Cannot map GET /error/%3C!-- HTTP/1.1 to file
[Sat Aug 24 07:24:08.523372 2024] [cgi:error] [pid 4964:tid 592] [client 172.31.45.236:36034] AH02811: script not found or unable to stat: C:/Apache24/cgi-bin/cmn, referer: https://www.isi-apache.com/cgi-bin/topics_CS1963/topics.cgi
[Sat Aug 24 07:53:51.514623 2024] [cgi:error] [pid 4964:tid 772] [client 172.31.15.16:32952] AH02811: script not found or unable to stat: C:/Apache24/cgi-bin/cmn, referer: https://www.isi-apache.com/cgi-bin/topics_CS2172/topics.cgi
[Sat Aug 24 08:56:40.947552 2024] [cgi:error] [pid 4964:tid 984] [client 172.31.15.16:35526] AH02811: script not found or unable to stat: C:/Apache24/cgi-bin/cmn, referer: https://www.isi-apache.com/cgi-bin/topics_CS1963/topics.cgi
[Sat Aug 24 09:02:50.142100 2024] [cgi:error] [pid 4964:tid 600] [client 172.31.45.236:50244] AH02811: script not found or unable to stat: C:/Apache24/cgi-bin/cmn, referer: https://www.isi-apache.com/cgi-bin/topics_CS1963/topics.cgi
[Sat Aug 24 11:02:42.438001 2024] [cgi:error] [pid 4964:tid 812] [client 172.31.15.16:55966] AH02811: script not found or unable to stat: C:/Apache24/cgi-bin/cmn, referer: https://www.isi-apache.com/cgi-bin/topics_CS2172/topics.cgi
[Sat Aug 24 12:43:15.107232 2024] [cgi:error] [pid 4964:tid 600] [client 172.31.45.236:53270] AH02811: script not found or unable to stat: C:/Apache24/cgi-bin/cmn, referer: https://www.isi-apache.com/cgi-bin/topics_CS2172/topics.cgi
[Sat Aug 24 14:01:55.367092 2024] [cgi:error] [pid 4964:tid 564] [client 172.31.15.72:64732] AH02809: Options ExecCGI is off in this directory: C:/Apache24/localstart.cgi
[Sat Aug 24 14:02:00.033904 2024] [cgi:error] [pid 4964:tid 984] [client 172.31.15.72:64734] AH02809: Options ExecCGI is off in this directory: C:/Apache24/admin.cgi
[Sat Aug 24 14:02:00.771842 2024] [cgi:error] [pid 4964:tid 984] [client 172.31.15.72:64734] AH02809: Options ExecCGI is off in this directory: C:/Apache24/base.pl
[Sat Aug 24 14:02:01.071844 2024] [cgi:error] [pid 4964:tid 712] [client 172.31.15.72:64712] AH02809: Options ExecCGI is off in this directory: C:/Apache24/index.cgi
[Sat Aug 24 14:02:02.416792 2024] [cgi:error] [pid 4964:tid 984] [client 172.31.15.72:64734] AH02809: Options ExecCGI is off in this directory: C:/Apache24/base.cgi
[Sat Aug 24 14:02:03.015755 2024] [cgi:error] [pid 4964:tid 712] [client 172.31.15.72:64712] AH02809: Options ExecCGI is off in this directory: C:/Apache24/main.cgi
[Sat Aug 24 14:02:04.969668 2024] [cgi:error] [pid 4964:tid 712] [client 172.31.15.72:64712] AH02809: Options ExecCGI is off in this directory: C:/Apache24/start.cgi
[Sat Aug 24 14:02:05.221665 2024] [cgi:error] [pid 4964:tid 712] [client 172.31.15.72:64712] AH02809: Options ExecCGI is off in this directory: C:/Apache24/index.pl
[Sat Aug 24 14:02:06.738607 2024] [cgi:error] [pid 4964:tid 712] [client 172.31.15.72:64712] AH02809: Options ExecCGI is off in this directory: C:/Apache24/inicio.cgi
[Sat Aug 24 14:02:06.888580 2024] [cgi:error] [pid 4964:tid 984] [client 172.31.15.72:64734] AH02809: Options ExecCGI is off in this directory: C:/Apache24/menu.cgi
[Sat Aug 24 14:02:09.437486 2024] [cgi:error] [pid 4964:tid 712] [client 172.31.15.72:64712] AH02809: Options ExecCGI is off in this directory: C:/Apache24/indice.pl
[Sat Aug 24 14:02:10.640413 2024] [cgi:error] [pid 4964:tid 984] [client 172.31.15.72:64734] AH02809: Options ExecCGI is off in this directory: C:/Apache24/menu.pl
[Sat Aug 24 14:02:10.938408 2024] [cgi:error] [pid 4964:tid 712] [client 172.31.15.72:64712] AH02809: Options ExecCGI is off in this directory: C:/Apache24/home.cgi
[Sat Aug 24 14:02:12.583348 2024] [cgi:error] [pid 4964:tid 984] [client 172.31.15.72:64734] AH02809: Options ExecCGI is off in this directory: C:/Apache24/main.pl
[Sat Aug 24 19:48:05.161439 2024] [cgi:error] [pid 4964:tid 680] [client 185.224.128.83:38994] AH02811: script not found or unable to stat: C:/Apache24/cgi-bin/luci
[Sat Aug 24 20:57:37.766917 2024] [cgi:error] [pid 4964:tid 1056] [client 172.31.15.16:59998] AH02811: script not found or unable to stat: C:/Apache24/cgi-bin/cmn, referer: https://www.isi-apache.com/
[Sat Aug 24 20:57:42.504689 2024] [cgi:error] [pid 4964:tid 592] [client 172.31.15.16:59996] AH02811: script not found or unable to stat: C:/Apache24/cgi-bin/cmn, referer: https://www.isi-apache.com/cgi-bin/topics2_CS2172/topics.cgi
[Sat Aug 24 20:58:00.343821 2024] [cgi:error] [pid 4964:tid 1056] [client 172.31.15.16:10710] AH02811: script not found or unable to stat: C:/Apache24/cgi-bin/cmn, referer: https://www.isi-apache.com/cgi-bin/topics3_CS2172/topics.cgi
[Sat Aug 24 20:58:56.641057 2024] [cgi:error] [pid 4964:tid 712] [client 172.31.15.16:30350] AH02811: script not found or unable to stat: C:/Apache24/cgi-bin/cmn, referer: https://www.isi-apache.com/
[Sat Aug 24 22:09:37.615063 2024] [cgi:error] [pid 4964:tid 592] [client 172.31.15.16:32072] AH02811: script not found or unable to stat: C:/Apache24/cgi-bin/cmn, referer: https://www.isi-apache.com/cgi-bin/topics_CS1963/topics.cgi
[Sat Aug 24 22:11:53.490169 2024] [cgi:error] [pid 4964:tid 680] [client 172.31.15.16:4380] AH02811: script not found or unable to stat: C:/Apache24/cgi-bin/cmn, referer: https://www.isi-apache.com/cgi-bin/topics_CS1963/topics.cgi
[Sat Aug 24 23:04:12.108525 2024] [cgi:error] [pid 4964:tid 712] [client 172.31.45.236:51774] AH02811: script not found or unable to stat: C:/Apache24/cgi-bin/cmn, referer: https://www.isi-apache.com/
[Sun Aug 25 00:13:43.614847 2024] [cgi:error] [pid 4964:tid 712] [client 172.31.15.16:29486] AH02811: script not found or unable to stat: C:/Apache24/cgi-bin/cmn, referer: https://www.isi-apache.com/cgi-bin/topics_CS1963/topics.cgi
[Sun Aug 25 00:20:59.353411 2024] [cgi:error] [pid 4964:tid 772] [client 172.31.45.236:5620] AH02811: script not found or unable to stat: C:/Apache24/cgi-bin/cmn, referer: https://www.isi-apache.com/cgi-bin/topics_CS1963/topics.cgi
[Sun Aug 25 00:36:01.387800 2024] [cgi:error] [pid 4964:tid 680] [client 172.31.15.16:3000] AH02811: script not found or unable to stat: C:/Apache24/cgi-bin/cmn, referer: https://www.isi-apache.com/cgi-bin/topics_CS1963/topics.cgi
[Sun Aug 25 01:29:25.803465 2024] [cgi:error] [pid 4964:tid 820] [client 172.31.15.16:60166] AH02811: script not found or unable to stat: C:/Apache24/cgi-bin/cmn, referer: https://www.isi-apache.com/
[Sun Aug 25 02:02:58.776303 2024] [cgi:error] [pid 4964:tid 772] [client 43.163.220.204:50224] AH02811: script not found or unable to stat: C:/Apache24/cgi-bin/printenv
[Sun Aug 25 02:02:59.015300 2024] [win32:error] [pid 4964:tid 680] [client 43.163.220.204:50228] AH02102: C:/Apache24/cgi-bin/printenv.pl is not executable; ensure interpreted scripts have "#!" or "'!" first line
[Sun Aug 25 02:02:59.015300 2024] [cgi:error] [pid 4964:tid 680] (9)Bad file descriptor: [client 43.163.220.204:50228] AH01222: don't know how to spawn child process: C:/Apache24/cgi-bin/printenv.pl
[Sun Aug 25 02:03:04.326073 2024] [cgi:error] [pid 4964:tid 680] [client 43.163.220.204:58698] AH02809: Options ExecCGI is off in this directory: C:/Apache24/environment.rb
[Sun Aug 25 02:04:58.998034 2024] [cgi:error] [pid 4964:tid 812] [client 43.163.220.204:50324] AH02811: script not found or unable to stat: C:/Apache24/cgi-bin/php.ini
[Sun Aug 25 02:06:23.611309 2024] [cgi:error] [pid 4964:tid 820] [client 43.163.220.204:46940] AH02809: Options ExecCGI is off in this directory: C:/Apache24/config.rb
[Sun Aug 25 02:06:56.771879 2024] [cgi:error] [pid 4964:tid 672] [client 43.163.220.204:36272] AH02809: Options ExecCGI is off in this directory: C:/Apache24/awstats.pl
[Sun Aug 25 02:06:56.790878 2024] [cgi:error] [pid 4964:tid 672] [client 43.163.220.204:36280] AH02811: script not found or unable to stat: C:/Apache24/cgi-bin/awstats.pl
[Sun Aug 25 02:06:56.799855 2024] [cgi:error] [pid 4964:tid 712] [client 43.163.220.204:36290] AH02811: script not found or unable to stat: C:/Apache24/cgi-bin/awstats
[Sun Aug 25 04:22:55.517482 2024] [cgi:error] [pid 4964:tid 672] [client 172.31.15.16:11946] AH02811: script not found or unable to stat: C:/Apache24/cgi-bin/cmn
[Sun Aug 25 04:26:46.692555 2024] [cgi:error] [pid 4964:tid 672] [client 185.224.128.83:59838] AH02811: script not found or unable to stat: C:/Apache24/cgi-bin/luci
[Sun Aug 25 08:31:22.106347 2024] [cgi:error] [pid 4964:tid 772] [client 172.31.15.16:52550] AH02811: script not found or unable to stat: C:/Apache24/cgi-bin/cmn, referer: https://www.isi-apache.com/cgi-bin/topics_CS1963/topics.cgi
[Sun Aug 25 14:06:58.461127 2024] [cgi:error] [pid 4964:tid 712] [client 172.31.15.16:17660] AH02811: script not found or unable to stat: C:/Apache24/cgi-bin/cmn, referer: https://www.isi-apache.com/cgi-bin/topics_CS2173_02/topics.cgi
[Sun Aug 25 14:08:04.291203 2024] [cgi:error] [pid 4964:tid 712] [client 172.31.15.16:58846] AH02811: script not found or unable to stat: C:/Apache24/cgi-bin/cmn, referer: https://www.isi-apache.com/cgi-bin/topics_CS2173_01/topics.cgi
[Sun Aug 25 14:08:10.730923 2024] [cgi:error] [pid 4964:tid 1048] [client 172.31.15.16:26104] AH02811: script not found or unable to stat: C:/Apache24/cgi-bin/cmn, referer: https://www.isi-apache.com/cgi-bin/topics_CS2173_02/topics.cgi
[Sun Aug 25 16:14:30.856420 2024] [cgi:error] [pid 4964:tid 1048] [client 172.31.45.236:27764] AH02811: script not found or unable to stat: C:/Apache24/cgi-bin/cmn, referer: https://www.isi-apache.com/cgi-bin/topics2_CS2172/topics.cgi
[Sun Aug 25 17:57:56.941807 2024] [cgi:error] [pid 4964:tid 820] [client 172.31.45.236:61306] AH02811: script not found or unable to stat: C:/Apache24/cgi-bin/cmn, referer: https://www.isi-apache.com/cgi-bin/topics_CS2173_01/topics.cgi
[Sun Aug 25 19:07:22.768771 2024] [cgi:error] [pid 4964:tid 672] [client 198.7.119.14:52628] AH02811: script not found or unable to stat: C:/Apache24/cgi-bin/.env
[Sun Aug 25 19:07:30.461454 2024] [core:error] [pid 4964:tid 672] (22)Invalid argument: [client 198.7.119.14:43228] AH00127: Cannot map GET /%c0 HTTP/1.1 to file
[Sun Aug 25 19:24:06.429103 2024] [cgi:error] [pid 4964:tid 812] [client 198.7.119.14:53016] AH02809: Options ExecCGI is off in this directory: C:/Apache24/debug.cgi
[Sun Aug 25 19:24:59.404799 2024] [cgi:error] [pid 4964:tid 812] [client 198.7.119.14:42596] AH02809: Options ExecCGI is off in this directory: C:/Apache24/config.rb
[Sun Aug 25 19:43:40.520060 2024] [core:error] [pid 4964:tid 1048] [client 206.189.233.163:41044] AH00126: Invalid URI in request POST /cgi-bin/.%2e/.%2e/.%2e/.%2e/.%2e/.%2e/.%2e/.%2e/.%2e/.%2e/bin/sh HTTP/1.1
[Sun Aug 25 20:10:00.008345 2024] [cgi:error] [pid 4964:tid 712] [client 198.7.119.14:45822] AH02811: script not found or unable to stat: C:/Apache24/cgi-bin/.env
[Sun Aug 25 20:10:12.789837 2024] [core:error] [pid 4964:tid 712] (22)Invalid argument: [client 198.7.119.14:37474] AH00127: Cannot map GET /%c0 HTTP/1.1 to file
[Sun Aug 25 20:14:49.454100 2024] [cgi:error] [pid 4964:tid 592] [client 52.164.231.119:13583] AH02811: script not found or unable to stat: C:/Apache24/cgi-bin/xmrlpc.php
[Sun Aug 25 20:14:58.294670 2024] [cgi:error] [pid 4964:tid 592] [client 52.164.231.119:13583] AH02811: script not found or unable to stat: C:/Apache24/cgi-bin/file.php
[Sun Aug 25 20:14:59.220623 2024] [cgi:error] [pid 4964:tid 592] [client 52.164.231.119:13583] AH02811: script not found or unable to stat: C:/Apache24/cgi-bin/404.php
[Sun Aug 25 20:15:01.310526 2024] [cgi:error] [pid 4964:tid 592] [client 52.164.231.119:13583] AH02811: script not found or unable to stat: C:/Apache24/cgi-bin/index.php
[Sun Aug 25 20:15:05.752327 2024] [cgi:error] [pid 4964:tid 592] [client 52.164.231.119:13583] AH02811: script not found or unable to stat: C:/Apache24/cgi-bin/themes.php
[Sun Aug 25 20:15:08.532185 2024] [cgi:error] [pid 4964:tid 592] [client 52.164.231.119:13583] AH02811: script not found or unable to stat: C:/Apache24/cgi-bin/wp-login.php
[Sun Aug 25 20:15:09.925102 2024] [cgi:error] [pid 4964:tid 592] [client 52.164.231.119:13583] AH02811: script not found or unable to stat: C:/Apache24/cgi-bin/radio.php
[Sun Aug 25 20:15:21.022570 2024] [cgi:error] [pid 4964:tid 592] [client 52.164.231.119:1850] AH02811: script not found or unable to stat: C:/Apache24/cgi-bin/about.php
[Sun Aug 25 20:15:23.166475 2024] [cgi:error] [pid 4964:tid 592] [client 52.164.231.119:1850] AH02811: script not found or unable to stat: C:/Apache24/cgi-bin/cloud.php
[Sun Aug 25 20:15:36.105851 2024] [cgi:error] [pid 4964:tid 592] [client 52.164.231.119:1850] AH02811: script not found or unable to stat: C:/Apache24/cgi-bin/xmrlpc.php
[Sun Aug 25 20:26:25.773380 2024] [cgi:error] [pid 4964:tid 820] [client 198.7.119.14:51502] AH02809: Options ExecCGI is off in this directory: C:/Apache24/debug.cgi
[Sun Aug 25 20:27:20.646921 2024] [cgi:error] [pid 4964:tid 820] [client 198.7.119.14:39290] AH02809: Options ExecCGI is off in this directory: C:/Apache24/config.rb
[Sun Aug 25 21:11:42.127842 2024] [cgi:error] [pid 4964:tid 712] [client 172.31.15.16:27896] AH02811: script not found or unable to stat: C:/Apache24/cgi-bin/cmn, referer: https://www.isi-apache.com/
[Sun Aug 25 21:11:49.847492 2024] [cgi:error] [pid 4964:tid 712] [client 172.31.15.16:27924] AH02811: script not found or unable to stat: C:/Apache24/cgi-bin/cmn, referer: https://www.isi-apache.com/
[Sun Aug 25 21:11:53.294333 2024] [cgi:error] [pid 4964:tid 712] [client 172.31.15.16:27924] AH02811: script not found or unable to stat: C:/Apache24/cgi-bin/cmn, referer: https://www.isi-apache.com/cgi-bin/topics_CS2172/topics.cgi
[Sun Aug 25 21:11:53.428305 2024] [cgi:error] [pid 4964:tid 712] [client 172.31.15.16:27924] AH02811: script not found or unable to stat: C:/Apache24/cgi-bin/cmn, referer: https://www.isi-apache.com/cgi-bin/topics_CS2172/topics.cgi
[Sun Aug 25 21:12:05.093769 2024] [cgi:error] [pid 4964:tid 564] [client 172.31.15.16:24540] AH02811: script not found or unable to stat: C:/Apache24/cgi-bin/cmn, referer: https://www.isi-apache.com/cgi-bin/topics3_CS2172/topics.cgi
[Sun Aug 25 21:12:41.059041 2024] [cgi:error] [pid 4964:tid 580] [client 172.31.15.16:33562] AH02811: script not found or unable to stat: C:/Apache24/cgi-bin/cmn, referer: https://www.isi-apache.com/
[Sun Aug 25 22:02:31.317377 2024] [cgi:error] [pid 4964:tid 864] [client 172.31.15.16:28440] AH02811: script not found or unable to stat: C:/Apache24/cgi-bin/cmn, referer: https://www.isi-apache.com/cgi-bin/topics_CS1963/topics.cgi
[Sun Aug 25 22:16:27.452395 2024] [cgi:error] [pid 4964:tid 680] [client 172.31.45.236:18750] AH02811: script not found or unable to stat: C:/Apache24/cgi-bin/cmn, referer: https://www.isi-apache.com/cgi-bin/topics_CS1963/topics.cgi
[Mon Aug 26 00:47:26.004227 2024] [cgi:error] [pid 4964:tid 712] [client 185.224.128.83:36968] AH02811: script not found or unable to stat: C:/Apache24/cgi-bin/luci
[Mon Aug 26 00:53:56.199354 2024] [cgi:error] [pid 4964:tid 600] [client 172.31.45.236:6232] AH02812: attempt to invoke directory as script: C:/Apache24/cgi-bin/
[Mon Aug 26 03:53:15.030277 2024] [cgi:error] [pid 4964:tid 600] [client 118.193.40.191:59992] AH02812: attempt to invoke directory as script: C:/Apache24/cgi-bin/
[Mon Aug 26 04:53:14.626038 2024] [cgi:error] [pid 4964:tid 1048] [client 172.31.15.16:47792] AH02811: script not found or unable to stat: C:/Apache24/cgi-bin/cmn, referer: https://www.isi-apache.com/
[Mon Aug 26 05:51:59.476230 2024] [cgi:error] [pid 4964:tid 564] [client 52.164.231.119:2599] AH02811: script not found or unable to stat: C:/Apache24/cgi-bin/xmrlpc.php
[Mon Aug 26 05:52:08.371863 2024] [cgi:error] [pid 4964:tid 564] [client 52.164.231.119:2599] AH02811: script not found or unable to stat: C:/Apache24/cgi-bin/file.php
[Mon Aug 26 05:52:09.302793 2024] [cgi:error] [pid 4964:tid 564] [client 52.164.231.119:2599] AH02811: script not found or unable to stat: C:/Apache24/cgi-bin/404.php
[Mon Aug 26 05:52:11.413710 2024] [cgi:error] [pid 4964:tid 564] [client 52.164.231.119:2599] AH02811: script not found or unable to stat: C:/Apache24/cgi-bin/index.php
[Mon Aug 26 05:52:15.859494 2024] [cgi:error] [pid 4964:tid 564] [client 52.164.231.119:2599] AH02811: script not found or unable to stat: C:/Apache24/cgi-bin/themes.php
[Mon Aug 26 05:52:18.662368 2024] [cgi:error] [pid 4964:tid 564] [client 52.164.231.119:2599] AH02811: script not found or unable to stat: C:/Apache24/cgi-bin/wp-login.php
[Mon Aug 26 05:52:20.060317 2024] [cgi:error] [pid 4964:tid 564] [client 52.164.231.119:2599] AH02811: script not found or unable to stat: C:/Apache24/cgi-bin/radio.php
[Mon Aug 26 05:52:31.227833 2024] [cgi:error] [pid 4964:tid 564] [client 52.164.231.119:2823] AH02811: script not found or unable to stat: C:/Apache24/cgi-bin/about.php
[Mon Aug 26 05:52:33.319744 2024] [cgi:error] [pid 4964:tid 564] [client 52.164.231.119:2823] AH02811: script not found or unable to stat: C:/Apache24/cgi-bin/cloud.php
[Mon Aug 26 05:52:46.338170 2024] [cgi:error] [pid 4964:tid 564] [client 52.164.231.119:2823] AH02811: script not found or unable to stat: C:/Apache24/cgi-bin/xmrlpc.php
[Mon Aug 26 06:07:31.178427 2024] [cgi:error] [pid 4964:tid 712] [client 35.195.85.187:58628] AH02812: attempt to invoke directory as script: C:/Apache24/cgi-bin/
[Mon Aug 26 06:07:40.497023 2024] [cgi:error] [pid 4964:tid 712] [client 35.195.85.187:38430] AH02809: Options ExecCGI is off in this directory: C:/Apache24/bin/dbmmanage.pl
[Mon Aug 26 06:32:27.119829 2024] [cgi:error] [pid 4964:tid 564] [client 172.31.45.236:8696] AH02811: script not found or unable to stat: C:/Apache24/cgi-bin/cmn, referer: https://www.isi-apache.com/cgi-bin/topics_CS2172/topics.cgi
[Mon Aug 26 07:54:36.864919 2024] [core:error] [pid 4964:tid 592] [client 107.151.182.58:38768] AH00126: Invalid URI in request HEAD /icons/.%2e/%2e%2e/apache2/icons/sphere1.png HTTP/1.1
[Mon Aug 26 07:54:53.494186 2024] [cgi:error] [pid 4964:tid 1048] [client 107.151.182.58:47390] AH02811: script not found or unable to stat: C:/Apache24/cgi-bin/authLogin.cgi
[Mon Aug 26 07:58:58.511082 2024] [cgi:error] [pid 4964:tid 564] [client 172.31.15.16:25800] AH02812: attempt to invoke directory as script: C:/Apache24/cgi-bin/
[Mon Aug 26 08:00:46.661898 2024] [cgi:error] [pid 4964:tid 564] [client 15.222.77.46:54360] AH02812: attempt to invoke directory as script: C:/Apache24/cgi-bin/
[Mon Aug 26 08:03:50.768658 2024] [cgi:error] [pid 4964:tid 564] [client 185.224.128.83:59316] AH02811: script not found or unable to stat: C:/Apache24/cgi-bin/luci
[Mon Aug 26 08:38:37.229986 2024] [core:error] [pid 4964:tid 1020] [client 47.250.134.57:54154] AH00126: Invalid URI in request POST /cgi-bin/.%2e/.%2e/.%2e/.%2e/.%2e/.%2e/.%2e/.%2e/.%2e/.%2e/bin/sh HTTP/1.1
[Mon Aug 26 08:39:58.110434 2024] [cgi:error] [pid 4964:tid 984] [client 172.31.45.236:18050] AH02811: script not found or unable to stat: C:/Apache24/cgi-bin/cmn, referer: https://www.isi-apache.com/
[Mon Aug 26 09:16:28.728414 2024] [cgi:error] [pid 4964:tid 672] [client 172.31.15.16:43276] AH02811: script not found or unable to stat: C:/Apache24/cgi-bin/cmn, referer: https://www.isi-apache.com/cgi-bin/topics_CS2172/topics.cgi
[Mon Aug 26 09:23:18.757342 2024] [cgi:error] [pid 4964:tid 712] [client 172.31.45.236:47378] AH02811: script not found or unable to stat: C:/Apache24/cgi-bin/cmn, referer: https://www.isi-apache.com/cgi-bin/topics_CS1963/topics.cgi
[Mon Aug 26 09:26:03.766074 2024] [cgi:error] [pid 4964:tid 680] [client 172.31.15.16:46448] AH02811: script not found or unable to stat: C:/Apache24/cgi-bin/cmn, referer: https://www.isi-apache.com/
[Mon Aug 26 09:27:25.844438 2024] [cgi:error] [pid 4964:tid 680] [client 172.31.45.236:9932] AH02811: script not found or unable to stat: C:/Apache24/cgi-bin/cmn, referer: https://www.isi-apache.com/cgi-bin/topics_CS2172/topics.cgi
[Mon Aug 26 10:01:21.427773 2024] [cgi:error] [pid 4964:tid 1048] [client 172.31.45.236:6902] AH02811: script not found or unable to stat: C:/Apache24/cgi-bin/cmn, referer: https://www.isi-apache.com/cgi-bin/topics_CS1963/topics.cgi
[Mon Aug 26 10:31:18.922335 2024] [cgi:error] [pid 4964:tid 600] [client 172.31.45.236:61790] AH02811: script not found or unable to stat: C:/Apache24/cgi-bin/cmn, referer: https://www.isi-apache.com/
[Mon Aug 26 10:38:56.449266 2024] [core:error] [pid 4964:tid 1048] [client 159.112.189.208:36056] AH00126: Invalid URI in request POST /cgi-bin/.%2e/.%2e/.%2e/.%2e/.%2e/.%2e/.%2e/.%2e/.%2e/.%2e/bin/sh HTTP/1.1
[Mon Aug 26 10:47:28.599686 2024] [cgi:error] [pid 4964:tid 680] [client 172.31.15.16:43398] AH02811: script not found or unable to stat: C:/Apache24/cgi-bin/cmn, referer: https://www.isi-apache.com/cgi-bin/topics_CS1963/topics.cgi
[Mon Aug 26 10:47:54.109560 2024] [cgi:error] [pid 4964:tid 820] [client 172.31.15.16:16950] AH02811: script not found or unable to stat: C:/Apache24/cgi-bin/cmn, referer: https://www.isi-apache.com/cgi-bin/topics_CS1963/topics.cgi
[Mon Aug 26 10:59:17.957934 2024] [cgi:error] [pid 4964:tid 600] [client 172.31.15.16:19934] AH02811: script not found or unable to stat: C:/Apache24/cgi-bin/cmn, referer: https://www.isi-apache.com/cgi-bin/topics_CS1963/topics.cgi
[Mon Aug 26 11:00:40.368992 2024] [cgi:error] [pid 4964:tid 1020] [client 172.31.15.16:28770] AH02811: script not found or unable to stat: C:/Apache24/cgi-bin/cmn, referer: https://www.isi-apache.com/cgi-bin/topics_CS1963/topics.cgi
[Mon Aug 26 12:13:35.003161 2024] [core:error] [pid 4964:tid 680] (20024)The given path is misformatted or contained invalid characters: [client 47.128.29.243:46898] AH00127: Cannot map GET /error/%3C%20%20%20!-- HTTP/1.1 to file
[Mon Aug 26 13:30:38.510907 2024] [cgi:error] [pid 4964:tid 984] [client 172.31.45.236:62748] AH02811: script not found or unable to stat: C:/Apache24/cgi-bin/cmn, referer: https://www.isi-apache.com/
[Mon Aug 26 13:41:32.155537 2024] [cgi:error] [pid 4964:tid 1048] [client 172.31.45.236:56152] AH02811: script not found or unable to stat: C:/Apache24/cgi-bin/cmn, referer: https://www.isi-apache.com/
[Mon Aug 26 13:44:26.315157 2024] [cgi:error] [pid 4964:tid 712] [client 172.31.15.16:55240] AH02811: script not found or unable to stat: C:/Apache24/cgi-bin/cmn, referer: https://www.isi-apache.com/
[Mon Aug 26 13:50:18.335951 2024] [cgi:error] [pid 4964:tid 984] [client 172.31.45.236:9196] AH02811: script not found or unable to stat: C:/Apache24/cgi-bin/cmn, referer: https://www.isi-apache.com/
[Mon Aug 26 15:18:28.344355 2024] [cgi:error] [pid 4964:tid 820] [client 172.31.15.16:19124] AH02811: script not found or unable to stat: C:/Apache24/cgi-bin/cmn, referer: https://www.isi-apache.com/cgi-bin/topics_CS2172/topics.cgi
[Mon Aug 26 15:59:43.235959 2024] [cgi:error] [pid 4964:tid 592] [client 172.31.45.236:12970] AH02811: script not found or unable to stat: C:/Apache24/cgi-bin/cmn, referer: https://www.isi-apache.com/cgi-bin/topics_CS1963/topics.cgi
[Mon Aug 26 16:09:22.848428 2024] [cgi:error] [pid 4964:tid 680] [client 172.31.45.236:24220] AH02811: script not found or unable to stat: C:/Apache24/cgi-bin/cmn, referer: https://www.isi-apache.com/
[Mon Aug 26 16:31:31.614783 2024] [cgi:error] [pid 4964:tid 600] [client 172.31.45.236:55114] AH02811: script not found or unable to stat: C:/Apache24/cgi-bin/cmn, referer: https://www.isi-apache.com/cgi-bin/topics_CS2172/topics.cgi
[Mon Aug 26 16:38:19.181715 2024] [cgi:error] [pid 4964:tid 1056] [client 172.31.15.16:44064] AH02811: script not found or unable to stat: C:/Apache24/cgi-bin/cmn, referer: https://www.isi-apache.com/cgi-bin/topics_CS2172/topics.cgi
[Mon Aug 26 17:56:03.026479 2024] [cgi:error] [pid 4964:tid 812] [client 172.31.15.16:35438] AH02811: script not found or unable to stat: C:/Apache24/cgi-bin/cmn, referer: https://www.isi-apache.com/
[Mon Aug 26 18:08:07.727011 2024] [cgi:error] [pid 4964:tid 1084] [client 172.31.15.16:28584] AH02811: script not found or unable to stat: C:/Apache24/cgi-bin/cmn, referer: https://www.isi-apache.com/cgi-bin/topics3_CS2172/topics.cgi
[Mon Aug 26 18:34:14.853979 2024] [cgi:error] [pid 4964:tid 920] [client 172.31.45.236:54838] AH02811: script not found or unable to stat: C:/Apache24/cgi-bin/cmn, referer: https://www.isi-apache.com/cgi-bin/topics_CS2172/topics.cgi
[Mon Aug 26 19:05:34.602978 2024] [cgi:error] [pid 4964:tid 592] [client 172.31.45.236:35208] AH02811: script not found or unable to stat: C:/Apache24/cgi-bin/cmn, referer: https://www.isi-apache.com/cgi-bin/topics_CS2172/topics.cgi
[Mon Aug 26 19:23:34.050465 2024] [cgi:error] [pid 4964:tid 964] [client 172.31.15.16:26712] AH02811: script not found or unable to stat: C:/Apache24/cgi-bin/cmn, referer: https://www.isi-apache.com/cgi-bin/topics_CS2172/topics.cgi
[Mon Aug 26 19:23:37.411330 2024] [cgi:error] [pid 4964:tid 820] [client 172.31.15.16:26700] AH02811: script not found or unable to stat: C:/Apache24/cgi-bin/cmn, referer: https://www.isi-apache.com/cgi-bin/topics2_CS2172/topics.cgi
[Mon Aug 26 19:23:41.178140 2024] [cgi:error] [pid 4964:tid 964] [client 172.31.15.16:26712] AH02811: script not found or unable to stat: C:/Apache24/cgi-bin/cmn, referer: https://www.isi-apache.com/cgi-bin/topics_CS2172/topics.cgi
[Mon Aug 26 19:23:52.097615 2024] [cgi:error] [pid 4964:tid 1020] [client 172.31.15.16:16042] AH02811: script not found or unable to stat: C:/Apache24/cgi-bin/cmn, referer: https://www.isi-apache.com/cgi-bin/topics3_CS2172/topics.cgi
[Mon Aug 26 21:22:46.536484 2024] [cgi:error] [pid 4964:tid 564] [client 172.31.45.236:50230] AH02811: script not found or unable to stat: C:/Apache24/cgi-bin/cmn, referer: https://www.isi-apache.com/cgi-bin/topics_CS1963/topics.cgi
[Mon Aug 26 21:40:01.950837 2024] [cgi:error] [pid 4964:tid 788] [client 209.38.209.5:13024] AH02811: script not found or unable to stat: C:/Apache24/cgi-bin/authLogin.cgi
[Mon Aug 26 22:35:44.757953 2024] [cgi:error] [pid 4964:tid 704] [client 172.31.45.236:23058] AH02811: script not found or unable to stat: C:/Apache24/cgi-bin/cmn, referer: https://www.isi-apache.com/
[Mon Aug 26 22:55:01.345290 2024] [cgi:error] [pid 4964:tid 788] [client 172.31.45.236:52236] AH02811: script not found or unable to stat: C:/Apache24/cgi-bin/cmn, referer: https://www.isi-apache.com/
[Mon Aug 26 22:56:39.808095 2024] [cgi:error] [pid 4964:tid 580] [client 172.31.45.236:17954] AH02811: script not found or unable to stat: C:/Apache24/cgi-bin/cmn, referer: https://www.isi-apache.com/
[Mon Aug 26 22:56:41.371993 2024] [cgi:error] [pid 4964:tid 580] [client 172.31.45.236:17954] AH02811: script not found or unable to stat: C:/Apache24/cgi-bin/cmn, referer: https://www.isi-apache.com/
[Mon Aug 26 22:58:12.616769 2024] [cgi:error] [pid 4964:tid 788] [client 172.31.45.236:36514] AH02811: script not found or unable to stat: C:/Apache24/cgi-bin/cmn, referer: https://www.isi-apache.com/
[Mon Aug 26 23:56:29.948723 2024] [cgi:error] [pid 4964:tid 912] [client 172.31.45.236:38258] AH02811: script not found or unable to stat: C:/Apache24/cgi-bin/cmn, referer: https://www.isi-apache.com/cgi-bin/topics_CS1963/topics.cgi
[Tue Aug 27 00:10:14.984594 2024] [cgi:error] [pid 4964:tid 680] [client 172.31.15.16:21572] AH02812: attempt to invoke directory as script: C:/Apache24/cgi-bin/, referer: https://www.isi-apache.com/
[Tue Aug 27 01:36:23.387532 2024] [cgi:error] [pid 4964:tid 1092] [client 172.31.45.236:47910] AH02811: script not found or unable to stat: C:/Apache24/cgi-bin/cmn
[Tue Aug 27 05:15:29.637569 2024] [core:error] [pid 4964:tid 704] [client 117.72.44.183:45840] AH00126: Invalid URI in request POST /cgi-bin/.%2e/.%2e/.%2e/.%2e/.%2e/.%2e/.%2e/.%2e/.%2e/.%2e/bin/sh HTTP/1.1
[Tue Aug 27 05:55:09.171901 2024] [cgi:error] [pid 4964:tid 580] [client 172.31.15.16:4928] AH02809: Options ExecCGI is off in this directory: C:/Apache24/bin/dbmmanage.pl, referer: https://www.isi-apache.com/bin/
[Tue Aug 27 07:12:24.653224 2024] [core:error] [pid 4964:tid 864] [client 185.91.69.110:37334] AH00126: Invalid URI in request GET stager64 HTTP/1.1
[Tue Aug 27 07:17:48.578685 2024] [cgi:error] [pid 4964:tid 864] [client 172.31.45.236:17414] AH02811: script not found or unable to stat: C:/Apache24/cgi-bin/cmn, referer: https://www.isi-apache.com/cgi-bin/topics_CS2172/topics.cgi
[Tue Aug 27 07:51:29.874880 2024] [cgi:error] [pid 4964:tid 1056] [client 172.31.45.236:53292] AH02811: script not found or unable to stat: C:/Apache24/cgi-bin/cmn, referer: https://www.isi-apache.com/cgi-bin/topics_CS2172/topics.cgi
[Tue Aug 27 08:48:30.463243 2024] [cgi:error] [pid 4964:tid 600] [client 172.31.45.236:10032] AH02811: script not found or unable to stat: C:/Apache24/cgi-bin/cmn, referer: https://www.isi-apache.com/cgi-bin/topics_CS2172/topics.cgi
[Tue Aug 27 09:16:00.472253 2024] [cgi:error] [pid 4964:tid 704] [client 172.31.15.72:11224] AH02811: script not found or unable to stat: C:/Apache24/cgi-bin/.env
[Tue Aug 27 09:16:03.585119 2024] [core:error] [pid 4964:tid 704] (22)Invalid argument: [client 172.31.15.72:11224] AH00127: Cannot map GET /%c0 HTTP/1.1 to file
[Tue Aug 27 09:23:35.898441 2024] [cgi:error] [pid 4964:tid 704] [client 172.31.15.72:49874] AH02809: Options ExecCGI is off in this directory: C:/Apache24/debug.cgi
[Tue Aug 27 10:39:29.988935 2024] [cgi:error] [pid 4964:tid 964] [client 172.31.15.16:16644] AH02811: script not found or unable to stat: C:/Apache24/cgi-bin/cmn, referer: https://www.isi-apache.com/cgi-bin/topics_CS1963/topics.cgi
[Tue Aug 27 10:43:50.908257 2024] [cgi:error] [pid 4964:tid 1092] [client 172.31.15.16:23908] AH02811: script not found or unable to stat: C:/Apache24/cgi-bin/cmn, referer: https://www.isi-apache.com/
[Tue Aug 27 10:45:00.437262 2024] [cgi:error] [pid 4964:tid 1092] [client 13.40.149.207:50380] AH02811: script not found or unable to stat: C:/Apache24/cgi-bin/login.cgi
[Tue Aug 27 11:45:53.521681 2024] [cgi:error] [pid 4964:tid 1092] [client 185.224.128.83:49532] AH02811: script not found or unable to stat: C:/Apache24/cgi-bin/luci
[Tue Aug 27 12:42:22.295884 2024] [cgi:error] [pid 4964:tid 812] [client 172.31.15.16:58130] AH02811: script not found or unable to stat: C:/Apache24/cgi-bin/cmn, referer: https://www.isi-apache.com/cgi-bin/topics_CS1963/topics.cgi
[Tue Aug 27 12:45:51.519838 2024] [core:error] [pid 4964:tid 712] [client 103.165.156.136:33148] AH00126: Invalid URI in request POST /cgi-bin/.%2e/.%2e/.%2e/.%2e/.%2e/.%2e/.%2e/.%2e/.%2e/.%2e/bin/sh HTTP/1.1
[Tue Aug 27 12:59:37.827428 2024] [cgi:error] [pid 4964:tid 600] [client 172.31.45.236:20792] AH02811: script not found or unable to stat: C:/Apache24/cgi-bin/cmn, referer: https://www.isi-apache.com/cgi-bin/topics_CS2172/topics.cgi
[Tue Aug 27 13:28:05.422545 2024] [cgi:error] [pid 4964:tid 704] [client 172.31.15.16:19574] AH02811: script not found or unable to stat: C:/Apache24/cgi-bin/cmn, referer: https://www.isi-apache.com/
[Tue Aug 27 15:11:31.458789 2024] [cgi:error] [pid 4964:tid 600] [client 185.224.128.83:60120] AH02811: script not found or unable to stat: C:/Apache24/cgi-bin/luci
[Tue Aug 27 15:15:53.725433 2024] [cgi:error] [pid 4964:tid 696] [client 172.31.45.236:27824] AH02811: script not found or unable to stat: C:/Apache24/cgi-bin/cmn, referer: https://www.isi-apache.com/cgi-bin/topics_CS2172/topics.cgi
[Tue Aug 27 15:19:54.678292 2024] [cgi:error] [pid 4964:tid 600] [client 172.31.45.236:16608] AH02811: script not found or unable to stat: C:/Apache24/cgi-bin/cmn, referer: https://www.isi-apache.com/
[Tue Aug 27 15:34:57.146067 2024] [cgi:error] [pid 4964:tid 912] [client 172.31.45.236:61298] AH02811: script not found or unable to stat: C:/Apache24/cgi-bin/cmn, referer: https://www.isi-apache.com/
[Tue Aug 27 15:37:31.698347 2024] [cgi:error] [pid 4964:tid 712] [client 172.31.14.176:7716] AH02811: script not found or unable to stat: C:/Apache24/cgi-bin/cmn, referer: https://www.isi-apache.com/
[Tue Aug 27 15:37:34.920209 2024] [cgi:error] [pid 4964:tid 712] [client 172.31.14.176:7716] AH02811: script not found or unable to stat: C:/Apache24/cgi-bin/cmn, referer: https://www.isi-apache.com/
[Tue Aug 27 15:40:07.445594 2024] [cgi:error] [pid 4964:tid 912] [client 172.31.45.236:42848] AH02811: script not found or unable to stat: C:/Apache24/cgi-bin/cmn, referer: https://www.isi-apache.com/
[Tue Aug 27 15:53:14.570931 2024] [cgi:error] [pid 4964:tid 696] [client 172.31.14.176:56104] AH02811: script not found or unable to stat: C:/Apache24/cgi-bin/cmn, referer: https://www.isi-apache.com/
[Tue Aug 27 16:58:52.452149 2024] [cgi:error] [pid 4964:tid 812] [client 172.31.14.176:53300] AH02811: script not found or unable to stat: C:/Apache24/cgi-bin/cmn, referer: https://www.isi-apache.com/
[Tue Aug 27 17:30:42.075666 2024] [cgi:error] [pid 4964:tid 964] [client 172.31.45.236:60390] AH02811: script not found or unable to stat: C:/Apache24/cgi-bin/cmn, referer: https://www.isi-apache.com/cgi-bin/topics_CS2172/topics.cgi
[Tue Aug 27 18:37:15.263275 2024] [cgi:error] [pid 4964:tid 544] [client 172.31.14.176:16672] AH02811: script not found or unable to stat: C:/Apache24/cgi-bin/cmn, referer: https://www.isi-apache.com/cgi-bin/topics_CS2172/topics.cgi
[Tue Aug 27 18:38:58.150777 2024] [cgi:error] [pid 4964:tid 680] [client 172.31.14.176:49018] AH02811: script not found or unable to stat: C:/Apache24/cgi-bin/cmn, referer: https://www.isi-apache.com/cgi-bin/topics2_CS2172/topics.cgi
[Tue Aug 27 18:39:15.930989 2024] [cgi:error] [pid 4964:tid 712] [client 172.31.14.176:31216] AH02811: script not found or unable to stat: C:/Apache24/cgi-bin/cmn, referer: https://www.isi-apache.com/cgi-bin/topics3_CS2172/topics.cgi
[Tue Aug 27 18:39:30.317337 2024] [cgi:error] [pid 4964:tid 680] [client 172.31.45.236:42390] AH02811: script not found or unable to stat: C:/Apache24/cgi-bin/cmn, referer: https://www.isi-apache.com/cgi-bin/topics_CS2172/topics.cgi
[Tue Aug 27 19:24:02.197951 2024] [cgi:error] [pid 4964:tid 964] [client 172.31.14.176:3314] AH02811: script not found or unable to stat: C:/Apache24/cgi-bin/cmn, referer: https://www.isi-apache.com/
[Tue Aug 27 20:19:07.800946 2024] [cgi:error] [pid 4964:tid 1092] [client 66.249.66.32:40390] AH02812: attempt to invoke directory as script: C:/Apache24/cgi-bin/
