[Thu Jun 20 12:43:44.438270 2024] [cgi:error] [pid 4964:tid 904] [client 172.31.35.97:26886] AH02811: script not found or unable to stat: C:/Apache24/cgi-bin/cmn, referer: https://www.isi-apache.com/
[Thu Jun 20 13:23:05.503671 2024] [cgi:error] [pid 4964:tid 944] [client 172.31.35.97:28168] AH02809: Options ExecCGI is off in this directory: C:/Apache24/bin/dbmmanage.pl
[Thu Jun 20 13:25:26.507578 2024] [cgi:error] [pid 4964:tid 944] [client 172.31.35.97:37506] AH02812: attempt to invoke directory as script: C:/Apache24/cgi-bin/
[Thu Jun 20 13:56:37.655397 2024] [cgi:error] [pid 4964:tid 644] [client 172.31.3.234:62136] AH02811: script not found or unable to stat: C:/Apache24/cgi-bin/cmn, referer: https://www.isi-apache.com/cgi-bin/topics_CS2172/topics.cgi
[Thu Jun 20 14:02:30.777462 2024] [cgi:error] [pid 4964:tid 544] [client 172.31.3.234:39698] AH02811: script not found or unable to stat: C:/Apache24/cgi-bin/cmn, referer: https://www.isi-apache.com/cgi-bin/topics2_CS2172/topics.cgi
[Thu Jun 20 14:02:58.845242 2024] [cgi:error] [pid 4964:tid 696] [client 172.31.3.234:23068] AH02811: script not found or unable to stat: C:/Apache24/cgi-bin/cmn, referer: https://www.isi-apache.com/cgi-bin/topics3_CS2172/topics.cgi
[Thu Jun 20 14:03:25.270104 2024] [cgi:error] [pid 4964:tid 752] [client 172.31.35.97:43796] AH02811: script not found or unable to stat: C:/Apache24/cgi-bin/cmn, referer: https://www.isi-apache.com/cgi-bin/topics_CS2172/topics.cgi
[Thu Jun 20 14:47:58.012714 2024] [win32:error] [pid 4964:tid 820] [client 172.31.35.97:42116] AH02102: C:/Apache24/cgi-bin/topics_CS2711_03/img/6-1.tif is not executable; ensure interpreted scripts have "#!" or "'!" first line
[Thu Jun 20 14:47:58.012714 2024] [cgi:error] [pid 4964:tid 820] (9)Bad file descriptor: [client 172.31.35.97:42116] AH01222: don't know how to spawn child process: C:/Apache24/cgi-bin/topics_CS2711_03/img/6-1.tif
[Thu Jun 20 15:42:13.277931 2024] [cgi:error] [pid 4964:tid 644] [client 34.78.6.216:36858] AH02812: attempt to invoke directory as script: C:/Apache24/cgi-bin/
[Thu Jun 20 15:42:19.648612 2024] [cgi:error] [pid 4964:tid 644] [client 34.78.6.216:45888] AH02809: Options ExecCGI is off in this directory: C:/Apache24/bin/dbmmanage.pl
[Thu Jun 20 16:37:48.989459 2024] [cgi:error] [pid 4964:tid 820] [client 172.31.3.234:4516] AH02811: script not found or unable to stat: C:/Apache24/cgi-bin/cmn, referer: https://www.isi-apache.com/cgi-bin/topics_CS1963/topics.cgi
[Thu Jun 20 16:43:03.401483 2024] [cgi:error] [pid 4964:tid 836] [client 172.31.3.234:30748] AH02811: script not found or unable to stat: C:/Apache24/cgi-bin/cmn, referer: https://www.isi-apache.com/
[Thu Jun 20 18:03:23.785281 2024] [cgi:error] [pid 4964:tid 980] [client 66.94.111.184:49543] AH02811: script not found or unable to stat: C:/Apache24/cgi-bin/.env
[Thu Jun 20 18:47:59.702103 2024] [core:error] [pid 4964:tid 544] [client 110.14.63.99:59648] AH00126: Invalid URI in request POST /cgi-bin/.%2e/.%2e/.%2e/.%2e/.%2e/.%2e/.%2e/.%2e/.%2e/.%2e/bin/sh HTTP/1.1
[Thu Jun 20 19:00:37.662023 2024] [cgi:error] [pid 4964:tid 980] [client 172.31.3.234:51866] AH02811: script not found or unable to stat: C:/Apache24/cgi-bin/cmn, referer: https://www.isi-apache.com/cgi-bin/topics_CS2172/topics.cgi
[Thu Jun 20 21:32:59.424759 2024] [cgi:error] [pid 4964:tid 944] [client 172.31.3.234:6722] AH02812: attempt to invoke directory as script: C:/Apache24/cgi-bin/, referer: https://www.isi-apache.com/
[Thu Jun 20 23:12:08.292618 2024] [cgi:error] [pid 4964:tid 836] [client 172.31.3.234:54224] AH02811: script not found or unable to stat: C:/Apache24/cgi-bin/cmn, referer: https://www.isi-apache.com/cgi-bin/topics_CS1963/topics.cgi
[Thu Jun 20 23:13:07.227816 2024] [cgi:error] [pid 4964:tid 836] [client 172.31.3.234:46286] AH02811: script not found or unable to stat: C:/Apache24/cgi-bin/cmn, referer: https://www.isi-apache.com/cgi-bin/topics_CS1963/topics.cgi
[Thu Jun 20 23:14:08.201887 2024] [cgi:error] [pid 4964:tid 820] [client 172.31.3.234:17914] AH02811: script not found or unable to stat: C:/Apache24/cgi-bin/cmn, referer: https://www.isi-apache.com/cgi-bin/topics_CS2172/topics.cgi
[Thu Jun 20 23:16:57.352775 2024] [cgi:error] [pid 4964:tid 752] [client 172.31.35.97:43390] AH02811: script not found or unable to stat: C:/Apache24/cgi-bin/cmn, referer: https://www.isi-apache.com/cgi-bin/topics2_CS2172/topics.cgi
[Thu Jun 20 23:17:02.562501 2024] [cgi:error] [pid 4964:tid 904] [client 172.31.3.234:8028] AH02811: script not found or unable to stat: C:/Apache24/cgi-bin/cmn, referer: https://www.isi-apache.com/cgi-bin/topics_CS2172/topics.cgi
[Thu Jun 20 23:17:33.088054 2024] [cgi:error] [pid 4964:tid 980] [client 172.31.35.97:6806] AH02811: script not found or unable to stat: C:/Apache24/cgi-bin/cmn, referer: https://www.isi-apache.com/cgi-bin/topics3_CS2172/topics.cgi
[Thu Jun 20 23:25:13.319645 2024] [cgi:error] [pid 4964:tid 752] [client 172.31.3.234:11118] AH02811: script not found or unable to stat: C:/Apache24/cgi-bin/cmn, referer: https://www.isi-apache.com/cgi-bin/topics_CS2172/topics.cgi
[Thu Jun 20 23:25:18.322404 2024] [cgi:error] [pid 4964:tid 980] [client 172.31.3.234:37894] AH02811: script not found or unable to stat: C:/Apache24/cgi-bin/cmn, referer: https://www.isi-apache.com/cgi-bin/topics3_CS2172/topics.cgi
[Thu Jun 20 23:25:46.882139 2024] [cgi:error] [pid 4964:tid 752] [client 172.31.3.234:59002] AH02811: script not found or unable to stat: C:/Apache24/cgi-bin/cmn, referer: https://www.isi-apache.com/cgi-bin/topics_CS2172/topics.cgi
[Thu Jun 20 23:25:49.567015 2024] [cgi:error] [pid 4964:tid 752] [client 172.31.3.234:59002] AH02811: script not found or unable to stat: C:/Apache24/cgi-bin/cmn, referer: https://www.isi-apache.com/cgi-bin/topics_CS2172/topics.cgi
[Thu Jun 20 23:40:57.894892 2024] [cgi:error] [pid 4964:tid 720] [client 172.31.3.234:3926] AH02811: script not found or unable to stat: C:/Apache24/cgi-bin/topics_CS4182
[Fri Jun 21 01:07:42.522902 2024] [cgi:error] [pid 4964:tid 564] [client 57.129.16.41:33756] AH02809: Options ExecCGI is off in this directory: C:/Apache24/bin/dbmmanage.pl
[Fri Jun 21 01:09:58.552968 2024] [cgi:error] [pid 4964:tid 564] [client 57.129.16.41:48920] AH02812: attempt to invoke directory as script: C:/Apache24/cgi-bin/
[Fri Jun 21 02:05:09.548159 2024] [core:error] [pid 4964:tid 752] (20024)The given path is misformatted or contained invalid characters: [client 66.249.66.85:51109] AH00127: Cannot map GET /error/%3C!-- HTTP/1.1 to file
[Fri Jun 21 05:32:06.563956 2024] [cgi:error] [pid 4964:tid 904] [client 172.31.35.97:64120] AH02811: script not found or unable to stat: C:/Apache24/cgi-bin/cmn, referer: https://www.isi-apache.com/cgi-bin/topics_CS1963/topics.cgi
[Fri Jun 21 08:48:10.074976 2024] [cgi:error] [pid 4964:tid 980] [client 185.191.127.212:54810] AH02811: script not found or unable to stat: C:/Apache24/cgi-bin/luci
[Fri Jun 21 15:42:38.725635 2024] [cgi:error] [pid 4964:tid 1060] [client 185.191.127.212:49226] AH02811: script not found or unable to stat: C:/Apache24/cgi-bin/luci
[Fri Jun 21 16:43:55.869232 2024] [cgi:error] [pid 4964:tid 696] [client 172.31.35.97:40600] AH02811: script not found or unable to stat: C:/Apache24/cgi-bin/cmn, referer: https://www.isi-apache.com/
[Fri Jun 21 17:45:38.148819 2024] [core:error] [pid 4964:tid 544] [client 116.130.185.126:52842] AH00126: Invalid URI in request POST /cgi-bin/.%2e/.%2e/.%2e/.%2e/.%2e/.%2e/.%2e/.%2e/.%2e/.%2e/bin/sh HTTP/1.1
[Fri Jun 21 18:45:04.930538 2024] [cgi:error] [pid 4964:tid 564] [client 185.191.127.212:37736] AH02811: script not found or unable to stat: C:/Apache24/cgi-bin/luci
[Fri Jun 21 19:12:55.250664 2024] [cgi:error] [pid 4964:tid 720] [client 172.31.35.97:45626] AH02812: attempt to invoke directory as script: C:/Apache24/cgi-bin/
[Fri Jun 21 19:21:42.151091 2024] [core:error] [pid 4964:tid 752] (22)Invalid argument: [client 43.131.59.56:44042] AH00127: Cannot map GET /%C0 HTTP/1.1 to file
[Fri Jun 21 19:44:12.244437 2024] [cgi:error] [pid 4964:tid 904] [client 3.248.77.100:55486] AH02809: Options ExecCGI is off in this directory: C:/Apache24/bin/dbmmanage.pl
[Fri Jun 21 19:44:18.023181 2024] [cgi:error] [pid 4964:tid 944] [client 3.248.77.100:40616] AH02812: attempt to invoke directory as script: C:/Apache24/cgi-bin/
[Fri Jun 21 19:47:46.672059 2024] [cgi:error] [pid 4964:tid 820] [client 124.243.136.48:35702] AH02809: Options ExecCGI is off in this directory: C:/Apache24/bin/dbmmanage.pl
[Fri Jun 21 21:48:37.666944 2024] [core:error] [pid 4964:tid 564] [client 206.189.233.163:48280] AH00126: Invalid URI in request POST /cgi-bin/.%2e/.%2e/.%2e/.%2e/.%2e/.%2e/.%2e/.%2e/.%2e/.%2e/bin/sh HTTP/1.1
[Fri Jun 21 22:21:47.612332 2024] [cgi:error] [pid 4964:tid 696] [client 172.31.3.234:6896] AH02811: script not found or unable to stat: C:/Apache24/cgi-bin/cmn, referer: https://www.isi-apache.com/
[Sat Jun 22 00:02:03.672068 2024] [cgi:error] [pid 4964:tid 980] [client 172.31.35.97:21146] AH02811: script not found or unable to stat: C:/Apache24/cgi-bin/cmn, referer: https://www.isi-apache.com/cgi-bin/topics_CS2172/topics.cgi
[Sat Jun 22 00:17:27.707593 2024] [cgi:error] [pid 4964:tid 980] [client 172.31.35.97:36228] AH02812: attempt to invoke directory as script: C:/Apache24/cgi-bin/
[Sat Jun 22 00:17:38.726141 2024] [cgi:error] [pid 4964:tid 904] [client 172.31.35.97:36216] AH02809: Options ExecCGI is off in this directory: C:/Apache24/bin/dbmmanage.pl
[Sat Jun 22 00:51:14.817981 2024] [cgi:error] [pid 4964:tid 752] [client 172.31.35.97:20102] AH02811: script not found or unable to stat: C:/Apache24/cgi-bin/cmn, referer: https://www.isi-apache.com/cgi-bin/topics_CS2172/topics.cgi
[Sat Jun 22 07:06:30.503796 2024] [cgi:error] [pid 4964:tid 652] [client 172.31.3.234:32180] AH02811: script not found or unable to stat: C:/Apache24/cgi-bin/cmn, referer: https://www.isi-apache.com/
[Sat Jun 22 10:53:40.187813 2024] [cgi:error] [pid 4964:tid 944] [client 107.151.182.58:35858] AH02811: script not found or unable to stat: C:/Apache24/cgi-bin/config.exp
[Sat Jun 22 10:54:52.387663 2024] [core:error] [pid 4964:tid 896] [client 107.151.182.58:38002] AH00126: Invalid URI in request HEAD /icons/.%2e/%2e%2e/apache2/icons/sphere1.png HTTP/1.1
[Sat Jun 22 10:54:53.354658 2024] [cgi:error] [pid 4964:tid 944] [client 107.151.182.58:38024] AH02811: script not found or unable to stat: C:/Apache24/cgi-bin/authLogin.cgi
[Sat Jun 22 11:25:29.190002 2024] [cgi:error] [pid 4964:tid 652] [client 172.31.3.234:30390] AH02811: script not found or unable to stat: C:/Apache24/cgi-bin/cmn, referer: https://www.isi-apache.com/cgi-bin/topics_CS1963/topics.cgi
[Sat Jun 22 15:10:42.556905 2024] [cgi:error] [pid 4964:tid 696] [client 45.148.10.174:39166] AH02811: script not found or unable to stat: C:/Apache24/cgi-bin/luci
[Sat Jun 22 15:10:43.036882 2024] [cgi:error] [pid 4964:tid 836] [client 45.148.10.174:39176] AH02811: script not found or unable to stat: C:/Apache24/cgi-bin/luci
[Sat Jun 22 18:43:01.629293 2024] [win32:error] [pid 4964:tid 980] [client 172.31.35.97:26336] AH02102: C:/Apache24/cgi-bin/topics_CS2711_03/img/6-1.tif is not executable; ensure interpreted scripts have "#!" or "'!" first line
[Sat Jun 22 18:43:01.629293 2024] [cgi:error] [pid 4964:tid 980] (9)Bad file descriptor: [client 172.31.35.97:26336] AH01222: don't know how to spawn child process: C:/Apache24/cgi-bin/topics_CS2711_03/img/6-1.tif
[Sat Jun 22 22:03:25.744790 2024] [cgi:error] [pid 4964:tid 696] [client 172.31.35.97:19470] AH02811: script not found or unable to stat: C:/Apache24/cgi-bin/cmn, referer: https://www.isi-apache.com/cgi-bin/topics_CS1963/topics.cgi
[Sat Jun 22 23:28:19.980776 2024] [cgi:error] [pid 4964:tid 836] [client 172.31.3.234:32716] AH02811: script not found or unable to stat: C:/Apache24/cgi-bin/cmn, referer: https://www.isi-apache.com/
[Sun Jun 23 01:30:37.071439 2024] [cgi:error] [pid 4964:tid 896] [client 172.31.3.234:32266] AH02812: attempt to invoke directory as script: C:/Apache24/cgi-bin/
[Sun Jun 23 01:30:48.508901 2024] [cgi:error] [pid 4964:tid 752] [client 172.31.3.234:20654] AH02809: Options ExecCGI is off in this directory: C:/Apache24/bin/dbmmanage.pl
[Sun Jun 23 01:38:30.505681 2024] [cgi:error] [pid 4964:tid 752] [client 172.31.3.234:53872] AH02812: attempt to invoke directory as script: C:/Apache24/cgi-bin/
[Sun Jun 23 01:52:08.002686 2024] [cgi:error] [pid 4964:tid 752] [client 172.31.35.97:9952] AH02811: script not found or unable to stat: C:/Apache24/cgi-bin/.env
[Sun Jun 23 01:52:18.585240 2024] [core:error] [pid 4964:tid 752] (22)Invalid argument: [client 172.31.35.97:56174] AH00127: Cannot map GET /%c0 HTTP/1.1 to file
[Sun Jun 23 02:07:21.142473 2024] [cgi:error] [pid 4964:tid 752] [client 172.31.35.97:1048] AH02809: Options ExecCGI is off in this directory: C:/Apache24/debug.cgi
[Sun Jun 23 02:08:20.055873 2024] [cgi:error] [pid 4964:tid 752] [client 172.31.35.97:59154] AH02809: Options ExecCGI is off in this directory: C:/Apache24/config.rb
[Sun Jun 23 02:34:13.848252 2024] [cgi:error] [pid 4964:tid 752] [client 172.31.3.234:52176] AH02811: script not found or unable to stat: C:/Apache24/cgi-bin/cmn, referer: https://www.isi-apache.com/cgi-bin/topics_CS1963/topics.cgi
[Sun Jun 23 03:05:13.370950 2024] [cgi:error] [pid 4964:tid 836] [client 172.31.3.234:63638] AH02811: script not found or unable to stat: C:/Apache24/cgi-bin/cmn, referer: https://www.isi-apache.com/cgi-bin/topics_CS2172/topics.cgi
[Sun Jun 23 03:30:39.858951 2024] [cgi:error] [pid 4964:tid 752] [client 172.31.35.97:33708] AH02811: script not found or unable to stat: C:/Apache24/cgi-bin/cmn, referer: https://www.isi-apache.com/cgi-bin/topics_CS2172/topics.cgi
[Sun Jun 23 05:16:08.327191 2024] [core:error] [pid 4964:tid 644] [client 103.39.93.93:49126] AH00126: Invalid URI in request POST /cgi-bin/.%2e/.%2e/.%2e/.%2e/.%2e/.%2e/.%2e/.%2e/.%2e/.%2e/bin/sh HTTP/1.1
[Sun Jun 23 06:01:43.568440 2024] [cgi:error] [pid 4964:tid 720] [client 18.170.230.92:46910] AH02811: script not found or unable to stat: C:/Apache24/cgi-bin/login.cgi
[Sun Jun 23 06:05:03.818858 2024] [cgi:error] [pid 4964:tid 644] [client 172.31.35.97:59166] AH02811: script not found or unable to stat: C:/Apache24/cgi-bin/cmn, referer: https://www.isi-apache.com/cgi-bin/topics_CS2172/topics.cgi
[Sun Jun 23 07:34:38.546101 2024] [cgi:error] [pid 4964:tid 752] [client 45.148.10.174:50262] AH02811: script not found or unable to stat: C:/Apache24/cgi-bin/luci
[Sun Jun 23 07:34:39.002096 2024] [cgi:error] [pid 4964:tid 980] [client 45.148.10.174:50276] AH02811: script not found or unable to stat: C:/Apache24/cgi-bin/luci
[Sun Jun 23 07:52:21.455505 2024] [core:error] [pid 4964:tid 848] [client 195.170.172.128:40110] AH00126: Invalid URI in request GET stager64 HTTP/1.1
[Sun Jun 23 10:04:18.603021 2024] [cgi:error] [pid 4964:tid 848] [client 172.31.3.234:25398] AH02811: script not found or unable to stat: C:/Apache24/cgi-bin/cmn, referer: https://www.isi-apache.com/
[Sun Jun 23 10:36:52.741545 2024] [cgi:error] [pid 4964:tid 652] [client 172.31.35.97:48942] AH02811: script not found or unable to stat: C:/Apache24/cgi-bin/cmn, referer: https://www.isi-apache.com/
[Sun Jun 23 13:00:15.313862 2024] [cgi:error] [pid 4964:tid 652] [client 185.191.127.212:43608] AH02811: script not found or unable to stat: C:/Apache24/cgi-bin/luci
[Sun Jun 23 13:54:58.215977 2024] [cgi:error] [pid 4964:tid 1060] [client 172.31.35.97:44230] AH02811: script not found or unable to stat: C:/Apache24/cgi-bin/cmn, referer: https://www.isi-apache.com/cgi-bin/topics_CS2173_01/topics.cgi
[Sun Jun 23 14:29:06.280986 2024] [cgi:error] [pid 4964:tid 1060] [client 45.148.10.174:35964] AH02811: script not found or unable to stat: C:/Apache24/cgi-bin/luci
[Sun Jun 23 14:29:06.741990 2024] [cgi:error] [pid 4964:tid 696] [client 45.148.10.174:35972] AH02811: script not found or unable to stat: C:/Apache24/cgi-bin/luci
[Sun Jun 23 14:54:09.405694 2024] [cgi:error] [pid 4964:tid 848] [client 172.31.35.97:33292] AH02811: script not found or unable to stat: C:/Apache24/cgi-bin/cmn, referer: https://www.isi-apache.com/
[Sun Jun 23 14:55:41.518283 2024] [cgi:error] [pid 4964:tid 944] [client 66.249.66.64:62145] AH02809: Options ExecCGI is off in this directory: C:/Apache24/bin/dbmmanage.pl
[Sun Jun 23 15:26:35.468832 2024] [cgi:error] [pid 4964:tid 944] [client 172.31.35.97:3476] AH02811: script not found or unable to stat: C:/Apache24/cgi-bin/cmn, referer: https://www.isi-apache.com/cgi-bin/topics_CS1963/topics.cgi
[Sun Jun 23 15:29:26.322799 2024] [cgi:error] [pid 4964:tid 652] [client 172.31.35.97:54060] AH02811: script not found or unable to stat: C:/Apache24/cgi-bin/cmn, referer: https://www.isi-apache.com/
[Sun Jun 23 15:29:38.532283 2024] [cgi:error] [pid 4964:tid 652] [client 172.31.35.97:33268] AH02811: script not found or unable to stat: C:/Apache24/cgi-bin/cmn, referer: https://www.isi-apache.com/
[Sun Jun 23 16:12:56.836259 2024] [core:error] [pid 4964:tid 896] [client 8.209.79.63:54038] AH00126: Invalid URI in request POST /cgi-bin/.%2e/.%2e/.%2e/.%2e/.%2e/.%2e/.%2e/.%2e/.%2e/.%2e/bin/sh HTTP/1.1
[Sun Jun 23 16:25:43.584571 2024] [core:error] [pid 4964:tid 1060] [client 34.172.237.230:48776] AH00126: Invalid URI in request POST /cgi-bin/.%2e/.%2e/.%2e/.%2e/.%2e/.%2e/.%2e/.%2e/.%2e/.%2e/bin/sh HTTP/1.1
[Sun Jun 23 16:27:46.175144 2024] [cgi:error] [pid 4964:tid 1060] [client 172.31.3.234:61620] AH02811: script not found or unable to stat: C:/Apache24/cgi-bin/cmn, referer: https://www.isi-apache.com/cgi-bin/topics_CS1963/topics.cgi
[Sun Jun 23 18:32:28.881908 2024] [cgi:error] [pid 4964:tid 1060] [client 172.31.3.234:42462] AH02811: script not found or unable to stat: C:/Apache24/cgi-bin/cmn, referer: https://www.isi-apache.com/cgi-bin/topics_CS1963/topics.cgi
[Sun Jun 23 18:34:07.729184 2024] [cgi:error] [pid 4964:tid 1060] [client 172.31.3.234:6136] AH02811: script not found or unable to stat: C:/Apache24/cgi-bin/cmn, referer: https://www.isi-apache.com/cgi-bin/topics_CS1963/topics.cgi
[Sun Jun 23 18:49:16.057320 2024] [cgi:error] [pid 4964:tid 944] [client 172.31.3.234:54894] AH02811: script not found or unable to stat: C:/Apache24/cgi-bin/cmn, referer: https://www.isi-apache.com/cgi-bin/topics_CS1963/topics.cgi
[Sun Jun 23 18:49:26.663815 2024] [cgi:error] [pid 4964:tid 944] [client 172.31.3.234:19378] AH02811: script not found or unable to stat: C:/Apache24/cgi-bin/cmn, referer: https://www.isi-apache.com/cgi-bin/topics_CS1963/topics.cgi
[Sun Jun 23 20:57:02.943258 2024] [cgi:error] [pid 4964:tid 1060] [client 45.148.10.174:51622] AH02811: script not found or unable to stat: C:/Apache24/cgi-bin/luci
[Sun Jun 23 20:57:03.789234 2024] [cgi:error] [pid 4964:tid 980] [client 45.148.10.174:51630] AH02811: script not found or unable to stat: C:/Apache24/cgi-bin/luci
[Mon Jun 24 01:16:17.357879 2024] [cgi:error] [pid 4964:tid 720] [client 172.31.35.97:46200] AH02811: script not found or unable to stat: C:/Apache24/cgi-bin/cmn, referer: https://www.isi-apache.com/
[Mon Jun 24 02:05:32.762825 2024] [core:error] [pid 4964:tid 696] [client 45.148.120.82:54042] AH00126: Invalid URI in request POST /cgi-bin/.%2e/.%2e/.%2e/.%2e/.%2e/.%2e/.%2e/.%2e/.%2e/.%2e/bin/sh HTTP/1.1
[Mon Jun 24 02:32:14.579069 2024] [core:error] [pid 4964:tid 944] [client 47.245.32.141:48200] AH00126: Invalid URI in request POST /cgi-bin/.%2e/.%2e/.%2e/.%2e/.%2e/.%2e/.%2e/.%2e/.%2e/.%2e/bin/sh HTTP/1.1
[Mon Jun 24 06:09:49.590123 2024] [core:error] [pid 4964:tid 944] [client 113.31.186.216:43150] AH00126: Invalid URI in request POST /cgi-bin/.%2e/.%2e/.%2e/.%2e/.%2e/.%2e/.%2e/.%2e/.%2e/.%2e/bin/sh HTTP/1.1
[Mon Jun 24 06:43:00.525439 2024] [cgi:error] [pid 4964:tid 944] [client 185.191.127.212:50800] AH02811: script not found or unable to stat: C:/Apache24/cgi-bin/luci
[Mon Jun 24 06:45:39.693168 2024] [cgi:error] [pid 4964:tid 720] [client 172.31.3.234:21562] AH02811: script not found or unable to stat: C:/Apache24/cgi-bin/cmn, referer: https://www.isi-apache.com/cgi-bin/topics_CS2172/topics.cgi
[Mon Jun 24 07:20:33.379568 2024] [core:error] [pid 4964:tid 652] [client 185.91.69.110:45658] AH00126: Invalid URI in request GET stager64 HTTP/1.1
[Mon Jun 24 08:18:18.397603 2024] [cgi:error] [pid 4964:tid 644] [client 152.32.249.95:57972] AH02812: attempt to invoke directory as script: C:/Apache24/cgi-bin/
[Mon Jun 24 09:29:38.930288 2024] [cgi:error] [pid 4964:tid 848] [client 43.133.9.79:47340] AH02809: Options ExecCGI is off in this directory: C:/Apache24/app.rb
[Mon Jun 24 10:40:04.315805 2024] [cgi:error] [pid 4964:tid 820] [client 172.31.35.97:8986] AH02811: script not found or unable to stat: C:/Apache24/cgi-bin/cmn, referer: https://www.isi-apache.com/cgi-bin/topics_CS2172/topics.cgi
[Mon Jun 24 10:51:54.910013 2024] [cgi:error] [pid 4964:tid 644] [client 45.148.10.174:47486] AH02811: script not found or unable to stat: C:/Apache24/cgi-bin/luci
[Mon Jun 24 10:51:55.374001 2024] [cgi:error] [pid 4964:tid 896] [client 45.148.10.174:47498] AH02811: script not found or unable to stat: C:/Apache24/cgi-bin/luci
[Mon Jun 24 11:20:30.465961 2024] [cgi:error] [pid 4964:tid 820] [client 172.31.3.234:22630] AH02811: script not found or unable to stat: C:/Apache24/cgi-bin/cmn, referer: https://www.isi-apache.com/
[Mon Jun 24 13:01:40.552241 2024] [cgi:error] [pid 4964:tid 820] [client 172.31.3.234:20732] AH02811: script not found or unable to stat: C:/Apache24/cgi-bin/cmn, referer: https://www.isi-apache.com/
[Mon Jun 24 15:01:30.878464 2024] [cgi:error] [pid 4964:tid 980] [client 172.31.35.97:49962] AH02811: script not found or unable to stat: C:/Apache24/cgi-bin/cmn, referer: https://www.isi-apache.com/
[Mon Jun 24 17:35:55.189491 2024] [cgi:error] [pid 4964:tid 1060] [client 172.31.3.234:5224] AH02811: script not found or unable to stat: C:/Apache24/cgi-bin/cmn, referer: https://www.isi-apache.com/cgi-bin/topics_CS1963/topics.cgi
[Mon Jun 24 17:36:10.632798 2024] [cgi:error] [pid 4964:tid 1060] [client 172.31.3.234:39988] AH02811: script not found or unable to stat: C:/Apache24/cgi-bin/cmn, referer: https://www.isi-apache.com/cgi-bin/topics_CS1963/topics.cgi
[Mon Jun 24 18:29:31.317901 2024] [cgi:error] [pid 4964:tid 752] [client 172.31.42.81:8564] AH02809: Options ExecCGI is off in this directory: C:/Apache24/Yhoe4HJVV3l_.cgi
[Mon Jun 24 18:29:32.059890 2024] [cgi:error] [pid 4964:tid 752] [client 172.31.42.81:8564] AH02809: Options ExecCGI is off in this directory: C:/Apache24/Yhoe4HJVV3l_.pl
[Mon Jun 24 18:29:36.566681 2024] [cgi:error] [pid 4964:tid 752] [client 172.31.42.81:8564] AH02811: script not found or unable to stat: C:/Apache24/cgi-bin/Yhoe4HJVV3l_.cgi
[Mon Jun 24 18:29:37.722607 2024] [cgi:error] [pid 4964:tid 752] [client 172.31.42.81:8564] AH02811: script not found or unable to stat: C:/Apache24/cgi-bin/Yhoe4HJVV3l_.inc
[Mon Jun 24 18:29:38.488564 2024] [cgi:error] [pid 4964:tid 752] [client 172.31.42.81:8564] AH02811: script not found or unable to stat: C:/Apache24/cgi-bin/Yhoe4HJVV3l_.php
[Mon Jun 24 18:29:39.268518 2024] [cgi:error] [pid 4964:tid 752] [client 172.31.42.81:8564] AH02811: script not found or unable to stat: C:/Apache24/cgi-bin/Yhoe4HJVV3l_.php4
[Mon Jun 24 18:29:39.639486 2024] [cgi:error] [pid 4964:tid 752] [client 172.31.42.81:8564] AH02811: script not found or unable to stat: C:/Apache24/cgi-bin/Yhoe4HJVV3l_.php5
[Mon Jun 24 18:29:40.409470 2024] [cgi:error] [pid 4964:tid 752] [client 172.31.42.81:8564] AH02811: script not found or unable to stat: C:/Apache24/cgi-bin/Yhoe4HJVV3l_.cfm
[Mon Jun 24 18:30:47.356281 2024] [cgi:error] [pid 4964:tid 820] [client 172.31.42.81:63454] AH02811: script not found or unable to stat: C:/Apache24/cgi-bin/koha
[Mon Jun 24 18:31:09.817193 2024] [cgi:error] [pid 4964:tid 752] [client 172.31.42.81:20780] AH02809: Options ExecCGI is off in this directory: C:/Apache24/login.cgi
[Mon Jun 24 18:31:14.617953 2024] [cgi:error] [pid 4964:tid 752] [client 172.31.42.81:20780] AH02811: script not found or unable to stat: C:/Apache24/cgi-bin/login
[Mon Jun 24 18:31:20.218707 2024] [cgi:error] [pid 4964:tid 752] [client 172.31.42.81:20780] AH02811: script not found or unable to stat: C:/Apache24/cgi-bin/login.cgi
[Mon Jun 24 18:31:25.239464 2024] [cgi:error] [pid 4964:tid 820] [client 172.31.42.81:47634] AH02809: Options ExecCGI is off in this directory: C:/Apache24/wt2parser.cgi
[Mon Jun 24 18:31:28.285287 2024] [cgi:error] [pid 4964:tid 752] [client 172.31.42.81:20780] AH02809: Options ExecCGI is off in this directory: C:/Apache24/t_welcom.cgi
[Mon Jun 24 18:31:35.357981 2024] [cgi:error] [pid 4964:tid 752] [client 172.31.42.81:20780] AH02811: script not found or unable to stat: C:/Apache24/cgi-bin/home.ha
[Mon Jun 24 18:31:44.454488 2024] [cgi:error] [pid 4964:tid 752] [client 172.31.42.81:20780] AH02811: script not found or unable to stat: C:/Apache24/cgi-bin/top.cgi
[Mon Jun 24 18:31:47.924325 2024] [cgi:error] [pid 4964:tid 820] [client 172.31.42.81:64912] AH02809: Options ExecCGI is off in this directory: C:/Apache24/index.cgi
[Mon Jun 24 18:31:50.772225 2024] [cgi:error] [pid 4964:tid 820] [client 172.31.42.81:64912] AH02811: script not found or unable to stat: C:/Apache24/cgi-bin/authLogin.cgi
[Mon Jun 24 18:39:28.636358 2024] [cgi:error] [pid 4964:tid 720] [client 172.31.42.81:30032] AH02811: script not found or unable to stat: C:/Apache24/cgi-bin/cgiwrap
[Mon Jun 24 18:47:28.206669 2024] [cgi:error] [pid 4964:tid 644] [client 172.31.42.81:57446] AH02811: script not found or unable to stat: C:/Apache24/cgi-bin/mapserv.exe
[Mon Jun 24 18:48:27.292068 2024] [cgi:error] [pid 4964:tid 848] [client 172.31.42.81:34706] AH02809: Options ExecCGI is off in this directory: C:/Apache24/public.pl
[Mon Jun 24 18:48:27.693083 2024] [cgi:error] [pid 4964:tid 848] [client 172.31.42.81:34706] AH02809: Options ExecCGI is off in this directory: C:/Apache24/installer.pl
[Mon Jun 24 18:48:28.111096 2024] [cgi:error] [pid 4964:tid 848] [client 172.31.42.81:34706] AH02809: Options ExecCGI is off in this directory: C:/Apache24/index.pl
[Mon Jun 24 18:48:28.500073 2024] [cgi:error] [pid 4964:tid 848] [client 172.31.42.81:34706] AH02809: Options ExecCGI is off in this directory: C:/Apache24/index.pl
[Mon Jun 24 18:48:33.880834 2024] [cgi:error] [pid 4964:tid 848] [client 172.31.42.81:34706] AH02809: Options ExecCGI is off in this directory: C:/Apache24/conf/public.pl
[Mon Jun 24 18:48:34.268818 2024] [cgi:error] [pid 4964:tid 848] [client 172.31.42.81:34706] AH02809: Options ExecCGI is off in this directory: C:/Apache24/conf/installer.pl
[Mon Jun 24 18:48:34.705784 2024] [cgi:error] [pid 4964:tid 848] [client 172.31.42.81:34706] AH02809: Options ExecCGI is off in this directory: C:/Apache24/conf/index.pl
[Mon Jun 24 18:48:35.127796 2024] [cgi:error] [pid 4964:tid 848] [client 172.31.42.81:34706] AH02809: Options ExecCGI is off in this directory: C:/Apache24/conf/index.pl
[Mon Jun 24 18:48:35.548745 2024] [cgi:error] [pid 4964:tid 848] [client 172.31.42.81:34706] AH02809: Options ExecCGI is off in this directory: C:/Apache24/lib/public.pl
[Mon Jun 24 18:48:36.390703 2024] [cgi:error] [pid 4964:tid 848] [client 172.31.42.81:34706] AH02809: Options ExecCGI is off in this directory: C:/Apache24/lib/index.pl
[Mon Jun 24 18:48:36.786721 2024] [cgi:error] [pid 4964:tid 848] [client 172.31.42.81:34706] AH02809: Options ExecCGI is off in this directory: C:/Apache24/lib/index.pl
[Mon Jun 24 18:48:37.173690 2024] [cgi:error] [pid 4964:tid 848] [client 172.31.42.81:34706] AH02809: Options ExecCGI is off in this directory: C:/Apache24/bin/public.pl
[Mon Jun 24 18:48:38.360617 2024] [cgi:error] [pid 4964:tid 848] [client 172.31.42.81:34706] AH02809: Options ExecCGI is off in this directory: C:/Apache24/bin/index.pl
[Mon Jun 24 18:48:39.591569 2024] [cgi:error] [pid 4964:tid 848] [client 172.31.42.81:34706] AH02809: Options ExecCGI is off in this directory: C:/Apache24/include/index.pl
[Mon Jun 24 18:48:41.713481 2024] [cgi:error] [pid 4964:tid 848] [client 172.31.42.81:34706] AH02809: Options ExecCGI is off in this directory: C:/Apache24/logs/index.pl
[Mon Jun 24 18:49:14.503065 2024] [cgi:error] [pid 4964:tid 848] [client 172.31.42.81:42896] AH02811: script not found or unable to stat: C:/Apache24/cgi-bin/config.cgi
[Mon Jun 24 18:49:49.455558 2024] [cgi:error] [pid 4964:tid 1060] [client 172.31.42.81:8146] AH02809: Options ExecCGI is off in this directory: C:/Apache24/nmiscgi.pl
[Mon Jun 24 18:49:50.300560 2024] [cgi:error] [pid 4964:tid 1060] [client 172.31.42.81:8146] AH02809: Options ExecCGI is off in this directory: C:/Apache24/lib/nmiscgi.pl
[Mon Jun 24 18:49:51.096508 2024] [cgi:error] [pid 4964:tid 1060] [client 172.31.42.81:8146] AH02809: Options ExecCGI is off in this directory: C:/Apache24/include/nmiscgi.pl
[Mon Jun 24 18:51:19.343746 2024] [cgi:error] [pid 4964:tid 1060] [client 172.31.42.81:10092] AH02811: script not found or unable to stat: C:/Apache24/cgi-bin/api.cgi
[Mon Jun 24 18:51:38.072907 2024] [core:error] [pid 4964:tid 720] [client 172.31.42.81:6056] AH00135: Invalid method in request VTTEST / HTTP/1.1
[Mon Jun 24 18:51:50.226385 2024] [core:error] [pid 4964:tid 644] [client 172.31.42.81:6086] AH00135: Invalid method in request MOZILLAVT /index.htm HTTP/1.1
[Mon Jun 24 18:53:13.441811 2024] [cgi:error] [pid 4964:tid 1060] [client 172.31.42.81:61090] AH02809: Options ExecCGI is off in this directory: C:/Apache24/index.pl
[Mon Jun 24 18:53:16.512677 2024] [cgi:error] [pid 4964:tid 1060] [client 172.31.42.81:61090] AH02809: Options ExecCGI is off in this directory: C:/Apache24/index.cgi
[Mon Jun 24 18:53:52.813089 2024] [core:error] [pid 4964:tid 1060] [client 172.31.42.81:15890] AH00135: Invalid method in request MOZILLAVT /index.do HTTP/1.1
[Mon Jun 24 18:54:12.387251 2024] [core:error] [pid 4964:tid 720] [client 172.31.42.81:29454] AH00135: Invalid method in request MOZILLAVT /index.cfm HTTP/1.1
[Mon Jun 24 18:54:34.725302 2024] [cgi:error] [pid 4964:tid 1060] [client 172.31.42.81:29470] AH02809: Options ExecCGI is off in this directory: C:/Apache24/conf/awstats.pl
[Mon Jun 24 18:54:35.553261 2024] [cgi:error] [pid 4964:tid 1060] [client 172.31.42.81:29470] AH02809: Options ExecCGI is off in this directory: C:/Apache24/bin/awstats.pl
[Mon Jun 24 18:54:52.872519 2024] [cgi:error] [pid 4964:tid 544] [client 172.31.42.81:26668] AH02809: Options ExecCGI is off in this directory: C:/Apache24/bizdb1-search.cgi
[Mon Jun 24 18:55:08.851831 2024] [cgi:error] [pid 4964:tid 544] [client 172.31.42.81:26668] AH02809: Options ExecCGI is off in this directory: C:/Apache24/conf/index.cgi
[Mon Jun 24 18:55:09.662792 2024] [cgi:error] [pid 4964:tid 544] [client 172.31.42.81:26668] AH02809: Options ExecCGI is off in this directory: C:/Apache24/bin/index.cgi
[Mon Jun 24 18:55:09.894789 2024] [cgi:error] [pid 4964:tid 1060] [client 172.31.42.81:29470] AH02809: Options ExecCGI is off in this directory: C:/Apache24/index.cgi
[Mon Jun 24 18:55:10.468754 2024] [cgi:error] [pid 4964:tid 544] [client 172.31.42.81:26668] AH02809: Options ExecCGI is off in this directory: C:/Apache24/logs/index.cgi
[Mon Jun 24 18:55:16.077489 2024] [cgi:error] [pid 4964:tid 544] [client 172.31.42.81:19858] AH02809: Options ExecCGI is off in this directory: C:/Apache24/index.cgi
[Mon Jun 24 18:55:23.608193 2024] [cgi:error] [pid 4964:tid 1060] [client 172.31.42.81:45412] AH02809: Options ExecCGI is off in this directory: C:/Apache24/cgi.rb
[Mon Jun 24 18:55:24.367182 2024] [cgi:error] [pid 4964:tid 1060] [client 172.31.42.81:45412] AH02809: Options ExecCGI is off in this directory: C:/Apache24/conf/cgi.rb
[Mon Jun 24 18:55:37.499592 2024] [cgi:error] [pid 4964:tid 544] [client 172.31.42.81:19864] AH02809: Options ExecCGI is off in this directory: C:/Apache24/index.pl
[Mon Jun 24 18:55:38.960569 2024] [cgi:error] [pid 4964:tid 1060] [client 172.31.42.81:45412] AH02809: Options ExecCGI is off in this directory: C:/Apache24/index.pl
[Mon Jun 24 18:55:54.484864 2024] [core:error] [pid 4964:tid 644] [client 172.31.42.81:10032] AH00135: Invalid method in request MOZILLAVT /index.action HTTP/1.1
[Mon Jun 24 18:56:26.513504 2024] [cgi:error] [pid 4964:tid 1060] [client 172.31.42.81:20352] AH02809: Options ExecCGI is off in this directory: C:/Apache24/index.pl
[Mon Jun 24 18:56:28.253451 2024] [cgi:error] [pid 4964:tid 1060] [client 172.31.42.81:20352] AH02809: Options ExecCGI is off in this directory: C:/Apache24/lib/Count.cgi
[Mon Jun 24 18:56:28.680394 2024] [cgi:error] [pid 4964:tid 1060] [client 172.31.42.81:20352] AH02809: Options ExecCGI is off in this directory: C:/Apache24/bin/Count.cgi
[Mon Jun 24 18:56:29.438376 2024] [cgi:error] [pid 4964:tid 1060] [client 172.31.42.81:20352] AH02809: Options ExecCGI is off in this directory: C:/Apache24/logs/Count.cgi
[Mon Jun 24 18:56:46.534646 2024] [cgi:error] [pid 4964:tid 1060] [client 172.31.42.81:20352] AH02809: Options ExecCGI is off in this directory: C:/Apache24/cvsweb.cgi
[Mon Jun 24 18:56:46.615622 2024] [cgi:error] [pid 4964:tid 544] [client 172.31.42.81:28482] AH02811: script not found or unable to stat: C:/Apache24/cgi-bin/run-cvstrac
[Mon Jun 24 18:56:46.950617 2024] [cgi:error] [pid 4964:tid 1060] [client 172.31.42.81:20352] AH02809: Options ExecCGI is off in this directory: C:/Apache24/conf/cvsweb.cgi
[Mon Jun 24 18:56:47.359611 2024] [cgi:error] [pid 4964:tid 1060] [client 172.31.42.81:20352] AH02809: Options ExecCGI is off in this directory: C:/Apache24/lib/cvsweb.cgi
[Mon Jun 24 18:56:47.761580 2024] [cgi:error] [pid 4964:tid 1060] [client 172.31.42.81:20352] AH02809: Options ExecCGI is off in this directory: C:/Apache24/bin/cvsweb.cgi
[Mon Jun 24 18:56:48.138599 2024] [cgi:error] [pid 4964:tid 1060] [client 172.31.42.81:20352] AH02809: Options ExecCGI is off in this directory: C:/Apache24/include/cvsweb.cgi
[Mon Jun 24 18:56:48.536538 2024] [cgi:error] [pid 4964:tid 1060] [client 172.31.42.81:20352] AH02809: Options ExecCGI is off in this directory: C:/Apache24/logs/cvsweb.cgi
[Mon Jun 24 18:57:04.569848 2024] [cgi:error] [pid 4964:tid 544] [client 172.31.42.81:28482] AH02809: Options ExecCGI is off in this directory: C:/Apache24/ag.cgi
[Mon Jun 24 18:57:07.114757 2024] [cgi:error] [pid 4964:tid 1060] [client 172.31.42.81:62412] AH02809: Options ExecCGI is off in this directory: C:/Apache24/conf/dcshop.pl
[Mon Jun 24 18:57:07.262751 2024] [cgi:error] [pid 4964:tid 544] [client 172.31.42.81:28482] AH02811: script not found or unable to stat: C:/Apache24/cgi-bin/cbag
[Mon Jun 24 18:57:07.930713 2024] [cgi:error] [pid 4964:tid 1060] [client 172.31.42.81:62412] AH02809: Options ExecCGI is off in this directory: C:/Apache24/conf/dcshop.cgi
[Mon Jun 24 18:57:08.702673 2024] [cgi:error] [pid 4964:tid 1060] [client 172.31.42.81:62412] AH02809: Options ExecCGI is off in this directory: C:/Apache24/lib/dcshop.pl
[Mon Jun 24 18:57:09.508661 2024] [cgi:error] [pid 4964:tid 1060] [client 172.31.42.81:62412] AH02809: Options ExecCGI is off in this directory: C:/Apache24/lib/dcshop.cgi
[Mon Jun 24 18:57:10.291651 2024] [cgi:error] [pid 4964:tid 1060] [client 172.31.42.81:62412] AH02809: Options ExecCGI is off in this directory: C:/Apache24/bin/dcshop.pl
[Mon Jun 24 18:57:11.006585 2024] [cgi:error] [pid 4964:tid 1060] [client 172.31.42.81:62412] AH02809: Options ExecCGI is off in this directory: C:/Apache24/bin/dcshop.cgi
[Mon Jun 24 18:57:11.740549 2024] [cgi:error] [pid 4964:tid 1060] [client 172.31.42.81:62412] AH02809: Options ExecCGI is off in this directory: C:/Apache24/include/dcshop.pl
[Mon Jun 24 18:57:11.987541 2024] [cgi:error] [pid 4964:tid 544] [client 172.31.42.81:28482] AH02809: Options ExecCGI is off in this directory: C:/Apache24/conf/ag.cgi
[Mon Jun 24 18:57:12.490502 2024] [cgi:error] [pid 4964:tid 1060] [client 172.31.42.81:62412] AH02809: Options ExecCGI is off in this directory: C:/Apache24/include/dcshop.cgi
[Mon Jun 24 18:57:13.261486 2024] [cgi:error] [pid 4964:tid 1060] [client 172.31.42.81:62412] AH02809: Options ExecCGI is off in this directory: C:/Apache24/logs/dcshop.pl
[Mon Jun 24 18:57:14.065455 2024] [cgi:error] [pid 4964:tid 1060] [client 172.31.42.81:62412] AH02809: Options ExecCGI is off in this directory: C:/Apache24/logs/dcshop.cgi
[Mon Jun 24 18:57:36.374391 2024] [cgi:error] [pid 4964:tid 544] [client 172.31.42.81:34630] AH02809: Options ExecCGI is off in this directory: C:/Apache24/include/ag.cgi
[Mon Jun 24 18:57:43.767992 2024] [cgi:error] [pid 4964:tid 1060] [client 172.31.42.81:10692] AH02811: script not found or unable to stat: C:/Apache24/cgi-bin/dna
[Mon Jun 24 18:58:37.989449 2024] [core:error] [pid 4964:tid 820] [client 172.31.42.81:33950] AH00135: Invalid method in request MOZILLAVT /index.htm HTTP/1.1
[Mon Jun 24 18:58:39.516334 2024] [cgi:error] [pid 4964:tid 820] [client 172.31.42.81:32040] AH02809: Options ExecCGI is off in this directory: C:/Apache24/index.pl
[Mon Jun 24 18:58:42.499190 2024] [cgi:error] [pid 4964:tid 820] [client 172.31.42.81:32040] AH02809: Options ExecCGI is off in this directory: C:/Apache24/index.pl
[Mon Jun 24 18:58:45.617047 2024] [cgi:error] [pid 4964:tid 820] [client 172.31.42.81:32040] AH02809: Options ExecCGI is off in this directory: C:/Apache24/index.pl
[Mon Jun 24 18:58:54.911612 2024] [cgi:error] [pid 4964:tid 820] [client 172.31.42.81:32040] AH02809: Options ExecCGI is off in this directory: C:/Apache24/index.cgi
[Mon Jun 24 18:58:55.256631 2024] [cgi:error] [pid 4964:tid 1060] [client 172.31.42.81:10700] AH02809: Options ExecCGI is off in this directory: C:/Apache24/formmail.pl.cgi
[Mon Jun 24 18:58:56.068560 2024] [cgi:error] [pid 4964:tid 1060] [client 172.31.42.81:10700] AH02809: Options ExecCGI is off in this directory: C:/Apache24/FormMail.pl
[Mon Jun 24 18:58:56.483524 2024] [cgi:error] [pid 4964:tid 1060] [client 172.31.42.81:10700] AH02809: Options ExecCGI is off in this directory: C:/Apache24/conf/formmail.pl
[Mon Jun 24 18:58:57.239506 2024] [cgi:error] [pid 4964:tid 1060] [client 172.31.42.81:10700] AH02809: Options ExecCGI is off in this directory: C:/Apache24/conf/FormMail.cgi
[Mon Jun 24 18:58:57.882490 2024] [cgi:error] [pid 4964:tid 1060] [client 172.31.42.81:10700] AH02809: Options ExecCGI is off in this directory: C:/Apache24/index.cgi
[Mon Jun 24 18:58:58.547423 2024] [cgi:error] [pid 4964:tid 1060] [client 172.31.42.81:10700] AH02809: Options ExecCGI is off in this directory: C:/Apache24/lib/formmail.pl.cgi
[Mon Jun 24 18:58:59.351408 2024] [cgi:error] [pid 4964:tid 1060] [client 172.31.42.81:10700] AH02809: Options ExecCGI is off in this directory: C:/Apache24/lib/FormMail.pl
[Mon Jun 24 18:59:00.229363 2024] [cgi:error] [pid 4964:tid 1060] [client 172.31.42.81:10700] AH02809: Options ExecCGI is off in this directory: C:/Apache24/bin/formmail.pl.cgi
[Mon Jun 24 18:59:01.042322 2024] [cgi:error] [pid 4964:tid 1060] [client 172.31.42.81:10700] AH02809: Options ExecCGI is off in this directory: C:/Apache24/bin/FormMail.pl
[Mon Jun 24 18:59:01.864275 2024] [cgi:error] [pid 4964:tid 1060] [client 172.31.42.81:3830] AH02809: Options ExecCGI is off in this directory: C:/Apache24/include/formmail.pl.cgi
[Mon Jun 24 18:59:03.039221 2024] [cgi:error] [pid 4964:tid 1060] [client 172.31.42.81:3830] AH02809: Options ExecCGI is off in this directory: C:/Apache24/logs/formmail.pl
[Mon Jun 24 18:59:03.441186 2024] [cgi:error] [pid 4964:tid 1060] [client 172.31.42.81:3830] AH02809: Options ExecCGI is off in this directory: C:/Apache24/logs/formmail.pl.cgi
[Mon Jun 24 18:59:03.809214 2024] [cgi:error] [pid 4964:tid 1060] [client 172.31.42.81:3830] AH02809: Options ExecCGI is off in this directory: C:/Apache24/logs/FormMail.cgi
[Mon Jun 24 18:59:08.966937 2024] [core:error] [pid 4964:tid 1060] [client 172.31.42.81:3830] AH00135: Invalid method in request MOZILLAVT /index.cfm HTTP/1.1
[Mon Jun 24 18:59:28.856001 2024] [cgi:error] [pid 4964:tid 1060] [client 172.31.42.81:15128] AH02809: Options ExecCGI is off in this directory: C:/Apache24/conf/listinfo.cgi
[Mon Jun 24 18:59:31.323873 2024] [cgi:error] [pid 4964:tid 1060] [client 172.31.42.81:15128] AH02809: Options ExecCGI is off in this directory: C:/Apache24/bin/listinfo.cgi
[Mon Jun 24 18:59:31.448857 2024] [cgi:error] [pid 4964:tid 820] [client 172.31.42.81:32040] AH02809: Options ExecCGI is off in this directory: C:/Apache24/gm.cgi
[Mon Jun 24 18:59:31.799851 2024] [cgi:error] [pid 4964:tid 820] [client 172.31.42.81:32040] AH02809: Options ExecCGI is off in this directory: C:/Apache24/conf/gm.cgi
[Mon Jun 24 18:59:32.581794 2024] [cgi:error] [pid 4964:tid 820] [client 172.31.42.81:32040] AH02809: Options ExecCGI is off in this directory: C:/Apache24/bin/gm.cgi
[Mon Jun 24 18:59:33.015787 2024] [cgi:error] [pid 4964:tid 820] [client 172.31.42.81:32040] AH02809: Options ExecCGI is off in this directory: C:/Apache24/include/gm.cgi
[Mon Jun 24 18:59:33.847741 2024] [cgi:error] [pid 4964:tid 1060] [client 172.31.42.81:15128] AH02809: Options ExecCGI is off in this directory: C:/Apache24/logs/listinfo.cgi
[Mon Jun 24 18:59:39.434459 2024] [core:error] [pid 4964:tid 820] [client 172.31.42.81:32040] AH00135: Invalid method in request MOZILLAVT /index.php HTTP/1.1
[Mon Jun 24 18:59:39.707451 2024] [cgi:error] [pid 4964:tid 1060] [client 172.31.42.81:15128] AH02809: Options ExecCGI is off in this directory: C:/Apache24/include/guestbook.cgi
[Mon Jun 24 18:59:40.461408 2024] [cgi:error] [pid 4964:tid 1060] [client 172.31.42.81:15128] AH02809: Options ExecCGI is off in this directory: C:/Apache24/logs/guestbook.cgi
[Mon Jun 24 18:59:44.661241 2024] [cgi:error] [pid 4964:tid 820] [client 172.31.42.81:55290] AH02809: Options ExecCGI is off in this directory: C:/Apache24/include/guestbook.pl
[Mon Jun 24 18:59:47.154112 2024] [cgi:error] [pid 4964:tid 820] [client 172.31.42.81:55290] AH02809: Options ExecCGI is off in this directory: C:/Apache24/chksession.cgi
[Mon Jun 24 18:59:51.767880 2024] [cgi:error] [pid 4964:tid 820] [client 172.31.42.81:55290] AH02809: Options ExecCGI is off in this directory: C:/Apache24/lib/chksession.cgi
[Mon Jun 24 18:59:53.330817 2024] [cgi:error] [pid 4964:tid 1060] [client 172.31.42.81:32462] AH02809: Options ExecCGI is off in this directory: C:/Apache24/bin/chksession.cgi
[Mon Jun 24 19:00:05.464225 2024] [cgi:error] [pid 4964:tid 820] [client 172.31.42.81:55290] AH02809: Options ExecCGI is off in this directory: C:/Apache24/ibillpm.pl
[Mon Jun 24 19:00:06.275199 2024] [cgi:error] [pid 4964:tid 820] [client 172.31.42.81:55290] AH02809: Options ExecCGI is off in this directory: C:/Apache24/conf/ibillpm.pl
[Mon Jun 24 19:00:07.088125 2024] [cgi:error] [pid 4964:tid 820] [client 172.31.42.81:55290] AH02809: Options ExecCGI is off in this directory: C:/Apache24/lib/ibillpm.pl
[Mon Jun 24 19:00:07.893132 2024] [cgi:error] [pid 4964:tid 820] [client 172.31.42.81:55290] AH02809: Options ExecCGI is off in this directory: C:/Apache24/bin/ibillpm.pl
[Mon Jun 24 19:00:23.514346 2024] [cgi:error] [pid 4964:tid 1060] [client 172.31.42.81:32462] AH02811: script not found or unable to stat: C:/Apache24/cgi-bin/view
[Mon Jun 24 19:01:33.889979 2024] [cgi:error] [pid 4964:tid 1060] [client 172.31.42.81:54148] AH02809: Options ExecCGI is off in this directory: C:/Apache24/conf/mt.cgi
[Mon Jun 24 19:01:34.269982 2024] [cgi:error] [pid 4964:tid 1060] [client 172.31.42.81:54148] AH02809: Options ExecCGI is off in this directory: C:/Apache24/lib/mt.cgi
[Mon Jun 24 19:01:35.032932 2024] [cgi:error] [pid 4964:tid 1060] [client 172.31.42.81:54148] AH02809: Options ExecCGI is off in this directory: C:/Apache24/include/mt.cgi
[Mon Jun 24 19:01:50.722201 2024] [cgi:error] [pid 4964:tid 820] [client 172.31.42.81:54134] AH02809: Options ExecCGI is off in this directory: C:/Apache24/nbmember.cgi
[Mon Jun 24 19:02:08.367338 2024] [cgi:error] [pid 4964:tid 820] [client 172.31.42.81:17994] AH02809: Options ExecCGI is off in this directory: C:/Apache24/conf/nph-publish.cgi
[Mon Jun 24 19:02:17.622888 2024] [cgi:error] [pid 4964:tid 820] [client 172.31.42.81:17994] AH02811: script not found or unable to stat: C:/Apache24/cgi-bin/pub
[Mon Jun 24 19:02:35.361046 2024] [cgi:error] [pid 4964:tid 1060] [client 172.31.42.81:51282] AH02809: Options ExecCGI is off in this directory: C:/Apache24/openwebmail.pl
[Mon Jun 24 19:02:37.015978 2024] [cgi:error] [pid 4964:tid 1060] [client 172.31.42.81:51282] AH02809: Options ExecCGI is off in this directory: C:/Apache24/lib/openwebmail.pl
[Mon Jun 24 19:02:37.396901 2024] [cgi:error] [pid 4964:tid 1060] [client 172.31.42.81:51282] AH02809: Options ExecCGI is off in this directory: C:/Apache24/bin/openwebmail.pl
[Mon Jun 24 19:02:37.805926 2024] [cgi:error] [pid 4964:tid 1060] [client 172.31.42.81:51282] AH02809: Options ExecCGI is off in this directory: C:/Apache24/include/openwebmail.pl
[Mon Jun 24 19:02:38.211929 2024] [cgi:error] [pid 4964:tid 1060] [client 172.31.42.81:51282] AH02809: Options ExecCGI is off in this directory: C:/Apache24/logs/openwebmail.pl
[Mon Jun 24 19:03:01.390800 2024] [cgi:error] [pid 4964:tid 1060] [client 172.31.42.81:51282] AH02811: script not found or unable to stat: C:/Apache24/cgi-bin/.cobalt
[Mon Jun 24 19:03:01.813762 2024] [cgi:error] [pid 4964:tid 1060] [client 172.31.42.81:51282] AH02811: script not found or unable to stat: C:/Apache24/cgi-bin/.cobalt
[Mon Jun 24 19:03:15.679113 2024] [cgi:error] [pid 4964:tid 1060] [client 172.31.42.81:51282] AH02809: Options ExecCGI is off in this directory: C:/Apache24/conf/PGPMail.pl
[Mon Jun 24 19:03:16.609041 2024] [cgi:error] [pid 4964:tid 1060] [client 172.31.42.81:51282] AH02809: Options ExecCGI is off in this directory: C:/Apache24/lib/PGPMail.pl
[Mon Jun 24 19:03:17.359029 2024] [cgi:error] [pid 4964:tid 1060] [client 172.31.42.81:51282] AH02809: Options ExecCGI is off in this directory: C:/Apache24/bin/PGPMail.pl
[Mon Jun 24 19:04:29.591568 2024] [cgi:error] [pid 4964:tid 820] [client 172.31.42.81:50276] AH02809: Options ExecCGI is off in this directory: C:/Apache24/lib/cachemgr.cgi
[Mon Jun 24 19:04:30.805490 2024] [cgi:error] [pid 4964:tid 820] [client 172.31.42.81:50276] AH02809: Options ExecCGI is off in this directory: C:/Apache24/include/cachemgr.cgi
[Mon Jun 24 19:04:55.672293 2024] [cgi:error] [pid 4964:tid 820] [client 172.31.42.81:9490] AH02809: Options ExecCGI is off in this directory: C:/Apache24/shop.cgi
[Mon Jun 24 19:04:56.071285 2024] [cgi:error] [pid 4964:tid 820] [client 172.31.42.81:9490] AH02809: Options ExecCGI is off in this directory: C:/Apache24/conf/shop.cgi
[Mon Jun 24 19:04:56.913240 2024] [cgi:error] [pid 4964:tid 820] [client 172.31.42.81:9490] AH02809: Options ExecCGI is off in this directory: C:/Apache24/bin/shop.cgi
[Mon Jun 24 19:04:57.348257 2024] [cgi:error] [pid 4964:tid 820] [client 172.31.42.81:9490] AH02809: Options ExecCGI is off in this directory: C:/Apache24/include/shop.cgi
[Mon Jun 24 19:04:57.761194 2024] [cgi:error] [pid 4964:tid 820] [client 172.31.42.81:9490] AH02809: Options ExecCGI is off in this directory: C:/Apache24/logs/shop.cgi
[Mon Jun 24 19:05:33.314505 2024] [cgi:error] [pid 4964:tid 820] [client 172.31.42.81:35578] AH02809: Options ExecCGI is off in this directory: C:/Apache24/conf/clwarn.cgi
[Mon Jun 24 19:05:33.751469 2024] [cgi:error] [pid 4964:tid 820] [client 172.31.42.81:35578] AH02809: Options ExecCGI is off in this directory: C:/Apache24/lib/clwarn.cgi
[Mon Jun 24 19:05:35.849343 2024] [cgi:error] [pid 4964:tid 944] [client 172.31.42.81:3306] AH02809: Options ExecCGI is off in this directory: C:/Apache24/include/login.pl
[Mon Jun 24 19:05:36.290362 2024] [cgi:error] [pid 4964:tid 944] [client 172.31.42.81:3306] AH02809: Options ExecCGI is off in this directory: C:/Apache24/logs/login.pl
[Mon Jun 24 19:05:53.037550 2024] [cgi:error] [pid 4964:tid 820] [client 172.31.42.81:35578] AH02809: Options ExecCGI is off in this directory: C:/Apache24/include/sscd_suncourier.pl
[Mon Jun 24 19:06:17.653359 2024] [cgi:error] [pid 4964:tid 564] [client 172.31.42.81:10738] AH02809: Options ExecCGI is off in this directory: C:/Apache24/index.rb
[Mon Jun 24 19:06:18.075352 2024] [cgi:error] [pid 4964:tid 564] [client 172.31.42.81:10738] AH02809: Options ExecCGI is off in this directory: C:/Apache24/conf/index.rb
[Mon Jun 24 19:06:18.878306 2024] [cgi:error] [pid 4964:tid 564] [client 172.31.42.81:10738] AH02809: Options ExecCGI is off in this directory: C:/Apache24/bin/index.rb
[Mon Jun 24 19:06:19.285299 2024] [cgi:error] [pid 4964:tid 564] [client 172.31.42.81:10738] AH02809: Options ExecCGI is off in this directory: C:/Apache24/include/index.rb
[Mon Jun 24 19:06:19.763261 2024] [cgi:error] [pid 4964:tid 564] [client 172.31.42.81:10738] AH02809: Options ExecCGI is off in this directory: C:/Apache24/logs/index.rb
[Mon Jun 24 19:06:54.749581 2024] [cgi:error] [pid 4964:tid 564] [client 172.31.42.81:10738] AH02809: Options ExecCGI is off in this directory: C:/Apache24/chklogin.cgi
[Mon Jun 24 19:06:55.692534 2024] [cgi:error] [pid 4964:tid 820] [client 172.31.42.81:1088] AH02811: script not found or unable to stat: C:/Apache24/cgi-bin/AT-admin.cgi_851647971
[Mon Jun 24 19:06:56.339523 2024] [cgi:error] [pid 4964:tid 820] [client 172.31.42.81:1088] AH02811: script not found or unable to stat: C:/Apache24/cgi-bin/chklogin.cgi
[Mon Jun 24 19:06:57.832459 2024] [cgi:error] [pid 4964:tid 820] [client 172.31.42.81:1088] AH02811: script not found or unable to stat: C:/Apache24/cgi-bin/YaBB.cgi_454222622
[Mon Jun 24 19:06:58.189431 2024] [cgi:error] [pid 4964:tid 820] [client 172.31.42.81:1088] AH02811: script not found or unable to stat: C:/Apache24/cgi-bin/YaBB.cgi
[Mon Jun 24 19:06:58.941414 2024] [cgi:error] [pid 4964:tid 820] [client 172.31.42.81:1088] AH02811: script not found or unable to stat: C:/Apache24/cgi-bin/alert.cgi_1233286707
[Mon Jun 24 19:06:59.712318 2024] [cgi:error] [pid 4964:tid 820] [client 172.31.42.81:1088] AH02811: script not found or unable to stat: C:/Apache24/cgi-bin/authenticate.cgi_1829826170
