[Fri May 03 07:38:46.016294 2024] [cgi:error] [pid 4964:tid 636] [client 51.89.167.1:41952] AH02809: Options ExecCGI is off in this directory: C:/Apache24/bin/dbmmanage.pl
[Fri May 03 07:39:14.838033 2024] [cgi:error] [pid 4964:tid 780] [client 51.89.167.1:47772] AH02809: Options ExecCGI is off in this directory: C:/Apache24/bin/dbmmanage.pl
[Fri May 03 07:42:42.123867 2024] [cgi:error] [pid 4964:tid 1020] [client 51.89.167.1:54138] AH02812: attempt to invoke directory as script: C:/Apache24/cgi-bin/
[Fri May 03 07:42:59.788995 2024] [cgi:error] [pid 4964:tid 1020] [client 51.89.167.1:32888] AH02812: attempt to invoke directory as script: C:/Apache24/cgi-bin/
[Fri May 03 08:46:01.735584 2024] [cgi:error] [pid 4964:tid 1020] [client 172.31.9.222:1428] AH02811: script not found or unable to stat: C:/Apache24/cgi-bin/login.cgi
[Fri May 03 08:53:10.515766 2024] [cgi:error] [pid 4964:tid 964] [client 172.31.9.222:16686] AH02811: script not found or unable to stat: C:/Apache24/cgi-bin/login.cgi
[Fri May 03 08:53:16.174483 2024] [cgi:error] [pid 4964:tid 964] [client 172.31.38.228:32216] AH02811: script not found or unable to stat: C:/Apache24/cgi-bin/login.cgi
[Fri May 03 10:49:58.100350 2024] [cgi:error] [pid 4964:tid 680] [client 172.31.9.222:37460] AH02811: script not found or unable to stat: C:/Apache24/cgi-bin/cmn, referer: https://www.isi-apache.com/cgi-bin/topics_CS2172/topics.cgi
[Fri May 03 10:49:59.746262 2024] [cgi:error] [pid 4964:tid 844] [client 172.31.35.83:29164] AH02811: script not found or unable to stat: C:/Apache24/cgi-bin/cmn, referer: https://www.isi-apache.com/cgi-bin/topics_CS2172/topics.cgi
[Fri May 03 10:50:27.104073 2024] [cgi:error] [pid 4964:tid 744] [client 172.31.9.222:39418] AH02811: script not found or unable to stat: C:/Apache24/cgi-bin/cmn, referer: https://www.isi-apache.com/cgi-bin/topics_CS2172/topics.cgi
[Fri May 03 12:03:04.432078 2024] [cgi:error] [pid 4964:tid 744] [client 172.31.9.222:13264] AH02811: script not found or unable to stat: C:/Apache24/cgi-bin/cmn, referer: https://www.isi-apache.com/cgi-bin/topics_CS1963/topics.cgi
[Fri May 03 14:23:26.047206 2024] [cgi:error] [pid 4964:tid 680] [client 172.31.9.222:45542] AH02811: script not found or unable to stat: C:/Apache24/cgi-bin/topics_CS4182
[Fri May 03 14:36:52.267948 2024] [cgi:error] [pid 4964:tid 680] [client 172.31.35.83:36708] AH02812: attempt to invoke directory as script: C:/Apache24/cgi-bin/
[Fri May 03 15:25:24.749630 2024] [cgi:error] [pid 4964:tid 844] [client 172.31.35.83:23594] AH02811: script not found or unable to stat: C:/Apache24/cgi-bin/cmn, referer: https://www.isi-apache.com/
[Fri May 03 15:25:30.149377 2024] [cgi:error] [pid 4964:tid 744] [client 172.31.35.83:23614] AH02811: script not found or unable to stat: C:/Apache24/cgi-bin/cmn, referer: https://www.isi-apache.com/cgi-bin/topics3_CS2172/topics.cgi
[Fri May 03 15:26:13.264519 2024] [cgi:error] [pid 4964:tid 744] [client 172.31.35.83:50016] AH02811: script not found or unable to stat: C:/Apache24/cgi-bin/cmn, referer: https://www.isi-apache.com/cgi-bin/topics2_CS2172/topics.cgi
[Fri May 03 15:26:17.769338 2024] [cgi:error] [pid 4964:tid 1020] [client 172.31.35.83:50124] AH02811: script not found or unable to stat: C:/Apache24/cgi-bin/cmn, referer: https://www.isi-apache.com/
[Fri May 03 18:23:17.446977 2024] [cgi:error] [pid 4964:tid 780] [client 172.31.9.222:55052] AH02811: script not found or unable to stat: C:/Apache24/cgi-bin/cmn, referer: https://www.isi-apache.com/
[Fri May 03 18:23:19.760888 2024] [cgi:error] [pid 4964:tid 992] [client 172.31.9.222:55040] AH02811: script not found or unable to stat: C:/Apache24/cgi-bin/cmn, referer: https://www.isi-apache.com/
[Fri May 03 18:53:25.615835 2024] [cgi:error] [pid 4964:tid 636] [client 172.31.35.83:41586] AH02811: script not found or unable to stat: C:/Apache24/cgi-bin/topics_CS4182
[Fri May 03 19:58:50.855966 2024] [cgi:error] [pid 4964:tid 876] [client 172.31.38.228:45134] AH02811: script not found or unable to stat: C:/Apache24/cgi-bin/config.exp
[Fri May 03 20:51:48.835935 2024] [cgi:error] [pid 4964:tid 680] [client 27.43.205.80:6909] AH02809: Options ExecCGI is off in this directory: C:/Apache24/setup.cgi
[Fri May 03 22:29:40.112239 2024] [cgi:error] [pid 4964:tid 680] [client 172.31.14.154:47028] AH02812: attempt to invoke directory as script: C:/Apache24/cgi-bin/
[Fri May 03 23:28:45.010478 2024] [ssl:error] [pid 4964:tid 992] [client 44.220.188.175:43218] AH02042: rejecting client initiated renegotiation
[Fri May 03 23:43:42.886396 2024] [cgi:error] [pid 4964:tid 600] [client 172.31.14.154:51036] AH02811: script not found or unable to stat: C:/Apache24/cgi-bin/cmn, referer: https://www.isi-apache.com/cgi-bin/topics_CS2172/topics.cgi
[Fri May 03 23:46:20.030563 2024] [cgi:error] [pid 4964:tid 780] [client 172.31.14.154:15484] AH02811: script not found or unable to stat: C:/Apache24/cgi-bin/cmn, referer: https://www.isi-apache.com/cgi-bin/topics_CS2172/topics.cgi
[Sat May 04 00:18:01.635620 2024] [core:error] [pid 4964:tid 844] (20024)The given path is misformatted or contained invalid characters: [client 172.31.38.228:55166] AH00127: Cannot map GET /ews/%20/ HTTP/1.1 to file
[Sat May 04 00:31:28.985927 2024] [cgi:error] [pid 4964:tid 680] [client 172.31.40.65:14916] AH02811: script not found or unable to stat: C:/Apache24/cgi-bin/cmn, referer: https://www.isi-apache.com/cgi-bin/topics_CS1963/topics.cgi
[Sat May 04 01:17:58.277739 2024] [cgi:error] [pid 4964:tid 992] [client 172.31.14.154:31666] AH02811: script not found or unable to stat: C:/Apache24/cgi-bin/cmn, referer: https://www.isi-apache.com/
[Sat May 04 01:18:08.574303 2024] [cgi:error] [pid 4964:tid 992] [client 172.31.14.154:57594] AH02811: script not found or unable to stat: C:/Apache24/cgi-bin/cmn, referer: https://www.isi-apache.com/
[Sat May 04 02:46:20.157210 2024] [cgi:error] [pid 4964:tid 876] [client 172.31.38.228:8220] AH02811: script not found or unable to stat: C:/Apache24/cgi-bin/luci
[Sat May 04 02:50:13.295131 2024] [cgi:error] [pid 4964:tid 680] [client 172.31.14.154:15866] AH02811: script not found or unable to stat: C:/Apache24/cgi-bin/login.cgi
[Sat May 04 02:54:23.551313 2024] [cgi:error] [pid 4964:tid 680] [client 172.31.14.154:61696] AH02811: script not found or unable to stat: C:/Apache24/cgi-bin/login.cgi
[Sat May 04 03:20:22.693173 2024] [cgi:error] [pid 4964:tid 780] [client 54.202.110.255:36904] AH02811: script not found or unable to stat: C:/Apache24/cgi-bin/.env
[Sat May 04 03:20:24.238173 2024] [core:error] [pid 4964:tid 780] (22)Invalid argument: [client 54.202.110.255:60114] AH00127: Cannot map GET /%c0 HTTP/1.1 to file
[Sat May 04 03:23:32.383918 2024] [cgi:error] [pid 4964:tid 780] [client 54.202.110.255:37762] AH02809: Options ExecCGI is off in this directory: C:/Apache24/debug.cgi
[Sat May 04 03:23:43.295473 2024] [cgi:error] [pid 4964:tid 780] [client 54.202.110.255:41400] AH02809: Options ExecCGI is off in this directory: C:/Apache24/config.rb
[Sat May 04 03:32:27.021160 2024] [cgi:error] [pid 4964:tid 992] [client 172.31.40.65:61350] AH02811: script not found or unable to stat: C:/Apache24/cgi-bin/cmn, referer: https://www.isi-apache.com/cgi-bin/topics_CS1963/topics.cgi
[Sat May 04 04:48:40.797963 2024] [core:error] [pid 4964:tid 992] (20024)The given path is misformatted or contained invalid characters: [client 137.184.226.250:50278] AH00127: Cannot map GET /ews/%20/ HTTP/1.1 to file
[Sat May 04 04:51:41.599281 2024] [core:error] [pid 4964:tid 644] (20024)The given path is misformatted or contained invalid characters: [client 172.31.11.192:23456] AH00127: Cannot map GET /ews/%20/ HTTP/1.1 to file
[Sat May 04 05:06:22.605015 2024] [cgi:error] [pid 4964:tid 964] [client 172.31.38.228:45562] AH02809: Options ExecCGI is off in this directory: C:/Apache24/config.rb
[Sat May 04 05:44:13.660174 2024] [cgi:error] [pid 4964:tid 876] [client 172.31.11.192:58510] AH02811: script not found or unable to stat: C:/Apache24/cgi-bin/.env
[Sat May 04 05:44:14.889111 2024] [core:error] [pid 4964:tid 876] (22)Invalid argument: [client 172.31.11.192:58510] AH00127: Cannot map GET /%c0 HTTP/1.1 to file
[Sat May 04 05:47:28.231815 2024] [cgi:error] [pid 4964:tid 876] [client 172.31.11.192:4898] AH02809: Options ExecCGI is off in this directory: C:/Apache24/config.rb
[Sat May 04 06:35:00.667774 2024] [cgi:error] [pid 4964:tid 680] [client 172.31.40.65:41518] AH02811: script not found or unable to stat: C:/Apache24/cgi-bin/cmn, referer: https://www.isi-apache.com/
[Sat May 04 06:42:54.987067 2024] [cgi:error] [pid 4964:tid 680] [client 172.31.14.154:64746] AH02812: attempt to invoke directory as script: C:/Apache24/cgi-bin/
[Sat May 04 06:59:40.861211 2024] [cgi:error] [pid 4964:tid 844] [client 101.173.87.51:56836] AH02812: attempt to invoke directory as script: C:/Apache24/cgi-bin/
[Sat May 04 07:08:03.944685 2024] [core:error] [pid 4964:tid 644] (20024)The given path is misformatted or contained invalid characters: [client 172.31.40.65:32326] AH00127: Cannot map GET /ews/%20/ HTTP/1.1 to file
[Sat May 04 08:47:45.618959 2024] [cgi:error] [pid 4964:tid 964] [client 172.31.40.65:17224] AH02811: script not found or unable to stat: C:/Apache24/cgi-bin/cmn, referer: https://www.isi-apache.com/cgi-bin/topics_CS2172/topics.cgi
[Sat May 04 10:36:18.420350 2024] [cgi:error] [pid 4964:tid 876] [client 172.31.40.65:14094] AH02811: script not found or unable to stat: C:/Apache24/cgi-bin/cmn, referer: https://www.isi-apache.com/cgi-bin/topics_CS2172/topics.cgi
[Sat May 04 13:22:48.461229 2024] [cgi:error] [pid 4964:tid 780] [client 172.31.40.65:44662] AH02809: Options ExecCGI is off in this directory: C:/Apache24/bin/dbmmanage.pl, referer: https://www.isi-apache.com/bin/
[Sat May 04 13:25:51.634676 2024] [win32:error] [pid 4964:tid 780] [client 172.31.14.154:11694] AH02102: C:/Apache24/cgi-bin/topics_CS2711_03/img/6-1.tif is not executable; ensure interpreted scripts have "#!" or "'!" first line
[Sat May 04 13:25:51.634676 2024] [cgi:error] [pid 4964:tid 780] (9)Bad file descriptor: [client 172.31.14.154:11694] AH01222: don't know how to spawn child process: C:/Apache24/cgi-bin/topics_CS2711_03/img/6-1.tif
[Sat May 04 15:35:36.609426 2024] [cgi:error] [pid 4964:tid 876] [client 172.31.14.154:9250] AH02812: attempt to invoke directory as script: C:/Apache24/cgi-bin/
[Sat May 04 21:38:08.264087 2024] [cgi:error] [pid 4964:tid 876] [client 172.31.14.154:27896] AH02812: attempt to invoke directory as script: C:/Apache24/cgi-bin/
[Sat May 04 21:38:19.428610 2024] [cgi:error] [pid 4964:tid 876] [client 172.31.14.154:27896] AH02809: Options ExecCGI is off in this directory: C:/Apache24/bin/dbmmanage.pl
[Sat May 04 22:13:54.519062 2024] [cgi:error] [pid 4964:tid 644] [client 172.31.40.65:7212] AH02811: script not found or unable to stat: C:/Apache24/cgi-bin/cmn, referer: https://www.isi-apache.com/cgi-bin/topics_CS1963/topics.cgi
[Sat May 04 22:16:01.686951 2024] [core:error] [pid 4964:tid 636] [client 45.156.128.7:52334] AH00126: Invalid URI in request HEAD /icons/.%2e/%2e%2e/apache2/icons/sphere1.png HTTP/1.1
[Sat May 04 22:18:02.504666 2024] [cgi:error] [pid 4964:tid 644] [client 45.156.128.7:56878] AH02811: script not found or unable to stat: C:/Apache24/cgi-bin/authLogin.cgi
[Sat May 04 22:35:30.195922 2024] [cgi:error] [pid 4964:tid 1020] [client 172.31.40.65:35004] AH02811: script not found or unable to stat: C:/Apache24/cgi-bin/cmn, referer: https://www.isi-apache.com/cgi-bin/topics_CS1963/topics.cgi
[Sat May 04 22:46:14.040814 2024] [cgi:error] [pid 4964:tid 600] [client 172.31.40.65:8722] AH02811: script not found or unable to stat: C:/Apache24/cgi-bin/cmn, referer: https://www.isi-apache.com/
[Sat May 04 22:58:18.768189 2024] [cgi:error] [pid 4964:tid 992] [client 172.31.40.65:37464] AH02811: script not found or unable to stat: C:/Apache24/cgi-bin/cmn, referer: https://www.isi-apache.com/
[Sat May 04 23:13:46.441214 2024] [cgi:error] [pid 4964:tid 644] [client 172.31.14.154:13464] AH02811: script not found or unable to stat: C:/Apache24/cgi-bin/cmn, referer: https://www.isi-apache.com/cgi-bin/topics_CS1963/topics.cgi
[Sat May 04 23:14:54.411914 2024] [cgi:error] [pid 4964:tid 1020] [client 172.31.40.65:33300] AH02811: script not found or unable to stat: C:/Apache24/cgi-bin/cmn, referer: https://www.isi-apache.com/
[Sat May 04 23:46:13.741006 2024] [cgi:error] [pid 4964:tid 636] [client 172.31.14.154:47732] AH02811: script not found or unable to stat: C:/Apache24/cgi-bin/topics_CS4182
[Sun May 05 00:30:22.560779 2024] [cgi:error] [pid 4964:tid 992] [client 172.31.14.154:56382] AH02812: attempt to invoke directory as script: C:/Apache24/cgi-bin/
[Sun May 05 00:37:08.876394 2024] [cgi:error] [pid 4964:tid 992] [client 172.31.40.65:9214] AH02812: attempt to invoke directory as script: C:/Apache24/cgi-bin/
[Sun May 05 00:37:20.043880 2024] [cgi:error] [pid 4964:tid 964] [client 172.31.40.65:22296] AH02809: Options ExecCGI is off in this directory: C:/Apache24/bin/dbmmanage.pl
[Sun May 05 04:04:54.909536 2024] [core:error] [pid 4964:tid 1020] (20024)The given path is misformatted or contained invalid characters: [client 172.31.40.65:60922] AH00127: Cannot map GET /13.115.109.237:443/.env HTTP/1.1 to file
[Sun May 05 04:04:58.792395 2024] [core:error] [pid 4964:tid 964] (20024)The given path is misformatted or contained invalid characters: [client 172.31.40.65:60910] AH00127: Cannot map GET /13.115.109.237:443/.env HTTP/1.1 to file
[Sun May 05 04:05:02.719226 2024] [core:error] [pid 4964:tid 1020] (20024)The given path is misformatted or contained invalid characters: [client 172.31.40.65:2698] AH00127: Cannot map GET /13.115.109.237:443/.env HTTP/1.1 to file
[Sun May 05 04:05:06.338058 2024] [core:error] [pid 4964:tid 964] (20024)The given path is misformatted or contained invalid characters: [client 172.31.40.65:60910] AH00127: Cannot map GET /13.115.109.237:443/.env HTTP/1.1 to file
[Sun May 05 04:05:10.283877 2024] [core:error] [pid 4964:tid 964] (20024)The given path is misformatted or contained invalid characters: [client 172.31.40.65:60910] AH00127: Cannot map GET /13.115.109.237:443/.env HTTP/1.1 to file
[Sun May 05 04:05:13.786752 2024] [core:error] [pid 4964:tid 1020] (20024)The given path is misformatted or contained invalid characters: [client 172.31.40.65:7888] AH00127: Cannot map GET /13.115.109.237:443/.env HTTP/1.1 to file
[Sun May 05 04:05:17.700572 2024] [core:error] [pid 4964:tid 964] (20024)The given path is misformatted or contained invalid characters: [client 172.31.40.65:60910] AH00127: Cannot map GET /13.115.109.237:443/.env HTTP/1.1 to file
[Sun May 05 04:05:21.322362 2024] [core:error] [pid 4964:tid 964] (20024)The given path is misformatted or contained invalid characters: [client 172.31.40.65:60910] AH00127: Cannot map GET /13.115.109.237:443/.env HTTP/1.1 to file
[Sun May 05 04:05:25.767220 2024] [core:error] [pid 4964:tid 964] (20024)The given path is misformatted or contained invalid characters: [client 172.31.40.65:60910] AH00127: Cannot map GET /13.115.109.237:443/.env HTTP/1.1 to file
[Sun May 05 04:05:29.665051 2024] [core:error] [pid 4964:tid 964] (20024)The given path is misformatted or contained invalid characters: [client 172.31.40.65:60910] AH00127: Cannot map GET /13.115.109.237:443/.env HTTP/1.1 to file
[Sun May 05 04:05:33.256908 2024] [core:error] [pid 4964:tid 1020] (20024)The given path is misformatted or contained invalid characters: [client 172.31.40.65:40322] AH00127: Cannot map GET /13.115.109.237:443/.env HTTP/1.1 to file
[Sun May 05 04:05:37.123709 2024] [core:error] [pid 4964:tid 1020] (20024)The given path is misformatted or contained invalid characters: [client 172.31.40.65:40322] AH00127: Cannot map GET /13.115.109.237:443/.env HTTP/1.1 to file
[Sun May 05 04:05:41.243539 2024] [core:error] [pid 4964:tid 964] (20024)The given path is misformatted or contained invalid characters: [client 172.31.40.65:56132] AH00127: Cannot map GET /13.115.109.237:443/.env HTTP/1.1 to file
[Sun May 05 04:05:44.209404 2024] [core:error] [pid 4964:tid 964] (20024)The given path is misformatted or contained invalid characters: [client 172.31.40.65:56132] AH00127: Cannot map GET /13.115.109.237:443/.env HTTP/1.1 to file
[Sun May 05 04:05:47.596263 2024] [core:error] [pid 4964:tid 1020] (20024)The given path is misformatted or contained invalid characters: [client 172.31.40.65:40322] AH00127: Cannot map GET /13.115.109.237:443/.env HTTP/1.1 to file
[Sun May 05 04:05:51.210099 2024] [core:error] [pid 4964:tid 1020] (20024)The given path is misformatted or contained invalid characters: [client 172.31.40.65:40322] AH00127: Cannot map GET /13.115.109.237:443/.env HTTP/1.1 to file
[Sun May 05 04:05:56.776895 2024] [core:error] [pid 4964:tid 964] (20024)The given path is misformatted or contained invalid characters: [client 172.31.40.65:9114] AH00127: Cannot map GET /13.115.109.237:443/.env HTTP/1.1 to file
[Sun May 05 04:06:00.816697 2024] [core:error] [pid 4964:tid 1020] (20024)The given path is misformatted or contained invalid characters: [client 172.31.40.65:43072] AH00127: Cannot map GET /13.115.109.237:443/.env HTTP/1.1 to file
[Sun May 05 04:06:04.280534 2024] [core:error] [pid 4964:tid 1020] (20024)The given path is misformatted or contained invalid characters: [client 172.31.40.65:43072] AH00127: Cannot map GET /13.115.109.237:443/.env HTTP/1.1 to file
[Sun May 05 04:06:08.739357 2024] [core:error] [pid 4964:tid 1020] (20024)The given path is misformatted or contained invalid characters: [client 172.31.40.65:43072] AH00127: Cannot map GET /13.115.109.237:443/.env HTTP/1.1 to file
[Sun May 05 04:06:11.161225 2024] [cgi:error] [pid 4964:tid 1020] [client 172.31.40.65:43072] AH02811: script not found or unable to stat: C:/Apache24/cgi-bin/.env
[Sun May 05 04:06:12.783195 2024] [core:error] [pid 4964:tid 1020] (20024)The given path is misformatted or contained invalid characters: [client 172.31.40.65:43072] AH00127: Cannot map GET /13.115.109.237:443/.env HTTP/1.1 to file
[Sun May 05 04:06:16.984974 2024] [core:error] [pid 4964:tid 844] (20024)The given path is misformatted or contained invalid characters: [client 172.31.40.65:40858] AH00127: Cannot map GET /13.115.109.237:443/.env HTTP/1.1 to file
[Sun May 05 04:06:20.597830 2024] [core:error] [pid 4964:tid 1020] (20024)The given path is misformatted or contained invalid characters: [client 172.31.40.65:22380] AH00127: Cannot map GET /13.115.109.237:443/.env HTTP/1.1 to file
[Sun May 05 04:06:24.241661 2024] [core:error] [pid 4964:tid 844] (20024)The given path is misformatted or contained invalid characters: [client 172.31.40.65:40858] AH00127: Cannot map GET /13.115.109.237:443/.env HTTP/1.1 to file
[Sun May 05 04:06:28.000526 2024] [core:error] [pid 4964:tid 1020] (20024)The given path is misformatted or contained invalid characters: [client 172.31.40.65:22390] AH00127: Cannot map GET /13.115.109.237:443/.env HTTP/1.1 to file
[Sun May 05 04:06:31.659352 2024] [core:error] [pid 4964:tid 1020] (20024)The given path is misformatted or contained invalid characters: [client 172.31.40.65:22390] AH00127: Cannot map GET /13.115.109.237:443/.env HTTP/1.1 to file
[Sun May 05 04:06:35.497184 2024] [core:error] [pid 4964:tid 844] (20024)The given path is misformatted or contained invalid characters: [client 172.31.40.65:53498] AH00127: Cannot map GET /13.115.109.237:443/.env HTTP/1.1 to file
[Sun May 05 04:06:41.378942 2024] [core:error] [pid 4964:tid 1020] (20024)The given path is misformatted or contained invalid characters: [client 172.31.40.65:22390] AH00127: Cannot map GET /13.115.109.237:443/.env HTTP/1.1 to file
[Sun May 05 04:06:45.463740 2024] [core:error] [pid 4964:tid 844] (20024)The given path is misformatted or contained invalid characters: [client 172.31.40.65:20546] AH00127: Cannot map GET /13.115.109.237:443/.env HTTP/1.1 to file
[Sun May 05 04:06:50.030531 2024] [core:error] [pid 4964:tid 844] (20024)The given path is misformatted or contained invalid characters: [client 172.31.40.65:20546] AH00127: Cannot map GET /13.115.109.237:443/.env HTTP/1.1 to file
[Sun May 05 04:06:53.509390 2024] [core:error] [pid 4964:tid 1020] (20024)The given path is misformatted or contained invalid characters: [client 172.31.40.65:24380] AH00127: Cannot map GET /13.115.109.237:443/.env HTTP/1.1 to file
[Sun May 05 04:06:56.487247 2024] [core:error] [pid 4964:tid 844] (20024)The given path is misformatted or contained invalid characters: [client 172.31.40.65:20546] AH00127: Cannot map GET /13.115.109.237:443/.env HTTP/1.1 to file
[Sun May 05 04:06:59.831096 2024] [core:error] [pid 4964:tid 1020] (20024)The given path is misformatted or contained invalid characters: [client 172.31.40.65:24380] AH00127: Cannot map GET /13.115.109.237:443/.env HTTP/1.1 to file
[Sun May 05 04:07:03.004920 2024] [core:error] [pid 4964:tid 844] (20024)The given path is misformatted or contained invalid characters: [client 172.31.40.65:35088] AH00127: Cannot map GET /13.115.109.237:443/.env HTTP/1.1 to file
[Sun May 05 04:59:10.645955 2024] [cgi:error] [pid 4964:tid 1020] [client 172.31.40.65:4236] AH02811: script not found or unable to stat: C:/Apache24/cgi-bin/cmn, referer: https://www.isi-apache.com/cgi-bin/topics_CS2172/topics.cgi
[Sun May 05 09:55:55.073633 2024] [cgi:error] [pid 4964:tid 636] [client 172.31.40.65:49000] AH02811: script not found or unable to stat: C:/Apache24/cgi-bin/cmn, referer: https://www.isi-apache.com/
[Sun May 05 09:57:59.596958 2024] [cgi:error] [pid 4964:tid 844] [client 172.31.14.154:43640] AH02812: attempt to invoke directory as script: C:/Apache24/cgi-bin/
[Sun May 05 11:46:06.263032 2024] [cgi:error] [pid 4964:tid 964] [client 172.31.40.65:28510] AH02811: script not found or unable to stat: C:/Apache24/cgi-bin/topics_CS4182
[Sun May 05 12:22:22.785342 2024] [cgi:error] [pid 4964:tid 1020] [client 172.31.40.65:6142] AH02811: script not found or unable to stat: C:/Apache24/cgi-bin/postmail_CS4182
[Sun May 05 13:26:51.996255 2024] [cgi:error] [pid 4964:tid 1020] [client 172.31.40.65:42872] AH02811: script not found or unable to stat: C:/Apache24/cgi-bin/cmn, referer: https://www.isi-apache.com/cgi-bin/topics_CS1963/topics.cgi
[Sun May 05 19:46:58.595425 2024] [cgi:error] [pid 4964:tid 780] [client 172.31.14.154:60622] AH02812: attempt to invoke directory as script: C:/Apache24/cgi-bin/
[Sun May 05 23:01:23.756411 2024] [ssl:error] [pid 4964:tid 744] [client 44.220.188.8:46398] AH02042: rejecting client initiated renegotiation
[Mon May 06 00:48:19.496436 2024] [cgi:error] [pid 4964:tid 644] [client 172.31.14.154:42880] AH02811: script not found or unable to stat: C:/Apache24/cgi-bin/cmn, referer: https://www.isi-apache.com/
[Mon May 06 00:48:42.576447 2024] [cgi:error] [pid 4964:tid 644] [client 172.31.14.154:25096] AH02811: script not found or unable to stat: C:/Apache24/cgi-bin/cmn, referer: https://www.isi-apache.com/
[Mon May 06 00:49:41.988896 2024] [cgi:error] [pid 4964:tid 644] [client 172.31.14.154:6196] AH02811: script not found or unable to stat: C:/Apache24/cgi-bin/cmn, referer: https://www.isi-apache.com/
[Mon May 06 03:48:25.464179 2024] [cgi:error] [pid 4964:tid 864] [client 172.31.14.154:58108] AH02812: attempt to invoke directory as script: C:/Apache24/cgi-bin/, referer: https://www.isi-apache.com/
[Mon May 06 04:55:40.724858 2024] [cgi:error] [pid 4964:tid 1068] [client 172.31.40.65:16604] AH02811: script not found or unable to stat: C:/Apache24/cgi-bin/cmn, referer: https://www.isi-apache.com/cgi-bin/topics_CS1963/topics.cgi
[Mon May 06 05:58:55.361848 2024] [cgi:error] [pid 4964:tid 636] [client 172.31.14.154:8024] AH02812: attempt to invoke directory as script: C:/Apache24/cgi-bin/
[Mon May 06 06:10:24.020290 2024] [cgi:error] [pid 4964:tid 680] [client 3.25.230.148:45378] AH02811: script not found or unable to stat: C:/Apache24/cgi-bin/.env
[Mon May 06 07:07:31.119196 2024] [cgi:error] [pid 4964:tid 680] [client 152.32.181.108:38472] AH02812: attempt to invoke directory as script: C:/Apache24/cgi-bin/
[Mon May 06 07:07:34.469077 2024] [cgi:error] [pid 4964:tid 1068] [client 152.32.181.108:38506] AH02811: script not found or unable to stat: C:/Apache24/cgi-bin/admin_console.cgi
[Mon May 06 08:05:03.119125 2024] [cgi:error] [pid 4964:tid 844] [client 141.255.167.250:51640] AH02811: script not found or unable to stat: C:/Apache24/cgi-bin/luci
[Mon May 06 08:15:27.588098 2024] [cgi:error] [pid 4964:tid 844] [client 103.245.236.120:55066] AH02811: script not found or unable to stat: C:/Apache24/cgi-bin/nas_sharing.cgi
[Mon May 06 08:15:27.697031 2024] [cgi:error] [pid 4964:tid 844] [client 103.245.236.120:55066] AH02811: script not found or unable to stat: C:/Apache24/cgi-bin/orospucoc.cgi
[Mon May 06 08:45:46.254491 2024] [cgi:error] [pid 4964:tid 752] [client 172.31.40.65:48568] AH02811: script not found or unable to stat: C:/Apache24/cgi-bin/cmn, referer: https://www.isi-apache.com/
[Mon May 06 09:03:51.953075 2024] [cgi:error] [pid 4964:tid 680] [client 172.31.14.154:4650] AH02811: script not found or unable to stat: C:/Apache24/cgi-bin/cmn, referer: https://www.isi-apache.com/cgi-bin/topics_CS2172/topics.cgi
[Mon May 06 11:15:20.582032 2024] [cgi:error] [pid 4964:tid 680] [client 172.31.14.154:23896] AH02811: script not found or unable to stat: C:/Apache24/cgi-bin/cmn, referer: https://www.isi-apache.com/
[Mon May 06 11:42:07.398145 2024] [cgi:error] [pid 4964:tid 644] [client 172.31.40.65:35548] AH02811: script not found or unable to stat: C:/Apache24/cgi-bin/topics_CS4182
[Mon May 06 11:49:00.824825 2024] [core:error] [pid 4964:tid 752] [client 172.31.38.228:15750] AH00135: Invalid method in request EUBL / HTTP/1.1
[Mon May 06 13:49:15.415308 2024] [cgi:error] [pid 4964:tid 872] [client 172.31.40.65:24078] AH02811: script not found or unable to stat: C:/Apache24/cgi-bin/.env
[Mon May 06 13:49:17.318223 2024] [core:error] [pid 4964:tid 872] (22)Invalid argument: [client 172.31.40.65:12954] AH00127: Cannot map GET /%c0 HTTP/1.1 to file
[Mon May 06 13:53:53.751371 2024] [cgi:error] [pid 4964:tid 872] [client 172.31.40.65:12656] AH02809: Options ExecCGI is off in this directory: C:/Apache24/debug.cgi
[Mon May 06 13:54:10.870640 2024] [cgi:error] [pid 4964:tid 872] [client 172.31.40.65:4970] AH02809: Options ExecCGI is off in this directory: C:/Apache24/config.rb
[Mon May 06 14:24:31.012525 2024] [cgi:error] [pid 4964:tid 872] [client 172.31.14.154:46766] AH02811: script not found or unable to stat: C:/Apache24/cgi-bin/cmn, referer: https://www.isi-apache.com/
[Mon May 06 14:25:03.677125 2024] [cgi:error] [pid 4964:tid 872] [client 172.31.14.154:35740] AH02811: script not found or unable to stat: C:/Apache24/cgi-bin/cmn, referer: https://www.isi-apache.com/
[Mon May 06 14:42:53.559498 2024] [cgi:error] [pid 4964:tid 636] [client 172.31.14.154:42354] AH02811: script not found or unable to stat: C:/Apache24/cgi-bin/.env
[Mon May 06 14:42:55.545422 2024] [core:error] [pid 4964:tid 636] (22)Invalid argument: [client 172.31.14.154:63060] AH00127: Cannot map GET /%c0 HTTP/1.1 to file
[Mon May 06 14:47:33.125101 2024] [cgi:error] [pid 4964:tid 872] [client 172.31.14.154:25578] AH02809: Options ExecCGI is off in this directory: C:/Apache24/debug.cgi
[Mon May 06 14:47:50.612298 2024] [cgi:error] [pid 4964:tid 872] [client 172.31.14.154:45632] AH02809: Options ExecCGI is off in this directory: C:/Apache24/config.rb
[Mon May 06 14:51:11.041019 2024] [cgi:error] [pid 4964:tid 680] [client 141.255.167.250:38728] AH02811: script not found or unable to stat: C:/Apache24/cgi-bin/luci
[Mon May 06 15:25:26.239206 2024] [cgi:error] [pid 4964:tid 636] [client 172.31.40.65:36144] AH02812: attempt to invoke directory as script: C:/Apache24/cgi-bin/
[Mon May 06 16:00:23.090403 2024] [cgi:error] [pid 4964:tid 872] [client 172.31.40.65:36306] AH02811: script not found or unable to stat: C:/Apache24/cgi-bin/topics_CS4182
[Mon May 06 16:43:17.536813 2024] [cgi:error] [pid 4964:tid 644] [client 172.31.14.154:25692] AH02812: attempt to invoke directory as script: C:/Apache24/cgi-bin/
[Mon May 06 17:15:43.322146 2024] [cgi:error] [pid 4964:tid 1068] [client 35.195.123.144:59678] AH02812: attempt to invoke directory as script: C:/Apache24/cgi-bin/
[Mon May 06 17:15:49.332880 2024] [cgi:error] [pid 4964:tid 744] [client 35.195.123.144:37072] AH02809: Options ExecCGI is off in this directory: C:/Apache24/bin/dbmmanage.pl
[Mon May 06 17:40:11.081886 2024] [cgi:error] [pid 4964:tid 680] [client 3.22.168.221:42740] AH02811: script not found or unable to stat: C:/Apache24/cgi-bin/.env
[Mon May 06 17:40:13.382778 2024] [core:error] [pid 4964:tid 680] (22)Invalid argument: [client 3.22.168.221:49528] AH00127: Cannot map GET /%c0 HTTP/1.1 to file
[Mon May 06 17:40:21.988358 2024] [cgi:error] [pid 4964:tid 752] [client 3.22.168.221:49512] AH02811: script not found or unable to stat: C:/Apache24/cgi-bin/.env
[Mon May 06 17:40:24.124254 2024] [core:error] [pid 4964:tid 752] (22)Invalid argument: [client 3.22.168.221:53056] AH00127: Cannot map GET /%c0 HTTP/1.1 to file
[Mon May 06 17:44:53.355668 2024] [cgi:error] [pid 4964:tid 680] [client 3.22.168.221:36496] AH02809: Options ExecCGI is off in this directory: C:/Apache24/debug.cgi
[Mon May 06 17:45:07.729056 2024] [cgi:error] [pid 4964:tid 752] [client 3.22.168.221:53952] AH02809: Options ExecCGI is off in this directory: C:/Apache24/debug.cgi
[Mon May 06 17:45:10.306958 2024] [cgi:error] [pid 4964:tid 680] [client 3.22.168.221:34244] AH02809: Options ExecCGI is off in this directory: C:/Apache24/config.rb
[Mon May 06 17:45:25.472287 2024] [cgi:error] [pid 4964:tid 752] [client 3.22.168.221:42098] AH02809: Options ExecCGI is off in this directory: C:/Apache24/config.rb
[Mon May 06 19:15:00.663607 2024] [cgi:error] [pid 4964:tid 844] [client 84.54.51.41:41464] AH02811: script not found or unable to stat: C:/Apache24/cgi-bin/luci
[Mon May 06 19:51:23.005713 2024] [cgi:error] [pid 4964:tid 644] [client 43.153.214.195:34428] AH02809: Options ExecCGI is off in this directory: C:/Apache24/application.rb
[Mon May 06 20:50:08.688415 2024] [cgi:error] [pid 4964:tid 636] [client 172.31.14.154:40108] AH02811: script not found or unable to stat: C:/Apache24/cgi-bin/cmn, referer: https://www.isi-apache.com/
[Tue May 07 01:27:29.805643 2024] [cgi:error] [pid 4964:tid 872] [client 172.31.11.192:56532] AH02811: script not found or unable to stat: C:/Apache24/cgi-bin/.env
[Tue May 07 01:27:31.956566 2024] [core:error] [pid 4964:tid 872] (22)Invalid argument: [client 172.31.11.192:56532] AH00127: Cannot map GET /%c0 HTTP/1.1 to file
[Tue May 07 01:32:32.933122 2024] [cgi:error] [pid 4964:tid 872] [client 172.31.11.192:18948] AH02809: Options ExecCGI is off in this directory: C:/Apache24/debug.cgi
[Tue May 07 02:39:48.675006 2024] [cgi:error] [pid 4964:tid 844] [client 84.54.51.41:39160] AH02811: script not found or unable to stat: C:/Apache24/cgi-bin/luci
[Tue May 07 02:58:24.363959 2024] [cgi:error] [pid 4964:tid 744] [client 101.36.117.15:48642] AH02812: attempt to invoke directory as script: C:/Apache24/cgi-bin/
[Tue May 07 02:58:28.588739 2024] [cgi:error] [pid 4964:tid 680] [client 101.36.117.15:48674] AH02811: script not found or unable to stat: C:/Apache24/cgi-bin/admin_console.cgi
[Tue May 07 03:24:04.386511 2024] [cgi:error] [pid 4964:tid 872] [client 172.31.14.154:27142] AH02812: attempt to invoke directory as script: C:/Apache24/cgi-bin/
[Tue May 07 04:27:21.998457 2024] [cgi:error] [pid 4964:tid 744] [client 172.31.40.65:31944] AH02811: script not found or unable to stat: C:/Apache24/cgi-bin/cmn, referer: https://www.isi-apache.com/cgi-bin/topics_CS2172/topics.cgi
[Tue May 07 05:02:54.392154 2024] [cgi:error] [pid 4964:tid 744] [client 172.31.14.154:24494] AH02811: script not found or unable to stat: C:/Apache24/cgi-bin/cmn, referer: https://www.isi-apache.com/cgi-bin/topics_CS1963/topics.cgi
[Tue May 07 06:50:37.553642 2024] [cgi:error] [pid 4964:tid 844] [client 172.31.14.154:29466] AH02812: attempt to invoke directory as script: C:/Apache24/cgi-bin/
[Tue May 07 06:50:42.301406 2024] [cgi:error] [pid 4964:tid 844] [client 172.31.14.154:29466] AH02811: script not found or unable to stat: C:/Apache24/cgi-bin/admin_console.cgi
[Tue May 07 06:57:09.875293 2024] [cgi:error] [pid 4964:tid 628] [client 94.156.79.247:47158] AH02811: script not found or unable to stat: C:/Apache24/cgi-bin/.env
[Tue May 07 07:43:08.531272 2024] [cgi:error] [pid 4964:tid 872] [client 172.31.38.228:31654] AH02811: script not found or unable to stat: C:/Apache24/cgi-bin/.env
[Tue May 07 07:43:10.428205 2024] [core:error] [pid 4964:tid 872] (22)Invalid argument: [client 172.31.38.228:31654] AH00127: Cannot map GET /%c0 HTTP/1.1 to file
[Tue May 07 07:47:44.378032 2024] [cgi:error] [pid 4964:tid 628] [client 172.31.38.228:45376] AH02809: Options ExecCGI is off in this directory: C:/Apache24/debug.cgi
[Tue May 07 08:19:53.790821 2024] [win32:error] [pid 4964:tid 864] [client 172.31.40.65:34984] AH02102: C:/Apache24/cgi-bin/topics_CS2711_03/img/6-1.tif is not executable; ensure interpreted scripts have "#!" or "'!" first line
[Tue May 07 08:19:53.791826 2024] [cgi:error] [pid 4964:tid 864] (9)Bad file descriptor: [client 172.31.40.65:34984] AH01222: don't know how to spawn child process: C:/Apache24/cgi-bin/topics_CS2711_03/img/6-1.tif
[Tue May 07 08:33:04.355978 2024] [cgi:error] [pid 4964:tid 980] [client 172.31.40.65:49748] AH02811: script not found or unable to stat: C:/Apache24/cgi-bin/cmn, referer: https://www.isi-apache.com/cgi-bin/topics_CS1963/topics.cgi
[Tue May 07 08:33:04.374981 2024] [cgi:error] [pid 4964:tid 644] [client 172.31.40.65:49754] AH02811: script not found or unable to stat: C:/Apache24/cgi-bin/cmn, referer: https://www.isi-apache.com/cgi-bin/topics_CS1963/topics.cgi
[Tue May 07 08:33:05.374935 2024] [cgi:error] [pid 4964:tid 864] [client 172.31.40.65:49742] AH02811: script not found or unable to stat: C:/Apache24/cgi-bin/cmn, referer: https://www.isi-apache.com/cgi-bin/topics_CS1963/topics.cgi
[Tue May 07 08:33:06.888877 2024] [cgi:error] [pid 4964:tid 980] [client 172.31.40.65:49748] AH02811: script not found or unable to stat: C:/Apache24/cgi-bin/cmn, referer: https://www.isi-apache.com/cgi-bin/topics_CS1963/topics.cgi
[Tue May 07 09:01:03.122475 2024] [cgi:error] [pid 4964:tid 644] [client 172.31.14.154:55294] AH02811: script not found or unable to stat: C:/Apache24/cgi-bin/login.cgi
[Tue May 07 09:04:36.268598 2024] [cgi:error] [pid 4964:tid 752] [client 172.31.14.154:30170] AH02811: script not found or unable to stat: C:/Apache24/cgi-bin/login.cgi
[Tue May 07 09:10:20.618546 2024] [cgi:error] [pid 4964:tid 636] [client 84.54.51.41:42318] AH02811: script not found or unable to stat: C:/Apache24/cgi-bin/luci
[Tue May 07 09:24:54.139111 2024] [cgi:error] [pid 4964:tid 680] [client 172.31.40.65:50694] AH02811: script not found or unable to stat: C:/Apache24/cgi-bin/cmn, referer: https://www.isi-apache.com/cgi-bin/topics_CS2172/topics.cgi
[Tue May 07 11:45:55.039316 2024] [cgi:error] [pid 4964:tid 964] [client 84.54.51.41:57816] AH02811: script not found or unable to stat: C:/Apache24/cgi-bin/luci
[Tue May 07 12:24:28.842327 2024] [cgi:error] [pid 4964:tid 844] [client 172.31.14.154:61704] AH02811: script not found or unable to stat: C:/Apache24/cgi-bin/cmn, referer: https://www.isi-apache.com/cgi-bin/topics_CS2172/topics.cgi
[Tue May 07 12:24:29.019325 2024] [cgi:error] [pid 4964:tid 844] [client 172.31.14.154:61704] AH02811: script not found or unable to stat: C:/Apache24/cgi-bin/cmn, referer: https://www.isi-apache.com/cgi-bin/topics_CS2172/topics.cgi
[Tue May 07 12:55:56.908288 2024] [cgi:error] [pid 4964:tid 864] [client 172.31.40.65:61012] AH02811: script not found or unable to stat: C:/Apache24/cgi-bin/cmn, referer: https://www.isi-apache.com/
[Tue May 07 13:14:29.013971 2024] [cgi:error] [pid 4964:tid 864] [client 172.31.40.65:19256] AH02811: script not found or unable to stat: C:/Apache24/cgi-bin/cmn, referer: https://www.isi-apache.com/cgi-bin/topics_CS1963/topics.cgi
[Tue May 07 13:31:55.508263 2024] [cgi:error] [pid 4964:tid 628] [client 172.31.40.65:45522] AH02811: script not found or unable to stat: C:/Apache24/cgi-bin/cmn, referer: https://www.isi-apache.com/cgi-bin/topics_CS2173_01/topics.cgi
[Tue May 07 13:31:59.226071 2024] [cgi:error] [pid 4964:tid 844] [client 172.31.40.65:45516] AH02811: script not found or unable to stat: C:/Apache24/cgi-bin/cmn, referer: https://www.isi-apache.com/cgi-bin/topics_CS2173_02/topics.cgi
[Tue May 07 14:41:38.985014 2024] [cgi:error] [pid 4964:tid 644] [client 172.31.14.154:41176] AH02812: attempt to invoke directory as script: C:/Apache24/cgi-bin/
[Tue May 07 14:49:38.388137 2024] [cgi:error] [pid 4964:tid 752] [client 172.31.40.65:35718] AH02812: attempt to invoke directory as script: C:/Apache24/cgi-bin/
[Tue May 07 14:49:44.166883 2024] [cgi:error] [pid 4964:tid 752] [client 172.31.40.65:35718] AH02811: script not found or unable to stat: C:/Apache24/cgi-bin/admin_console.cgi
[Tue May 07 14:58:28.806968 2024] [cgi:error] [pid 4964:tid 644] [client 172.31.40.65:37314] AH02811: script not found or unable to stat: C:/Apache24/cgi-bin/cmn, referer: https://www.isi-apache.com/cgi-bin/topics_CS1963/topics.cgi
[Tue May 07 16:45:21.674173 2024] [cgi:error] [pid 4964:tid 744] [client 84.54.51.41:37430] AH02811: script not found or unable to stat: C:/Apache24/cgi-bin/luci
[Tue May 07 18:27:50.437347 2024] [cgi:error] [pid 4964:tid 980] [client 172.31.14.154:56950] AH02811: script not found or unable to stat: C:/Apache24/cgi-bin/cmn
[Tue May 07 18:41:43.344117 2024] [cgi:error] [pid 4964:tid 628] [client 172.31.14.154:34758] AH02811: script not found or unable to stat: C:/Apache24/cgi-bin/cmn, referer: https://www.isi-apache.com/cgi-bin/topics_CS1963/topics.cgi
[Tue May 07 18:45:10.537349 2024] [cgi:error] [pid 4964:tid 628] [client 172.31.14.154:36060] AH02811: script not found or unable to stat: C:/Apache24/cgi-bin/cmn, referer: https://www.isi-apache.com/cgi-bin/topics_CS2173_02/topics.cgi
[Tue May 07 18:45:13.188262 2024] [cgi:error] [pid 4964:tid 644] [client 172.31.14.154:36052] AH02811: script not found or unable to stat: C:/Apache24/cgi-bin/cmn, referer: https://www.isi-apache.com/cgi-bin/topics_CS2173_01/topics.cgi
[Tue May 07 19:15:41.184627 2024] [cgi:error] [pid 4964:tid 636] [client 172.31.14.154:58414] AH02811: script not found or unable to stat: C:/Apache24/cgi-bin/cmn, referer: https://www.isi-apache.com/
[Tue May 07 19:16:26.950416 2024] [cgi:error] [pid 4964:tid 636] [client 172.31.14.154:26854] AH02811: script not found or unable to stat: C:/Apache24/cgi-bin/cmn, referer: https://www.isi-apache.com/
[Tue May 07 19:29:16.512265 2024] [cgi:error] [pid 4964:tid 964] [client 172.31.14.154:29662] AH02811: script not found or unable to stat: C:/Apache24/cgi-bin/topics_CS4182
[Tue May 07 19:39:27.477992 2024] [cgi:error] [pid 4964:tid 964] [client 84.54.51.41:34864] AH02811: script not found or unable to stat: C:/Apache24/cgi-bin/luci
[Tue May 07 20:19:13.721934 2024] [cgi:error] [pid 4964:tid 752] [client 172.31.40.65:18568] AH02811: script not found or unable to stat: C:/Apache24/cgi-bin/cmn, referer: https://www.isi-apache.com/cgi-bin/topics_CS1963/topics.cgi
[Tue May 07 22:42:21.106969 2024] [cgi:error] [pid 4964:tid 636] [client 172.31.40.65:43872] AH02811: script not found or unable to stat: C:/Apache24/cgi-bin/cmn, referer: https://www.isi-apache.com/cgi-bin/topics_CS1963/topics.cgi
[Wed May 08 00:39:10.101708 2024] [cgi:error] [pid 4964:tid 780] [client 18.171.239.228:45520] AH02811: script not found or unable to stat: C:/Apache24/cgi-bin/login.cgi
[Wed May 08 01:10:42.849370 2024] [cgi:error] [pid 4964:tid 992] [client 172.31.40.65:58594] AH02811: script not found or unable to stat: C:/Apache24/cgi-bin/cmn, referer: https://www.isi-apache.com/
[Wed May 08 01:40:54.201046 2024] [core:error] [pid 4964:tid 644] (20024)The given path is misformatted or contained invalid characters: [client 172.31.40.65:16166] AH00127: Cannot map GET /13.115.109.237:443/.env HTTP/1.1 to file
[Wed May 08 01:40:58.265892 2024] [core:error] [pid 4964:tid 628] (20024)The given path is misformatted or contained invalid characters: [client 172.31.40.65:16168] AH00127: Cannot map GET /13.115.109.237:443/.env HTTP/1.1 to file
[Wed May 08 01:41:02.833673 2024] [core:error] [pid 4964:tid 628] (20024)The given path is misformatted or contained invalid characters: [client 172.31.40.65:16168] AH00127: Cannot map GET /13.115.109.237:443/.env HTTP/1.1 to file
[Wed May 08 01:41:07.225492 2024] [core:error] [pid 4964:tid 644] (20024)The given path is misformatted or contained invalid characters: [client 172.31.40.65:6076] AH00127: Cannot map GET /13.115.109.237:443/.env HTTP/1.1 to file
[Wed May 08 01:41:12.033273 2024] [core:error] [pid 4964:tid 644] (20024)The given path is misformatted or contained invalid characters: [client 172.31.40.65:6076] AH00127: Cannot map GET /13.115.109.237:443/.env HTTP/1.1 to file
[Wed May 08 01:41:16.343113 2024] [core:error] [pid 4964:tid 628] (20024)The given path is misformatted or contained invalid characters: [client 172.31.40.65:2266] AH00127: Cannot map GET /13.115.109.237:443/.env HTTP/1.1 to file
[Wed May 08 01:41:20.363936 2024] [core:error] [pid 4964:tid 644] (20024)The given path is misformatted or contained invalid characters: [client 172.31.40.65:43068] AH00127: Cannot map GET /13.115.109.237:443/.env HTTP/1.1 to file
[Wed May 08 01:41:24.747730 2024] [core:error] [pid 4964:tid 628] (20024)The given path is misformatted or contained invalid characters: [client 172.31.40.65:2266] AH00127: Cannot map GET /13.115.109.237:443/.env HTTP/1.1 to file
[Wed May 08 01:41:28.798548 2024] [core:error] [pid 4964:tid 628] (20024)The given path is misformatted or contained invalid characters: [client 172.31.40.65:2266] AH00127: Cannot map GET /13.115.109.237:443/.env HTTP/1.1 to file
[Wed May 08 01:41:32.979388 2024] [core:error] [pid 4964:tid 628] (20024)The given path is misformatted or contained invalid characters: [client 172.31.40.65:2266] AH00127: Cannot map GET /13.115.109.237:443/.env HTTP/1.1 to file
[Wed May 08 01:41:37.332205 2024] [core:error] [pid 4964:tid 644] (20024)The given path is misformatted or contained invalid characters: [client 172.31.40.65:24424] AH00127: Cannot map GET /13.115.109.237:443/.env HTTP/1.1 to file
[Wed May 08 01:41:41.611024 2024] [core:error] [pid 4964:tid 644] (20024)The given path is misformatted or contained invalid characters: [client 172.31.40.65:24424] AH00127: Cannot map GET /13.115.109.237:443/.env HTTP/1.1 to file
[Wed May 08 01:41:45.521867 2024] [core:error] [pid 4964:tid 628] (20024)The given path is misformatted or contained invalid characters: [client 172.31.40.65:27480] AH00127: Cannot map GET /13.115.109.237:443/.env HTTP/1.1 to file
[Wed May 08 01:41:48.825721 2024] [core:error] [pid 4964:tid 628] (20024)The given path is misformatted or contained invalid characters: [client 172.31.40.65:27480] AH00127: Cannot map GET /13.115.109.237:443/.env HTTP/1.1 to file
[Wed May 08 01:41:53.063522 2024] [core:error] [pid 4964:tid 644] (20024)The given path is misformatted or contained invalid characters: [client 172.31.40.65:26652] AH00127: Cannot map GET /13.115.109.237:443/.env HTTP/1.1 to file
[Wed May 08 01:41:57.253356 2024] [core:error] [pid 4964:tid 628] (20024)The given path is misformatted or contained invalid characters: [client 172.31.40.65:26662] AH00127: Cannot map GET /13.115.109.237:443/.env HTTP/1.1 to file
[Wed May 08 01:42:01.685146 2024] [core:error] [pid 4964:tid 644] (20024)The given path is misformatted or contained invalid characters: [client 172.31.40.65:26652] AH00127: Cannot map GET /13.115.109.237:443/.env HTTP/1.1 to file
[Wed May 08 01:42:05.798971 2024] [core:error] [pid 4964:tid 644] (20024)The given path is misformatted or contained invalid characters: [client 172.31.40.65:26652] AH00127: Cannot map GET /13.115.109.237:443/.env HTTP/1.1 to file
[Wed May 08 01:42:09.879790 2024] [core:error] [pid 4964:tid 628] (20024)The given path is misformatted or contained invalid characters: [client 172.31.40.65:48958] AH00127: Cannot map GET /13.115.109.237:443/.env HTTP/1.1 to file
[Wed May 08 01:42:14.316605 2024] [core:error] [pid 4964:tid 628] (20024)The given path is misformatted or contained invalid characters: [client 172.31.40.65:48958] AH00127: Cannot map GET /13.115.109.237:443/.env HTTP/1.1 to file
[Wed May 08 01:42:16.479521 2024] [cgi:error] [pid 4964:tid 628] [client 172.31.40.65:48958] AH02811: script not found or unable to stat: C:/Apache24/cgi-bin/.env
[Wed May 08 01:42:18.812408 2024] [core:error] [pid 4964:tid 644] (20024)The given path is misformatted or contained invalid characters: [client 172.31.40.65:48972] AH00127: Cannot map GET /13.115.109.237:443/.env HTTP/1.1 to file
[Wed May 08 01:42:22.689235 2024] [core:error] [pid 4964:tid 628] (20024)The given path is misformatted or contained invalid characters: [client 172.31.40.65:38232] AH00127: Cannot map GET /13.115.109.237:443/.env HTTP/1.1 to file
[Wed May 08 01:42:27.365049 2024] [core:error] [pid 4964:tid 644] (20024)The given path is misformatted or contained invalid characters: [client 172.31.40.65:48972] AH00127: Cannot map GET /13.115.109.237:443/.env HTTP/1.1 to file
[Wed May 08 01:42:32.182856 2024] [core:error] [pid 4964:tid 644] (20024)The given path is misformatted or contained invalid characters: [client 172.31.40.65:48972] AH00127: Cannot map GET /13.115.109.237:443/.env HTTP/1.1 to file
[Wed May 08 01:42:36.409683 2024] [core:error] [pid 4964:tid 644] (20024)The given path is misformatted or contained invalid characters: [client 172.31.40.65:48972] AH00127: Cannot map GET /13.115.109.237:443/.env HTTP/1.1 to file
[Wed May 08 01:42:40.481516 2024] [core:error] [pid 4964:tid 644] (20024)The given path is misformatted or contained invalid characters: [client 172.31.40.65:48972] AH00127: Cannot map GET /13.115.109.237:443/.env HTTP/1.1 to file
[Wed May 08 01:42:44.655296 2024] [core:error] [pid 4964:tid 644] (20024)The given path is misformatted or contained invalid characters: [client 172.31.40.65:48972] AH00127: Cannot map GET /13.115.109.237:443/.env HTTP/1.1 to file
[Wed May 08 01:42:48.469152 2024] [core:error] [pid 4964:tid 644] (20024)The given path is misformatted or contained invalid characters: [client 172.31.40.65:48972] AH00127: Cannot map GET /13.115.109.237:443/.env HTTP/1.1 to file
[Wed May 08 01:42:52.116957 2024] [core:error] [pid 4964:tid 644] (20024)The given path is misformatted or contained invalid characters: [client 172.31.40.65:48972] AH00127: Cannot map GET /13.115.109.237:443/.env HTTP/1.1 to file
[Wed May 08 01:42:56.123817 2024] [core:error] [pid 4964:tid 780] (20024)The given path is misformatted or contained invalid characters: [client 172.31.40.65:24554] AH00127: Cannot map GET /13.115.109.237:443/.env HTTP/1.1 to file
[Wed May 08 01:43:00.831607 2024] [core:error] [pid 4964:tid 644] (20024)The given path is misformatted or contained invalid characters: [client 172.31.40.65:9978] AH00127: Cannot map GET /13.115.109.237:443/.env HTTP/1.1 to file
[Wed May 08 01:43:04.785428 2024] [core:error] [pid 4964:tid 780] (20024)The given path is misformatted or contained invalid characters: [client 172.31.40.65:24554] AH00127: Cannot map GET /13.115.109.237:443/.env HTTP/1.1 to file
[Wed May 08 01:43:09.638215 2024] [core:error] [pid 4964:tid 780] (20024)The given path is misformatted or contained invalid characters: [client 172.31.40.65:24554] AH00127: Cannot map GET /13.115.109.237:443/.env HTTP/1.1 to file
[Wed May 08 01:43:13.617053 2024] [core:error] [pid 4964:tid 644] (20024)The given path is misformatted or contained invalid characters: [client 172.31.40.65:14306] AH00127: Cannot map GET /13.115.109.237:443/.env HTTP/1.1 to file
[Wed May 08 05:47:13.437597 2024] [cgi:error] [pid 4964:tid 644] [client 84.54.51.41:59376] AH02811: script not found or unable to stat: C:/Apache24/cgi-bin/luci
[Wed May 08 08:46:07.233353 2024] [cgi:error] [pid 4964:tid 872] [client 172.31.14.154:40372] AH02812: attempt to invoke directory as script: C:/Apache24/cgi-bin/
[Wed May 08 09:13:44.657823 2024] [cgi:error] [pid 4964:tid 980] [client 172.31.40.65:45552] AH02811: script not found or unable to stat: C:/Apache24/cgi-bin/cmn, referer: https://www.isi-apache.com/
[Wed May 08 09:16:48.771045 2024] [cgi:error] [pid 4964:tid 872] [client 172.31.40.65:15336] AH02811: script not found or unable to stat: C:/Apache24/cgi-bin/cmn, referer: https://www.isi-apache.com/
[Wed May 08 09:16:54.504751 2024] [cgi:error] [pid 4964:tid 872] [client 172.31.40.65:37458] AH02811: script not found or unable to stat: C:/Apache24/cgi-bin/cmn, referer: https://www.isi-apache.com/
[Wed May 08 10:01:06.714110 2024] [cgi:error] [pid 4964:tid 636] [client 172.31.14.154:10346] AH02811: script not found or unable to stat: C:/Apache24/cgi-bin/cmn, referer: https://www.isi-apache.com/
[Wed May 08 11:43:37.402185 2024] [cgi:error] [pid 4964:tid 980] [client 172.31.40.65:12410] AH02811: script not found or unable to stat: C:/Apache24/cgi-bin/cmn, referer: https://www.isi-apache.com/cgi-bin/topics_CS1963/topics.cgi
[Wed May 08 11:43:57.378227 2024] [cgi:error] [pid 4964:tid 744] [client 172.31.40.65:29830] AH02811: script not found or unable to stat: C:/Apache24/cgi-bin/cmn, referer: https://www.isi-apache.com/cgi-bin/topics_CS1963/topics.cgi
[Wed May 08 12:42:25.026377 2024] [cgi:error] [pid 4964:tid 864] [client 172.31.40.65:15586] AH02811: script not found or unable to stat: C:/Apache24/cgi-bin/cmn, referer: https://www.isi-apache.com/cgi-bin/topics_CS1963/topics.cgi
[Wed May 08 12:44:56.185860 2024] [cgi:error] [pid 4964:tid 744] [client 172.31.14.154:15726] AH02811: script not found or unable to stat: C:/Apache24/cgi-bin/cmn, referer: https://www.isi-apache.com/
